{"id":6699,"date":"2021-05-21T10:00:00","date_gmt":"2021-05-21T10:00:00","guid":{"rendered":"https:\/\/www.web-rr.de\/GHS-Buecherei\/?page_id=6699"},"modified":"2021-05-21T23:00:00","modified_gmt":"2021-05-21T23:00:00","slug":"p9783789110924","status":"publish","type":"page","link":"https:\/\/www.web-rr.de\/GHS-Buecherei\/index.php\/p9783789110924\/","title":{"rendered":"Erstlesen 61"},"content":{"rendered":"<table><tbody><tr><td class='rDTitel' colspan='2'>Die Olchis sind da - Lesestarter. 3. Lesestufe<\/td><\/tr><tr><td><span class='rDLabel1'>Status: <\/span><span class='rDText1Gruen'>vorhanden<\/span><\/td><td><span class='rDLabel1'>Antolin: <\/span><span class='rDText1Gruen'>ja, Empfehlung Klasse 3<\/span><\/td><\/tr><tr><td width=50%><img src='https:\/\/www.web-rr.de\/GHS-Buecherei\/wp-content\/uploads\/9783789110924.jpg' alt=''><\/td><td><p class='rDLabel2'>von <span class='rDText2'>Erhard Dietl<\/span><\/p><p class='rDLabel2'>Verlag: <span class='rDText2'>Oetinger,  2019,  8.00 \u20ac<\/span><\/p><p class='rDLabel2'>B\u00fccherei-Barcode: <span class='rDText2'>9783789110924<\/span><\/p><p class='rDLabel2'>In der B\u00fccherei erfasst am: <span class='rDText2'>14.10.2021<\/span><\/p><p class='rDLabel2'>Stichw\u00f6rter: <span class='rDText2'>Spa\u00df, Lustig, M\u00fcll, Abfall,<\/span><\/p><p class='rDLabel2'>Lesealter ca. <span class='rDText2'>7<\/span><span class='rDLabel2'> Jahre<\/span><\/p><p class='rDLabel2'>Das Buch wurde <span class='rDText2'>0<\/span><span class='rDLabel2'> mal gelesen.<\/span><\/p><\/td><\/tr><tr><td colspan='2'><p class='rDLabel1'>Inhalt:<\/p><span class='rDText2'>Muffelfurzcooler Lesespa\u00df mit den Olchis. Die Olchis sind, wie man mit einem Blick erkennen kann, ganz besonders liebreizende Gesch\u00f6pfe. Sie leben in der N\u00e4he von M\u00fcllbergen und Abfallgruben, verstr\u00f6men einen entsprechenden Geruch und sind immer von Fliegenschw\u00e4rmen umgeben. Sie ern\u00e4hren sich von Blechb\u00fcchsen, Autoreifen und Haarschampoo und sind so stinkefaul, dass sie die meiste Zeit in der Sonne verd\u00f6sen. Bis sie vor lauter Nichtstun auf die verr\u00fccktesten Ideen kommen... Die Lesestarter von Oetinger motivieren auch leseschwache Kinder zum Lesen. Wie? Mit bekannten Autoren, starken Charakteren und popul\u00e4ren Themen, die Kinder im Alter von f\u00fcnf bis zehn Jahren begeistern. Und mit vielen Bildern, Spielen und Leser\u00e4tseln. So einfach ist Lesenlernen mit den Olchis: Liebenswerte Figuren, einfache Texte, und beliebte Themen motivieren und machen Spa\u00df.\n\r\n\rJedes Kind kann lesenlernen: Mit den Oetinger Lesestartern. Buchumschl\u00e4ge der LESESTARTER sind bunt und lebendig gestaltet wie Kinderb\u00fccher. Lesestufen statt Klassenstufen: Lesekompetenz ist nicht an schulische Klassenstufen gebunden. Liebenswerte Figuren, einfache Texte, bekannte Autoren und beliebte Themen motivieren zum Lesen.\n\r\n\r<\/span><\/td><\/tr><tr><td colspan='2'><a href='#' onclick='history.back(); return false'>Zur\u00fcck<\/a><\/td><\/tr><\/tbody><\/table>\n","protected":false},"excerpt":{"rendered":"<p>&#8211;<\/p>\n","protected":false},"author":1,"featured_media":0,"parent":0,"menu_order":0,"comment_status":"closed","ping_status":"closed","template":"","meta":[],"_links":{"self":[{"href":"https:\/\/www.web-rr.de\/GHS-Buecherei\/index.php\/wp-json\/wp\/v2\/pages\/6699"}],"collection":[{"href":"https:\/\/www.web-rr.de\/GHS-Buecherei\/index.php\/wp-json\/wp\/v2\/pages"}],"about":[{"href":"https:\/\/www.web-rr.de\/GHS-Buecherei\/index.php\/wp-json\/wp\/v2\/types\/page"}],"author":[{"embeddable":true,"href":"https:\/\/www.web-rr.de\/GHS-Buecherei\/index.php\/wp-json\/wp\/v2\/users\/1"}],"replies":[{"embeddable":true,"href":"https:\/\/www.web-rr.de\/GHS-Buecherei\/index.php\/wp-json\/wp\/v2\/comments?post=6699"}],"version-history":[{"count":0,"href":"https:\/\/www.web-rr.de\/GHS-Buecherei\/index.php\/wp-json\/wp\/v2\/pages\/6699\/revisions"}],"wp:attachment":[{"href":"https:\/\/www.web-rr.de\/GHS-Buecherei\/index.php\/wp-json\/wp\/v2\/media?parent=6699"}],"curies":[{"name":"wp","href":"https:\/\/api.w.org\/{rel}","templated":true}]}}