{"id":6696,"date":"2021-05-21T10:00:00","date_gmt":"2021-05-21T10:00:00","guid":{"rendered":"https:\/\/www.web-rr.de\/GHS-Buecherei\/?page_id=6696"},"modified":"2021-05-21T23:00:00","modified_gmt":"2021-05-21T23:00:00","slug":"p9783772519413","status":"publish","type":"page","link":"https:\/\/www.web-rr.de\/GHS-Buecherei\/index.php\/p9783772519413\/","title":{"rendered":"Kunst 29"},"content":{"rendered":"<table><tbody><tr><td class='rDTitel' colspan='2'>JAWLENSKY - Mit ihren Augen<\/td><\/tr><tr><td><span class='rDLabel1'>Status: <\/span><span class='rDText1Gruen'>vorhanden<\/span><\/td><td><span class='rDLabel1'>Antolin: <\/span><span class='rDText1Gruen'>ja, Empfehlung Klasse 3<\/span><\/td><\/tr><tr><td width=50%><img src='https:\/\/www.web-rr.de\/GHS-Buecherei\/wp-content\/uploads\/9783772519413.jpg' alt=''><\/td><td><p class='rDLabel2'>von <span class='rDText2'>Bette Westera<\/span><\/p><p class='rDLabel2'>Verlag: <span class='rDText2'>Freies Geistesleben,  2019,  18.00 \u20ac<\/span><\/p><p class='rDLabel2'>B\u00fccherei-Barcode: <span class='rDText2'>9783772519413<\/span><\/p><p class='rDLabel2'>In der B\u00fccherei erfasst am: <span class='rDText2'>14.10.2021<\/span><\/p><p class='rDLabel2'>Stichw\u00f6rter: <span class='rDText2'>Malen, Bilder, Maler, Architektur<\/span><\/p><p class='rDLabel2'>Lesealter ca. <span class='rDText2'>7<\/span><span class='rDLabel2'> Jahre<\/span><\/p><p class='rDLabel2'>Das Buch wurde <span class='rDText2'>0<\/span><span class='rDLabel2'> mal gelesen.<\/span><\/p><\/td><\/tr><tr><td colspan='2'><p class='rDLabel1'>Inhalt:<\/p><span class='rDText2'>Welches Erlebnis der Welt inspirierte den russischdeutschen Maler Alexej von Jawlensky zu seinen so farbigen, expressiven, \u00fcberaus vitalen Bildern? Vielleicht sah er die Welt mit den Augen von einem Menschen, der auch hinter den Sternen weilte \n\r\n\r\u00bbLeseprobe\u00ab\n\rIn dem Haus hinter der Kirche wohnt ein neuer Junge mit seinem Vater. \u00bbHast du keine Mutter?\u00ab, fragen die anderen Kinder. \u00bbDoch\u00ab, sagt der Junge. \u00bbMan kann sie nur nicht sehen.\u00ab Die anderen Kinder werfen sich gegenseitig Blicke zu. \u00bbWas man nicht sieht, gibt es nicht\u00ab, sagen sie. Der Junge denkt anders dar\u00fcber. Seine Mutter wohnt hinter den Sternen. Er malt Bilder f\u00fcr sie. Bilder so gro\u00df, dass er sicher wei\u00df, dass seine Mutter sie sieht. Aber wei\u00df sie auch, dass er sie gemalt hat? Erkennt sie ihn denn noch nach all den Jahren? \u00bbBetrachte dich selbst durch die Augen deiner Mutter\u00ab, sagt der Vater des Jungen. \u00bbDas kann f\u00fcr dich nicht schwer sein, du hast ihre Augen.\u00ab<\/span><\/td><\/tr><tr><td colspan='2'><a href='#' onclick='history.back(); return false'>Zur\u00fcck<\/a><\/td><\/tr><\/tbody><\/table>\n","protected":false},"excerpt":{"rendered":"<p>&#8211;<\/p>\n","protected":false},"author":1,"featured_media":0,"parent":0,"menu_order":0,"comment_status":"closed","ping_status":"closed","template":"","meta":[],"_links":{"self":[{"href":"https:\/\/www.web-rr.de\/GHS-Buecherei\/index.php\/wp-json\/wp\/v2\/pages\/6696"}],"collection":[{"href":"https:\/\/www.web-rr.de\/GHS-Buecherei\/index.php\/wp-json\/wp\/v2\/pages"}],"about":[{"href":"https:\/\/www.web-rr.de\/GHS-Buecherei\/index.php\/wp-json\/wp\/v2\/types\/page"}],"author":[{"embeddable":true,"href":"https:\/\/www.web-rr.de\/GHS-Buecherei\/index.php\/wp-json\/wp\/v2\/users\/1"}],"replies":[{"embeddable":true,"href":"https:\/\/www.web-rr.de\/GHS-Buecherei\/index.php\/wp-json\/wp\/v2\/comments?post=6696"}],"version-history":[{"count":0,"href":"https:\/\/www.web-rr.de\/GHS-Buecherei\/index.php\/wp-json\/wp\/v2\/pages\/6696\/revisions"}],"wp:attachment":[{"href":"https:\/\/www.web-rr.de\/GHS-Buecherei\/index.php\/wp-json\/wp\/v2\/media?parent=6696"}],"curies":[{"name":"wp","href":"https:\/\/api.w.org\/{rel}","templated":true}]}}