{"id":6692,"date":"2021-05-21T10:00:00","date_gmt":"2021-05-21T10:00:00","guid":{"rendered":"https:\/\/www.web-rr.de\/GHS-Buecherei\/?page_id=6692"},"modified":"2021-05-21T23:00:00","modified_gmt":"2021-05-21T23:00:00","slug":"p9783730815199","status":"publish","type":"page","link":"https:\/\/www.web-rr.de\/GHS-Buecherei\/index.php\/p9783730815199\/","title":{"rendered":"Kunst 25"},"content":{"rendered":"<table><tbody><tr><td class='rDTitel' colspan='2'>Tiere im Schloss<\/td><\/tr><tr><td><span class='rDLabel1'>Status: <\/span><span class='rDText1Gruen'>vorhanden<\/span><\/td><td><span class='rDLabel1'>Antolin: <\/span><span class='rDText1Rot'>Quiz nicht vorhanden.<\/span><\/td><\/tr><tr><td width=50%><img src='https:\/\/www.web-rr.de\/GHS-Buecherei\/wp-content\/uploads\/9783730815199.jpg' alt=''><\/td><td><p class='rDLabel2'>von <span class='rDText2'>Antje Sander<\/span><\/p><p class='rDLabel2'>Verlag: <span class='rDText2'>Isensee Verlag Oldenburg,  2019,  12.50 \u20ac<\/span><\/p><p class='rDLabel2'>B\u00fccherei-Barcode: <span class='rDText2'>9783730815199<\/span><\/p><p class='rDLabel2'>In der B\u00fccherei erfasst am: <span class='rDText2'>14.10.2021<\/span><\/p><p class='rDLabel2'>Stichw\u00f6rter: <span class='rDText2'>Steinmarder, Husmaus, Ameise, Spinnen, Holzwurm. Asseln, Fledermaus, Igel<\/span><\/p><p class='rDLabel2'>Lesealter ca. <span class='rDText2'>7<\/span><span class='rDLabel2'> Jahre<\/span><\/p><p class='rDLabel2'>Das Buch wurde <span class='rDText2'>0<\/span><span class='rDLabel2'> mal gelesen.<\/span><\/p><\/td><\/tr><tr><td colspan='2'><p class='rDLabel1'>Inhalt:<\/p><span class='rDText2'>Entdecke die Tiere im Schloss! In einem alten Schloss lebten fr\u00fcher F\u00fcrsten, Prinzessinnen, Diener und Zofen. Heute arbeiten wir Museumsleute hier und G\u00e4ste schlendern durch die langen G\u00e4nge. Ganz im Verborgenen, in geheimen Verstecken k\u00f6nnt ihr aber mit etwas Gl\u00fcck unsere \"Schlossgeister\" entdecken, kleine und gro\u00dfe Tiere, die sich nur selten zeigen.\r\nSie leben in den hintersten Ecken, in Ritzen und L\u00f6chern, wuseln in geheimen G\u00e4ngen, bauen ihr Zuhause in Kaminen und Turmerkern. Sieflitzen auf trockenen Dachb\u00f6den herum, kriechen durch feuchte Keller und w\u00e4rmen sich an dicken Mauern. Ein altes Schloss bietet Lebensraum f\u00fcr viele Tiere. Viel Spa\u00df beim Entdecken!<\/span><\/td><\/tr><tr><td colspan='2'><a href='#' onclick='history.back(); return false'>Zur\u00fcck<\/a><\/td><\/tr><\/tbody><\/table>\n","protected":false},"excerpt":{"rendered":"<p>&#8211;<\/p>\n","protected":false},"author":1,"featured_media":0,"parent":0,"menu_order":0,"comment_status":"closed","ping_status":"closed","template":"","meta":[],"_links":{"self":[{"href":"https:\/\/www.web-rr.de\/GHS-Buecherei\/index.php\/wp-json\/wp\/v2\/pages\/6692"}],"collection":[{"href":"https:\/\/www.web-rr.de\/GHS-Buecherei\/index.php\/wp-json\/wp\/v2\/pages"}],"about":[{"href":"https:\/\/www.web-rr.de\/GHS-Buecherei\/index.php\/wp-json\/wp\/v2\/types\/page"}],"author":[{"embeddable":true,"href":"https:\/\/www.web-rr.de\/GHS-Buecherei\/index.php\/wp-json\/wp\/v2\/users\/1"}],"replies":[{"embeddable":true,"href":"https:\/\/www.web-rr.de\/GHS-Buecherei\/index.php\/wp-json\/wp\/v2\/comments?post=6692"}],"version-history":[{"count":0,"href":"https:\/\/www.web-rr.de\/GHS-Buecherei\/index.php\/wp-json\/wp\/v2\/pages\/6692\/revisions"}],"wp:attachment":[{"href":"https:\/\/www.web-rr.de\/GHS-Buecherei\/index.php\/wp-json\/wp\/v2\/media?parent=6692"}],"curies":[{"name":"wp","href":"https:\/\/api.w.org\/{rel}","templated":true}]}}