{"id":6660,"date":"2021-05-21T10:00:00","date_gmt":"2021-05-21T10:00:00","guid":{"rendered":"https:\/\/www.web-rr.de\/GHS-Buecherei\/?page_id=6660"},"modified":"2021-05-21T23:00:00","modified_gmt":"2021-05-21T23:00:00","slug":"p9783314104701","status":"publish","type":"page","link":"https:\/\/www.web-rr.de\/GHS-Buecherei\/index.php\/p9783314104701\/","title":{"rendered":"Bilderbuch A-132"},"content":{"rendered":"<table><tbody><tr><td class='rDTitel' colspan='2'>Ich bin ein Dieb<\/td><\/tr><tr><td><span class='rDLabel1'>Status: <\/span><span class='rDText1Gruen'>vorhanden<\/span><\/td><td><span class='rDLabel1'>Antolin: <\/span><span class='rDText1Gruen'>ja, Empfehlung Klasse 2<\/span><\/td><\/tr><tr><td width=50%><img src='https:\/\/www.web-rr.de\/GHS-Buecherei\/wp-content\/uploads\/9783314104701.jpg' alt=''><\/td><td><p class='rDLabel2'>von <span class='rDText2'>Abigail Rayner<\/span><\/p><p class='rDLabel2'>Verlag: <span class='rDText2'>Nord-S\u00fcd,  2019,  15.00 \u20ac<\/span><\/p><p class='rDLabel2'>B\u00fccherei-Barcode: <span class='rDText2'>9783314104701<\/span><\/p><p class='rDLabel2'>In der B\u00fccherei erfasst am: <span class='rDText2'>13.10.2021<\/span><\/p><p class='rDLabel2'>Stichw\u00f6rter: <span class='rDText2'>Mut, Gef\u00fchle, Klauen,<\/span><\/p><p class='rDLabel2'>Lesealter ca. <span class='rDText2'>6<\/span><span class='rDLabel2'> Jahre<\/span><\/p><p class='rDLabel2'>Das Buch wurde <span class='rDText2'>0<\/span><span class='rDLabel2'> mal gelesen.<\/span><\/p><\/td><\/tr><tr><td colspan='2'><p class='rDLabel1'>Inhalt:<\/p><span class='rDText2'>Elisa l\u00e4sst in der Schule einen funkelnden, gr\u00fcnen Stein mitgehen. Doch sie kann sich nicht richtig \u00fcber ihren Schatz freuen, denn ihr ist bewusst: \u00bbIch bin ein Dieb!\u00ab Sie erf\u00e4hrt, dass alle in ihrer Familie schon mal etwas Kleines geklaut haben. Trotzdem wird Elisas Herz erst wieder leichter, als sie ihren Mut zusammennimmt und tut, was sie tun muss.\n\r\n\rDie kleine Elisa versteht die Welt nicht mehr: Was war nur in sie gefahren, als sie in der Schule den funkelnd gr\u00fcnen Stein mitgehen lie\u00df? Das passt doch \u00fcberhaupt nicht zu ihr, der hilfsbereiten Vorzeigesch\u00fclerin! In ihrer Vorstellung bl\u00e4ht sich ihr Geheimnis immer weiter auf, bis sie an nichts anderes mehr denken kann. Elisa entdeckt, dass es in ihrer Familie von diebischen Charakteren wimmelt, aber besser f\u00fchlt sie sich trotzdem nicht. Am Schluss stellt sich Elisa der ultimativen Mutprobe: Sie wird den Stein zur\u00fcckgeben... Molly Ruttan findet zu Abigail Rayners humorvoller Geschichte Bilder, welche die kindliche Erlebniswelt der Protagonistin gewitzt in Szene setzen und kleinen menschliche Schw\u00e4chen mit einem wunderbaren Augenzwinkern begegnen.<\/span><\/td><\/tr><tr><td colspan='2'><a href='#' onclick='history.back(); return false'>Zur\u00fcck<\/a><\/td><\/tr><\/tbody><\/table>\n","protected":false},"excerpt":{"rendered":"<p>&#8211;<\/p>\n","protected":false},"author":1,"featured_media":0,"parent":0,"menu_order":0,"comment_status":"closed","ping_status":"closed","template":"","meta":[],"_links":{"self":[{"href":"https:\/\/www.web-rr.de\/GHS-Buecherei\/index.php\/wp-json\/wp\/v2\/pages\/6660"}],"collection":[{"href":"https:\/\/www.web-rr.de\/GHS-Buecherei\/index.php\/wp-json\/wp\/v2\/pages"}],"about":[{"href":"https:\/\/www.web-rr.de\/GHS-Buecherei\/index.php\/wp-json\/wp\/v2\/types\/page"}],"author":[{"embeddable":true,"href":"https:\/\/www.web-rr.de\/GHS-Buecherei\/index.php\/wp-json\/wp\/v2\/users\/1"}],"replies":[{"embeddable":true,"href":"https:\/\/www.web-rr.de\/GHS-Buecherei\/index.php\/wp-json\/wp\/v2\/comments?post=6660"}],"version-history":[{"count":0,"href":"https:\/\/www.web-rr.de\/GHS-Buecherei\/index.php\/wp-json\/wp\/v2\/pages\/6660\/revisions"}],"wp:attachment":[{"href":"https:\/\/www.web-rr.de\/GHS-Buecherei\/index.php\/wp-json\/wp\/v2\/media?parent=6660"}],"curies":[{"name":"wp","href":"https:\/\/api.w.org\/{rel}","templated":true}]}}