{"id":6635,"date":"2021-05-21T10:00:00","date_gmt":"2021-05-21T10:00:00","guid":{"rendered":"https:\/\/www.web-rr.de\/GHS-Buecherei\/?page_id=6635"},"modified":"2021-05-21T23:00:00","modified_gmt":"2021-05-21T23:00:00","slug":"p9783947110797","status":"publish","type":"page","link":"https:\/\/www.web-rr.de\/GHS-Buecherei\/index.php\/p9783947110797\/","title":{"rendered":"Soziales 33"},"content":{"rendered":"<table><tbody><tr><td class='rDTitel' colspan='2'>Flynn und die Gedankenmonster<\/td><\/tr><tr><td><span class='rDLabel1'>Status: <\/span><span class='rDText1Gruen'>vorhanden<\/span><\/td><td><span class='rDLabel1'>Antolin: <\/span><span class='rDText1Rot'>Quiz nicht vorhanden.<\/span><\/td><\/tr><tr><td width=50%><img src='https:\/\/www.web-rr.de\/GHS-Buecherei\/wp-content\/uploads\/9783947110797.jpg' alt=''><\/td><td><p class='rDLabel2'>von <span class='rDText2'>Strube Mirjam Jasmin<\/span><\/p><p class='rDLabel2'>Verlag: <span class='rDText2'>Augusta Presse- und Verlags GmbH,  2019,  9.90 \u20ac<\/span><\/p><p class='rDLabel2'>B\u00fccherei-Barcode: <span class='rDText2'>9783947110797<\/span><\/p><p class='rDLabel2'>In der B\u00fccherei erfasst am: <span class='rDText2'>12.10.2021<\/span><\/p><p class='rDLabel2'>Stichw\u00f6rter: <span class='rDText2'>Mut, Monster, Angst, Traum, Gedanken<\/span><\/p><p class='rDLabel2'>Lesealter ca. <span class='rDText2'>7<\/span><span class='rDLabel2'> Jahre<\/span><\/p><p class='rDLabel2'>Das Buch wurde <span class='rDText2'>0<\/span><span class='rDLabel2'> mal gelesen.<\/span><\/p><\/td><\/tr><tr><td colspan='2'><p class='rDLabel1'>Inhalt:<\/p><span class='rDText2'>Im ersten Teil der Flynn-Reihe hat sich unser Teddykind auf den Weg zum Mut gemacht.\r\nEr hat sich mit seinen \u00c4ngsten auseinandergesetzt und wurde am Ende mit einem wundervollen Sternenhimmel belohnt. Im zweiten Teil k\u00f6nnt ihr Flynn erneut auf eine abenteuerliche Reise begleiten, n\u00e4mlich auf die Reise zu den Gedankenmonstern.\r\nJede Nacht, wenn wir die Augen schlie\u00dfen und uns in unser warmes Bett kuscheln, betreten wir unseren eigenen Kinosaal. Der Film, den wir uns ansehen, ist einzigartig, denn wir allein sind der Regisseur. Unser Traumfilm hilft uns, die\r\nGedanken des Tages zu ordnen, zu verarbeiten.\r\nWas aber passiert, wenn uns ein Gedanke nicht losl\u00e4sst? Wenn der Film einfach nicht enden\r\nwill?\r\nDie Gedanken k\u00f6nnen n\u00e4mlich gute, aber auch schlechte Gef\u00fchle in uns ausl\u00f6sen, daher kann es passieren, dass falsche Gedanken uns begleiten wie kleine Monster.\r\nSeid gespannt, wie Flynn die negativen Gedankenmonster aus seinem Kopf verbannt.<\/span><\/td><\/tr><tr><td colspan='2'><a href='#' onclick='history.back(); return false'>Zur\u00fcck<\/a><\/td><\/tr><\/tbody><\/table>\n","protected":false},"excerpt":{"rendered":"<p>&#8211;<\/p>\n","protected":false},"author":1,"featured_media":0,"parent":0,"menu_order":0,"comment_status":"closed","ping_status":"closed","template":"","meta":[],"_links":{"self":[{"href":"https:\/\/www.web-rr.de\/GHS-Buecherei\/index.php\/wp-json\/wp\/v2\/pages\/6635"}],"collection":[{"href":"https:\/\/www.web-rr.de\/GHS-Buecherei\/index.php\/wp-json\/wp\/v2\/pages"}],"about":[{"href":"https:\/\/www.web-rr.de\/GHS-Buecherei\/index.php\/wp-json\/wp\/v2\/types\/page"}],"author":[{"embeddable":true,"href":"https:\/\/www.web-rr.de\/GHS-Buecherei\/index.php\/wp-json\/wp\/v2\/users\/1"}],"replies":[{"embeddable":true,"href":"https:\/\/www.web-rr.de\/GHS-Buecherei\/index.php\/wp-json\/wp\/v2\/comments?post=6635"}],"version-history":[{"count":0,"href":"https:\/\/www.web-rr.de\/GHS-Buecherei\/index.php\/wp-json\/wp\/v2\/pages\/6635\/revisions"}],"wp:attachment":[{"href":"https:\/\/www.web-rr.de\/GHS-Buecherei\/index.php\/wp-json\/wp\/v2\/media?parent=6635"}],"curies":[{"name":"wp","href":"https:\/\/api.w.org\/{rel}","templated":true}]}}