{"id":6632,"date":"2021-05-21T10:00:00","date_gmt":"2021-05-21T10:00:00","guid":{"rendered":"https:\/\/www.web-rr.de\/GHS-Buecherei\/?page_id=6632"},"modified":"2021-05-21T23:00:00","modified_gmt":"2021-05-21T23:00:00","slug":"p9781943521364","status":"publish","type":"page","link":"https:\/\/www.web-rr.de\/GHS-Buecherei\/index.php\/p9781943521364\/","title":{"rendered":"Soziales 30"},"content":{"rendered":"<table><tbody><tr><td class='rDTitel' colspan='2'>Die Tuttle-Zwillinge auf der Suche nach Atlas<\/td><\/tr><tr><td><span class='rDLabel1'>Status: <\/span><span class='rDText1Gruen'>vorhanden<\/span><\/td><td><span class='rDLabel1'>Antolin: <\/span><span class='rDText1Gruen'>ja, Empfehlung Klasse 4<\/span><\/td><\/tr><tr><td width=50%><img src='https:\/\/www.web-rr.de\/GHS-Buecherei\/wp-content\/uploads\/9781943521364.jpg' alt=''><\/td><td><p class='rDLabel2'>von <span class='rDText2'>Connor Boyack<\/span><\/p><p class='rDLabel2'>Verlag: <span class='rDText2'>Kinder der Freiheit,  2019,  9.95 \u20ac<\/span><\/p><p class='rDLabel2'>B\u00fccherei-Barcode: <span class='rDText2'>9781943521364<\/span><\/p><p class='rDLabel2'>In der B\u00fccherei erfasst am: <span class='rDText2'>12.10.2021<\/span><\/p><p class='rDLabel2'>Stichw\u00f6rter: <span class='rDText2'>Konsum, Wirtschaft, Sozialismus<\/span><\/p><p class='rDLabel2'>Lesealter ca. <span class='rDText2'>8<\/span><span class='rDLabel2'> Jahre<\/span><\/p><p class='rDLabel2'>Das Buch wurde <span class='rDText2'>0<\/span><span class='rDLabel2'> mal gelesen.<\/span><\/p><\/td><\/tr><tr><td colspan='2'><p class='rDLabel1'>Inhalt:<\/p><span class='rDText2'>Wenn alle Menschen am liebsten nur noch konsumieren m\u00f6chten - was passiert, wenn dann die Produzenten aufgeben und weggehen? Wie k\u00f6nnen Menschen mehr pers\u00f6nliche Verantwortung \u00fcbernehmen anstatt nur Anspr\u00fcche darauf zu erheben, von anderen versorgt zu werden? Um diese Fragen geht es, wenn Ethan und Emily Tuttle sich auf die Suche nach Atlas machen. In kongenialer Weise hat Connor Boyack hier die Kernaussagen aus Ayn Rands Kultroman Der Streik (Atlas Shrugged'), der den zunehmenden Zerfall einer sozialistischen Gesellschaft beschreibt, in eine lustige und spannende Kindergeschichte \u00fcbertragen. Geschrieben f\u00fcr Kinder im Alter von 5 bis 10 Jahren. Aber auch Jugendliche und Erwachsene k\u00f6nnen es mit Gewinn lesen  haben doch die wenigsten bisher von diesen Zusammenh\u00e4nge geh\u00f6rt.\n\r\n\r<\/span><\/td><\/tr><tr><td colspan='2'><a href='#' onclick='history.back(); return false'>Zur\u00fcck<\/a><\/td><\/tr><\/tbody><\/table>\n","protected":false},"excerpt":{"rendered":"<p>&#8211;<\/p>\n","protected":false},"author":1,"featured_media":0,"parent":0,"menu_order":0,"comment_status":"closed","ping_status":"closed","template":"","meta":[],"_links":{"self":[{"href":"https:\/\/www.web-rr.de\/GHS-Buecherei\/index.php\/wp-json\/wp\/v2\/pages\/6632"}],"collection":[{"href":"https:\/\/www.web-rr.de\/GHS-Buecherei\/index.php\/wp-json\/wp\/v2\/pages"}],"about":[{"href":"https:\/\/www.web-rr.de\/GHS-Buecherei\/index.php\/wp-json\/wp\/v2\/types\/page"}],"author":[{"embeddable":true,"href":"https:\/\/www.web-rr.de\/GHS-Buecherei\/index.php\/wp-json\/wp\/v2\/users\/1"}],"replies":[{"embeddable":true,"href":"https:\/\/www.web-rr.de\/GHS-Buecherei\/index.php\/wp-json\/wp\/v2\/comments?post=6632"}],"version-history":[{"count":0,"href":"https:\/\/www.web-rr.de\/GHS-Buecherei\/index.php\/wp-json\/wp\/v2\/pages\/6632\/revisions"}],"wp:attachment":[{"href":"https:\/\/www.web-rr.de\/GHS-Buecherei\/index.php\/wp-json\/wp\/v2\/media?parent=6632"}],"curies":[{"name":"wp","href":"https:\/\/api.w.org\/{rel}","templated":true}]}}