{"id":6630,"date":"2021-05-21T10:00:00","date_gmt":"2021-05-21T10:00:00","guid":{"rendered":"https:\/\/www.web-rr.de\/GHS-Buecherei\/?page_id=6630"},"modified":"2021-05-21T23:00:00","modified_gmt":"2021-05-21T23:00:00","slug":"p9783702238711","status":"publish","type":"page","link":"https:\/\/www.web-rr.de\/GHS-Buecherei\/index.php\/p9783702238711\/","title":{"rendered":"Soziales 28"},"content":{"rendered":"<table><tbody><tr><td class='rDTitel' colspan='2'>In mir drin ist\u00b4s bunt - Bilderbuch<\/td><\/tr><tr><td><span class='rDLabel1'>Status: <\/span><span class='rDText1Gruen'>vorhanden<\/span><\/td><td><span class='rDLabel1'>Antolin: <\/span><span class='rDText1Rot'>Quiz nicht vorhanden.<\/span><\/td><\/tr><tr><td width=50%><img src='https:\/\/www.web-rr.de\/GHS-Buecherei\/wp-content\/uploads\/9783702238711.jpg' alt=''><\/td><td><p class='rDLabel2'>von <span class='rDText2'>Theresa Bodner<\/span><\/p><p class='rDLabel2'>Verlag: <span class='rDText2'>Tyrolia Verlagsanstalt Gm,  2020,  14.95 \u20ac<\/span><\/p><p class='rDLabel2'>B\u00fccherei-Barcode: <span class='rDText2'>9783702238711<\/span><\/p><p class='rDLabel2'>In der B\u00fccherei erfasst am: <span class='rDText2'>12.10.2021<\/span><\/p><p class='rDLabel2'>Stichw\u00f6rter: <span class='rDText2'>Bilderbuch, Gef\u00fchle, Emotionen<\/span><\/p><p class='rDLabel2'>Lesealter ca. <span class='rDText2'>5<\/span><span class='rDLabel2'> Jahre<\/span><\/p><p class='rDLabel2'>Das Buch wurde <span class='rDText2'>0<\/span><span class='rDLabel2'> mal gelesen.<\/span><\/p><\/td><\/tr><tr><td colspan='2'><p class='rDLabel1'>Inhalt:<\/p><span class='rDText2'>Gef\u00fchlen eine Sprache geben Es brodelt im Bauch, es dr\u00fcckt in der Brust, es brennt in den Augen  oft ist es schwer, bestimmte Gef\u00fchle als solche erkennen und definieren zu k\u00f6nnen. Gerade als Kind. Diese dann auch noch in Worte zu fassen, eine Sprache daf\u00fcr zu finden, erkl\u00e4ren zu k\u00f6nnen, wie es gerade in einem aussieht, umso mehr. Die junge Tiroler K\u00fcnstlerin Theresa Bodner pr\u00e4sentiert hier eine wahre Schatzkiste voller Ausdrucksm\u00f6glichkeiten f\u00fcr Emotionen und Gef\u00fchle. Sie widmet sich dabei speziell den entsprechenden w\u00f6rtlichen Ausdr\u00fccken. Denn die deutsche Sprache ist bekanntlich variantenreich und nuanciert und genau darin liegt die Besonderheit in diesem Bilderbuch. Pro Doppelseite und Gef\u00fchl werden mehrere Adjektive pr\u00e4sentiert, alle fast synonym, aber dann doch in der Feinheit ein bisschen unterschiedlich. Was bedeutet was genau und wann f\u00fchle ich mich wie? Erg\u00e4nzt werden diese W\u00f6rter zus\u00e4tzlich durch kleine Redewendungen und kurze S\u00e4tze.<\/span><\/td><\/tr><tr><td colspan='2'><a href='#' onclick='history.back(); return false'>Zur\u00fcck<\/a><\/td><\/tr><\/tbody><\/table>\n","protected":false},"excerpt":{"rendered":"<p>&#8211;<\/p>\n","protected":false},"author":1,"featured_media":0,"parent":0,"menu_order":0,"comment_status":"closed","ping_status":"closed","template":"","meta":[],"_links":{"self":[{"href":"https:\/\/www.web-rr.de\/GHS-Buecherei\/index.php\/wp-json\/wp\/v2\/pages\/6630"}],"collection":[{"href":"https:\/\/www.web-rr.de\/GHS-Buecherei\/index.php\/wp-json\/wp\/v2\/pages"}],"about":[{"href":"https:\/\/www.web-rr.de\/GHS-Buecherei\/index.php\/wp-json\/wp\/v2\/types\/page"}],"author":[{"embeddable":true,"href":"https:\/\/www.web-rr.de\/GHS-Buecherei\/index.php\/wp-json\/wp\/v2\/users\/1"}],"replies":[{"embeddable":true,"href":"https:\/\/www.web-rr.de\/GHS-Buecherei\/index.php\/wp-json\/wp\/v2\/comments?post=6630"}],"version-history":[{"count":0,"href":"https:\/\/www.web-rr.de\/GHS-Buecherei\/index.php\/wp-json\/wp\/v2\/pages\/6630\/revisions"}],"wp:attachment":[{"href":"https:\/\/www.web-rr.de\/GHS-Buecherei\/index.php\/wp-json\/wp\/v2\/media?parent=6630"}],"curies":[{"name":"wp","href":"https:\/\/api.w.org\/{rel}","templated":true}]}}