{"id":6577,"date":"2021-05-21T10:00:00","date_gmt":"2021-05-21T10:00:00","guid":{"rendered":"https:\/\/www.web-rr.de\/GHS-Buecherei\/?page_id=6577"},"modified":"2021-05-21T23:00:00","modified_gmt":"2021-05-21T23:00:00","slug":"p9783407812322","status":"publish","type":"page","link":"https:\/\/www.web-rr.de\/GHS-Buecherei\/index.php\/p9783407812322\/","title":{"rendered":"Jungen 09"},"content":{"rendered":"<table><tbody><tr><td class='rDTitel' colspan='2'>Hallo, Herr Eisb\u00e4r! - Es gibt nur Zeiten, da kann nur ein Eisb\u00e4r helfen ...<\/td><\/tr><tr><td><span class='rDLabel1'>Status: <\/span><span class='rDText1Gruen'>vorhanden<\/span><\/td><td><span class='rDLabel1'>Antolin: <\/span><span class='rDText1Gruen'>ja, Empfehlung Klasse 4<\/span><\/td><\/tr><tr><td width=50%><img src='https:\/\/www.web-rr.de\/GHS-Buecherei\/wp-content\/uploads\/9783407812322.jpg' alt=''><\/td><td><p class='rDLabel2'>von <span class='rDText2'>Maria Farrer<\/span><\/p><p class='rDLabel2'>Verlag: <span class='rDText2'>Beltz und Gelberg,  2019,  12.95 \u20ac<\/span><\/p><p class='rDLabel2'>B\u00fccherei-Barcode: <span class='rDText2'>9783407812322<\/span><\/p><p class='rDLabel2'>In der B\u00fccherei erfasst am: <span class='rDText2'>04.10.2021<\/span><\/p><p class='rDLabel2'>Stichw\u00f6rter: <span class='rDText2'>Gef\u00fchl, Entwicklung, Pers\u00f6nlichkeit<\/span><\/p><p class='rDLabel2'>Lesealter ca. <span class='rDText2'>8<\/span><span class='rDLabel2'> Jahre<\/span><\/p><p class='rDLabel2'>Das Buch wurde <span class='rDText2'>0<\/span><span class='rDLabel2'> mal gelesen.<\/span><\/p><\/td><\/tr><tr><td colspan='2'><p class='rDLabel1'>Inhalt:<\/p><span class='rDText2'>Es gibt Zeiten, da kann nur ein Eisb\u00e4r helfen ...\n\r\n\rArthur staunt nicht schlecht, als ein riesiger Eisb\u00e4r mit stinkigem Fischatem und einem kleinen K\u00f6fferchen in den Pfoten vor der Haust\u00fcr seiner Familie steht. Herr Eisb\u00e4r taucht genau im richtigen Moment auf, denn Arthur hat so einige Probleme mit seinem j\u00fcngeren Bruder Liam und f\u00fchlt sich v\u00f6llig unverstanden von seinen Eltern. Wer k\u00f6nnte da besser helfen, als ein Eisb\u00e4r? Eine wundervolle Geschichte f\u00fcr die ganze Familie  zum Selbst- und Vorlesen. Mit zahlreichen witzigen Illustrationen von Daniel Rieley.\n\r\n\r&bull; Warmherzige Familiengeschichte &bull; Paddington trifft Mary Poppins! &bull; Zum Vor- und Selberlesen geeignet\n\r\n\r\u00bbVorwort\u00ab\n\rEs gibt Zeiten, da kann nur ein Eisb\u00e4r helfen \n\r\n\r\u00bbZusammenfassung\u00ab\n\r\u00bbMaria Farrer schafft ... mit einem direkten und doch differenzierten Erz\u00e4hlstil, ... allen Figuren gerecht [zu werden].\u00ab Hans ten Doornkaat, NZZ am Sonntag, 30.6.2019 \u00bbEine b\u00e4rige Geschichte \u00fcber ungleiche Geschwister, Liebe, Eifersucht und viel Eisb\u00e4ren-Witz.\u00ab Tierfreund, 1\/2020<\/span><\/td><\/tr><tr><td colspan='2'><a href='#' onclick='history.back(); return false'>Zur\u00fcck<\/a><\/td><\/tr><\/tbody><\/table>\n","protected":false},"excerpt":{"rendered":"<p>&#8211;<\/p>\n","protected":false},"author":1,"featured_media":0,"parent":0,"menu_order":0,"comment_status":"closed","ping_status":"closed","template":"","meta":[],"_links":{"self":[{"href":"https:\/\/www.web-rr.de\/GHS-Buecherei\/index.php\/wp-json\/wp\/v2\/pages\/6577"}],"collection":[{"href":"https:\/\/www.web-rr.de\/GHS-Buecherei\/index.php\/wp-json\/wp\/v2\/pages"}],"about":[{"href":"https:\/\/www.web-rr.de\/GHS-Buecherei\/index.php\/wp-json\/wp\/v2\/types\/page"}],"author":[{"embeddable":true,"href":"https:\/\/www.web-rr.de\/GHS-Buecherei\/index.php\/wp-json\/wp\/v2\/users\/1"}],"replies":[{"embeddable":true,"href":"https:\/\/www.web-rr.de\/GHS-Buecherei\/index.php\/wp-json\/wp\/v2\/comments?post=6577"}],"version-history":[{"count":0,"href":"https:\/\/www.web-rr.de\/GHS-Buecherei\/index.php\/wp-json\/wp\/v2\/pages\/6577\/revisions"}],"wp:attachment":[{"href":"https:\/\/www.web-rr.de\/GHS-Buecherei\/index.php\/wp-json\/wp\/v2\/media?parent=6577"}],"curies":[{"name":"wp","href":"https:\/\/api.w.org\/{rel}","templated":true}]}}