{"id":6078,"date":"2021-02-26T19:42:32","date_gmt":"2021-02-26T18:42:32","guid":{"rendered":"https:\/\/www.web-rr.de\/GHS-Buecherei\/?page_id=6078"},"modified":"2021-02-26T19:44:18","modified_gmt":"2021-02-26T18:44:18","slug":"willkommen","status":"publish","type":"page","link":"https:\/\/www.web-rr.de\/GHS-Buecherei\/","title":{"rendered":"Willkommen!"},"content":{"rendered":"\n<p style=\"font-size:26px\"><strong>Hier kannst du in unserer B\u00fccherei st\u00f6bern!<\/strong><\/p>\n\n\n\n<p class=\"has-small-font-size\">Klicke auf eine \u00dcberschrift in der Men\u00fcleiste oder schreibe einen Suchbegriff in das Suchfeld.<\/p>\n\n\n\n<figure class=\"wp-block-image size-large is-style-default\"><img src=\"https:\/\/www.web-rr.de\/GHS-Buecherei\/wp-content\/uploads\/2021\/02\/Bucherwurm-1024x284.jpg\" alt=\"\" class=\"wp-image-6077\"\/><\/figure>\n","protected":false},"excerpt":{"rendered":"<p>Hier kannst du in unserer B\u00fccherei st\u00f6bern! Klicke auf eine \u00dcberschrift in der Men\u00fcleiste oder schreibe einen Suchbegriff in das Suchfeld.<\/p>\n","protected":false},"author":1,"featured_media":0,"parent":0,"menu_order":0,"comment_status":"closed","ping_status":"closed","template":"","meta":[],"_links":{"self":[{"href":"https:\/\/www.web-rr.de\/GHS-Buecherei\/index.php\/wp-json\/wp\/v2\/pages\/6078"}],"collection":[{"href":"https:\/\/www.web-rr.de\/GHS-Buecherei\/index.php\/wp-json\/wp\/v2\/pages"}],"about":[{"href":"https:\/\/www.web-rr.de\/GHS-Buecherei\/index.php\/wp-json\/wp\/v2\/types\/page"}],"author":[{"embeddable":true,"href":"https:\/\/www.web-rr.de\/GHS-Buecherei\/index.php\/wp-json\/wp\/v2\/users\/1"}],"replies":[{"embeddable":true,"href":"https:\/\/www.web-rr.de\/GHS-Buecherei\/index.php\/wp-json\/wp\/v2\/comments?post=6078"}],"version-history":[{"count":0,"href":"https:\/\/www.web-rr.de\/GHS-Buecherei\/index.php\/wp-json\/wp\/v2\/pages\/6078\/revisions"}],"wp:attachment":[{"href":"https:\/\/www.web-rr.de\/GHS-Buecherei\/index.php\/wp-json\/wp\/v2\/media?parent=6078"}],"curies":[{"name":"wp","href":"https:\/\/api.w.org\/{rel}","templated":true}]}}