{"id":5852,"date":"2021-02-25T17:10:28","date_gmt":"2021-02-25T16:10:28","guid":{"rendered":"https:\/\/www.web-rr.de\/GHS-Buecherei\/?page_id=5852"},"modified":"2021-04-28T21:20:50","modified_gmt":"2021-04-28T19:20:50","slug":"vorlesen","status":"publish","type":"page","link":"https:\/\/www.web-rr.de\/GHS-Buecherei\/index.php\/vorlesen\/","title":{"rendered":"Vorlesen"},"content":{"rendered":"<table class=\"wp-block-table alignfull is-style-regular\">\n<tbody>\n<tr>\n<td><td width=30%><a href='https:\/\/www.web-rr.de\/GHS-Buecherei\/index.php\/p2000001020494\/'><img src='https:\/\/www.web-rr.de\/GHS-Buecherei\/wp-content\/uploads\/2000001020494.jpg' alt='' ><\/a><\/td><td><p class='rHTitel'>Eines Tages: Geschichten von \u00dcberallher<\/p><p class='rHLabel2'>von  <span class='rHText2'>Hans-Joachim Gelberg<\/span><\/p><p><a href='https:\/\/www.web-rr.de\/GHS-Buecherei\/index.php\/p2000001020494\/'>Vorlesen 1<\/a><\/p><p class='rHLabel2'>Stichw\u00f6rter: <span class='rHText2'>Weltpoesie, Reise<\/span><\/p><p><span class='rHLabel1'>Status: <\/span><span class='rHText1Gruen'>vorhanden<\/span><\/p><p><span class='rHLabel1'>Antolin: <\/span><span class='rHText1Rot'>Quiz nicht vorhanden.<\/span><\/p><\/td><\/td>\n<\/tr>\n<tr>\n<td><td width=30%><a href='https:\/\/www.web-rr.de\/GHS-Buecherei\/index.php\/p9783407796509\/'><img src='https:\/\/www.web-rr.de\/GHS-Buecherei\/wp-content\/uploads\/9783407796509.jpg' alt='' ><\/a><\/td><td><p class='rHTitel'>Wenn der Hase baden geht : gesammelte Geschichten & Bilder von \u00fcberall her, mit echten Flaschenpostgr\u00fcssen.<\/p><p class='rHLabel2'>von  <span class='rHText2'>Janosch<\/span><\/p><p><a href='https:\/\/www.web-rr.de\/GHS-Buecherei\/index.php\/p9783407796509\/'>Vorlesen 2<\/a><\/p><p class='rHLabel2'>Stichw\u00f6rter: <span class='rHText2'>Freunde<\/span><\/p><p><span class='rHLabel1'>Status: <\/span><span class='rHText1Gruen'>vorhanden<\/span><\/p><p><span class='rHLabel1'>Antolin: <\/span><span class='rHText1Rot'>Quiz nicht vorhanden.<\/span><\/p><\/td><\/td>\n<\/tr>\n<tr>\n<td><td width=30%><a href='https:\/\/www.web-rr.de\/GHS-Buecherei\/index.php\/p9783522185134\/'><img src='https:\/\/www.web-rr.de\/GHS-Buecherei\/wp-content\/uploads\/9783522185134.jpg' alt='' ><\/a><\/td><td><p class='rHTitel'>Wenn Riesen reisen - Neue fantastische Geschichten<\/p><p class='rHLabel2'>von  <span class='rHText2'>Ralph Caspers<\/span><\/p><p><a href='https:\/\/www.web-rr.de\/GHS-Buecherei\/index.php\/p9783522185134\/'>Vorlesen 03<\/a><\/p><p class='rHLabel2'>Stichw\u00f6rter: <span class='rHText2'>Riesenspuren, Sommerschnee, Wolkenschaum, Fantasie<\/span><\/p><p><span class='rHLabel1'>Status: <\/span><span class='rHText1Gruen'>vorhanden<\/span><\/p><p><span class='rHLabel1'>Antolin: <\/span><span class='rHText1Gruen'>ja, Empfehlung Klasse 4<\/span><\/p><\/td><\/td>\n<\/tr>\n<tr>\n<td><td width=30%><a href='https:\/\/www.web-rr.de\/GHS-Buecherei\/index.php\/p9783473344420\/'><img src='https:\/\/www.web-rr.de\/GHS-Buecherei\/wp-content\/uploads\/9783473344420.jpg' alt='' ><\/a><\/td><td><p class='rHTitel'>Das Literatur-Lesebuch<\/p><p class='rHLabel2'>von  <span class='rHText2'>Manfred Mai<\/span><\/p><p><a href='https:\/\/www.web-rr.de\/GHS-Buecherei\/index.php\/p9783473344420\/'>Vorlesen 4<\/a><\/p><p class='rHLabel2'>Stichw\u00f6rter: <span class='rHText2'>Walther von der Voge, Berthold Brecht, Deutsch, Literatur, Klassiker, Sturm und Drang<\/span><\/p><p><span class='rHLabel1'>Status: <\/span><span class='rHText1Gruen'>vorhanden<\/span><\/p><p><span class='rHLabel1'>Antolin: <\/span><span class='rHText1Gruen'>ja, Empfehlung Klasse 3<\/span><\/p><\/td><\/td>\n<\/tr>\n<tr>\n<td><td width=30%><a href='https:\/\/www.web-rr.de\/GHS-Buecherei\/index.php\/p9783473373055\/'><img src='https:\/\/www.web-rr.de\/GHS-Buecherei\/wp-content\/uploads\/9783473373055.jpg' alt='' ><\/a><\/td><td><p class='rHTitel'>Sandm\u00e4nnchens Geschichtenbuch.<\/p><p class='rHLabel2'>von  <span class='rHText2'>Gina Ruck-Pauqu\u00e8t<\/span><\/p><p><a href='https:\/\/www.web-rr.de\/GHS-Buecherei\/index.php\/p9783473373055\/'>Vorlesen 5<\/a><\/p><p class='rHLabel2'>Stichw\u00f6rter: <span class='rHText2'>Gutenacht, Gute-Nacht<\/span><\/p><p><span class='rHLabel1'>Status: <\/span><span class='rHText1Gruen'>vorhanden<\/span><\/p><p><span class='rHLabel1'>Antolin: <\/span><span class='rHText1Gruen'>ja, Empfehlung Klasse 3<\/span><\/p><\/td><\/td>\n<\/tr>\n<tr>\n<td><td width=30%><a href='https:\/\/www.web-rr.de\/GHS-Buecherei\/index.php\/p9783407798589\/'><img src='https:\/\/www.web-rr.de\/GHS-Buecherei\/wp-content\/uploads\/9783407798589.jpg' alt='' ><\/a><\/td><td><p class='rHTitel'>M\u00e4use wie wir. Laute und leise Geschichten von Luzi und Kabutzke<\/p><p class='rHLabel2'>von  <span class='rHText2'>Fredrik Vahle<\/span><\/p><p><a href='https:\/\/www.web-rr.de\/GHS-Buecherei\/index.php\/p9783407798589\/'>Vorlesen 8<\/a><\/p><p class='rHLabel2'>Stichw\u00f6rter: <span class='rHText2'>Lachen, Entdecken, Staunen<\/span><\/p><p><span class='rHLabel1'>Status: <\/span><span class='rHText1Gruen'>vorhanden<\/span><\/p><p><span class='rHLabel1'>Antolin: <\/span><span class='rHText1Rot'>Quiz nicht vorhanden.<\/span><\/p><\/td><\/td>\n<\/tr>\n<tr>\n<td><td width=30%><a href='https:\/\/www.web-rr.de\/GHS-Buecherei\/index.php\/p2000001020500\/'><img src='https:\/\/www.web-rr.de\/GHS-Buecherei\/wp-content\/uploads\/2000001020500.jpg' alt='' ><\/a><\/td><td><p class='rHTitel'>Das gro\u00dfe Fabulierbuch<\/p><p class='rHLabel2'>von  <span class='rHText2'>Erwin Moser<\/span><\/p><p><a href='https:\/\/www.web-rr.de\/GHS-Buecherei\/index.php\/p2000001020500\/'>Vorlesen 9<\/a><\/p><p class='rHLabel2'>Stichw\u00f6rter: <span class='rHText2'>Fantasie<\/span><\/p><p><span class='rHLabel1'>Status: <\/span><span class='rHText1Gruen'>vorhanden<\/span><\/p><p><span class='rHLabel1'>Antolin: <\/span><span class='rHText1Gruen'>ja, Empfehlung Klasse 2<\/span><\/p><\/td><\/td>\n<\/tr>\n<tr>\n<td><td width=30%><a href='https:\/\/www.web-rr.de\/GHS-Buecherei\/index.php\/p9783896044686\/'><img src='https:\/\/www.web-rr.de\/GHS-Buecherei\/wp-content\/uploads\/9783896044686.jpg' alt='' ><\/a><\/td><td><p class='rHTitel'>Die sch\u00f6nsten Gute- Nacht- Geschichten<\/p><p class='rHLabel2'>von  <span class='rHText2'>Sabine Skudlik<\/span><\/p><p><a href='https:\/\/www.web-rr.de\/GHS-Buecherei\/index.php\/p9783896044686\/'>Vorlesen 10<\/a><\/p><p class='rHLabel2'>Stichw\u00f6rter: <span class='rHText2'>Gutenacht, Gute-Nacht<\/span><\/p><p><span class='rHLabel1'>Status: <\/span><span class='rHText1Gruen'>vorhanden<\/span><\/p><p><span class='rHLabel1'>Antolin: <\/span><span class='rHText1Rot'>Quiz nicht vorhanden.<\/span><\/p><\/td><\/td>\n<\/tr>\n<tr>\n<td><td width=30%><a href='https:\/\/www.web-rr.de\/GHS-Buecherei\/index.php\/p9783473351718\/'><img src='https:\/\/www.web-rr.de\/GHS-Buecherei\/wp-content\/uploads\/9783473351718.jpg' alt='' ><\/a><\/td><td><p class='rHTitel'>Vorlese- und Familienb\u00fccher: Das Ravensburger Buch der Gutenacht-Geschichten<\/p><p class='rHLabel2'>von  <span class='rHText2'>Sabine Schuler<\/span><\/p><p><a href='https:\/\/www.web-rr.de\/GHS-Buecherei\/index.php\/p9783473351718\/'>Vorlesen 11<\/a><\/p><p class='rHLabel2'>Stichw\u00f6rter: <span class='rHText2'>Gute-Nacht, Gutenacht<\/span><\/p><p><span class='rHLabel1'>Status: <\/span><span class='rHText1Gruen'>vorhanden<\/span><\/p><p><span class='rHLabel1'>Antolin: <\/span><span class='rHText1Rot'>Quiz nicht vorhanden.<\/span><\/p><\/td><\/td>\n<\/tr>\n<tr>\n<td><td width=30%><a href='https:\/\/www.web-rr.de\/GHS-Buecherei\/index.php\/p9783614485142\/'><img src='https:\/\/www.web-rr.de\/GHS-Buecherei\/wp-content\/uploads\/9783614485142.jpg' alt='' ><\/a><\/td><td><p class='rHTitel'>Sag den Sternen gute Nacht. Gute- Nacht- Geschichten<\/p><p class='rHLabel2'>von  <span class='rHText2'>Lawrie Taylor<\/span><\/p><p><a href='https:\/\/www.web-rr.de\/GHS-Buecherei\/index.php\/p9783614485142\/'>Vorlesen 12<\/a><\/p><p class='rHLabel2'>Stichw\u00f6rter: <span class='rHText2'>Gute-Nacht, Gutenacht<\/span><\/p><p><span class='rHLabel1'>Status: <\/span><span class='rHText1Gruen'>vorhanden<\/span><\/p><p><span class='rHLabel1'>Antolin: <\/span><span class='rHText1Rot'>Quiz nicht vorhanden.<\/span><\/p><\/td><\/td>\n<\/tr>\n<tr>\n<td><td width=30%><a href='https:\/\/www.web-rr.de\/GHS-Buecherei\/index.php\/p9783765566431\/'><img src='https:\/\/www.web-rr.de\/GHS-Buecherei\/wp-content\/uploads\/9783765566431.jpg' alt='' ><\/a><\/td><td><p class='rHTitel'>Wenn kleine B\u00e4ren m\u00fcde werden<\/p><p class='rHLabel2'>von  <span class='rHText2'>Christina Stern<\/span><\/p><p><a href='https:\/\/www.web-rr.de\/GHS-Buecherei\/index.php\/p9783765566431\/'>Vorlesen 13<\/a><\/p><p class='rHLabel2'>Stichw\u00f6rter: <span class='rHText2'>Tiere, Gutenacht<\/span><\/p><p><span class='rHLabel1'>Status: <\/span><span class='rHText1Gruen'>vorhanden<\/span><\/p><p><span class='rHLabel1'>Antolin: <\/span><span class='rHText1Rot'>Quiz nicht vorhanden.<\/span><\/p><\/td><\/td>\n<\/tr>\n<tr>\n<td><td width=30%><a href='https:\/\/www.web-rr.de\/GHS-Buecherei\/index.php\/p2000001020876\/'><img src='https:\/\/www.web-rr.de\/GHS-Buecherei\/wp-content\/uploads\/2000001020876.jpg' alt='' ><\/a><\/td><td><p class='rHTitel'>Janoschs sch\u00f6nste Geschichten<\/p><p class='rHLabel2'>von  <span class='rHText2'>Janosch<\/span><\/p><p><a href='https:\/\/www.web-rr.de\/GHS-Buecherei\/index.php\/p2000001020876\/'>Vorlesen 15<\/a><\/p><p class='rHLabel2'>Stichw\u00f6rter: <span class='rHText2'>Janosch, Indianer<\/span><\/p><p><span class='rHLabel1'>Status: <\/span><span class='rHText1Gruen'>vorhanden<\/span><\/p><p><span class='rHLabel1'>Antolin: <\/span><span class='rHText1Rot'>Quiz nicht vorhanden.<\/span><\/p><\/td><\/td>\n<\/tr>\n<tr>\n<td><td width=30%><a href='https:\/\/www.web-rr.de\/GHS-Buecherei\/index.php\/p2000001020913\/'><img src='https:\/\/www.web-rr.de\/GHS-Buecherei\/wp-content\/uploads\/2000001020913.jpg' alt='' ><\/a><\/td><td><p class='rHTitel'>Janoschs sch\u00f6nste Geschichten<\/p><p class='rHLabel2'>von  <span class='rHText2'>Janosch<\/span><\/p><p><a href='https:\/\/www.web-rr.de\/GHS-Buecherei\/index.php\/p2000001020913\/'>Vorlesen 16<\/a><\/p><p class='rHLabel2'>Stichw\u00f6rter: <span class='rHText2'>Janosch<\/span><\/p><p><span class='rHLabel1'>Status: <\/span><span class='rHText1Gruen'>vorhanden<\/span><\/p><p><span class='rHLabel1'>Antolin: <\/span><span class='rHText1Rot'>Quiz nicht vorhanden.<\/span><\/p><\/td><\/td>\n<\/tr>\n<tr>\n<td><td width=30%><a href='https:\/\/www.web-rr.de\/GHS-Buecherei\/index.php\/p9783407786227\/'><img src='https:\/\/www.web-rr.de\/GHS-Buecherei\/wp-content\/uploads\/9783407786227.jpg' alt='' ><\/a><\/td><td><p class='rHTitel'>Der Mond hinter den Scheunen<\/p><p class='rHLabel2'>von  <span class='rHText2'>Erwin Moser<\/span><\/p><p><a href='https:\/\/www.web-rr.de\/GHS-Buecherei\/index.php\/p9783407786227\/'>Vorlesen 17<\/a><\/p><p class='rHLabel2'>Stichw\u00f6rter: <span class='rHText2'>Tiere<\/span><\/p><p><span class='rHLabel1'>Status: <\/span><span class='rHText1Gruen'>vorhanden<\/span><\/p><p><span class='rHLabel1'>Antolin: <\/span><span class='rHText1Gruen'>ja, Empfehlung Klasse 4<\/span><\/p><\/td><\/td>\n<\/tr>\n<tr>\n<td><td width=30%><a href='https:\/\/www.web-rr.de\/GHS-Buecherei\/index.php\/p9783407792877\/'><img src='https:\/\/www.web-rr.de\/GHS-Buecherei\/wp-content\/uploads\/9783407792877.jpg' alt='' ><\/a><\/td><td><p class='rHTitel'>Ein seltsamer Gast<\/p><p class='rHLabel2'>von  <span class='rHText2'>Erwin Moser<\/span><\/p><p><a href='https:\/\/www.web-rr.de\/GHS-Buecherei\/index.php\/p9783407792877\/'>Vorlesen 18<\/a><\/p><p class='rHLabel2'>Stichw\u00f6rter: <span class='rHText2'>Leoparden, Urwald, Walross<\/span><\/p><p><span class='rHLabel1'>Status: <\/span><span class='rHText1Gruen'>vorhanden<\/span><\/p><p><span class='rHLabel1'>Antolin: <\/span><span class='rHText1Gruen'>ja, Empfehlung Klasse 3<\/span><\/p><\/td><\/td>\n<\/tr>\n<tr>\n<td><td width=30%><a href='https:\/\/www.web-rr.de\/GHS-Buecherei\/index.php\/p9783407791986\/'><img src='https:\/\/www.web-rr.de\/GHS-Buecherei\/wp-content\/uploads\/9783407791986.jpg' alt='' ><\/a><\/td><td><p class='rHTitel'>Die geheimnisvolle Eule<\/p><p class='rHLabel2'>von  <span class='rHText2'>Erwin Moser<\/span><\/p><p><a href='https:\/\/www.web-rr.de\/GHS-Buecherei\/index.php\/p9783407791986\/'>Vorlesen 19<\/a><\/p><p class='rHLabel2'>Stichw\u00f6rter: <span class='rHText2'>Tiere, Eule<\/span><\/p><p><span class='rHLabel1'>Status: <\/span><span class='rHText1Gruen'>vorhanden<\/span><\/p><p><span class='rHLabel1'>Antolin: <\/span><span class='rHText1Gruen'>ja, Empfehlung Klasse 3<\/span><\/p><\/td><\/td>\n<\/tr>\n<tr>\n<td><td width=30%><a href='https:\/\/www.web-rr.de\/GHS-Buecherei\/index.php\/p2000001021378\/'><img src='https:\/\/www.web-rr.de\/GHS-Buecherei\/wp-content\/uploads\/2000001021378.jpg' alt='' ><\/a><\/td><td><p class='rHTitel'>Die R\u00e4uber<\/p><p class='rHLabel2'>von  <span class='rHText2'>Barbara Kindermann<\/span><\/p><p><a href='https:\/\/www.web-rr.de\/GHS-Buecherei\/index.php\/p2000001021378\/'>Vorlesen 24<\/a><\/p><p class='rHLabel2'>Stichw\u00f6rter: <span class='rHText2'>R\u00e4uber, Schiller, Klassiker, Deutsch, Literatur, Generationen, Eltern<\/span><\/p><p><span class='rHLabel1'>Status: <\/span><span class='rHText1Gruen'>vorhanden<\/span><\/p><p><span class='rHLabel1'>Antolin: <\/span><span class='rHText1Gruen'>ja, Empfehlung Klasse 6<\/span><\/p><\/td><\/td>\n<\/tr>\n<tr>\n<td><td width=30%><a href='https:\/\/www.web-rr.de\/GHS-Buecherei\/index.php\/p9783931081706\/'><img src='https:\/\/www.web-rr.de\/GHS-Buecherei\/wp-content\/uploads\/9783931081706.jpg' alt='' ><\/a><\/td><td><p class='rHTitel'>Das neue gro\u00dfe Janosch-Lesebuch<\/p><p class='rHLabel2'>von  <span class='rHText2'>Janosch<\/span><\/p><p><a href='https:\/\/www.web-rr.de\/GHS-Buecherei\/index.php\/p9783931081706\/'>Vorlesen 25<\/a><\/p><p class='rHLabel2'>Stichw\u00f6rter: <span class='rHText2'>Janosch, Tiger, Ente, B\u00e4r, Schule<\/span><\/p><p><span class='rHLabel1'>Status: <\/span><span class='rHText1Gruen'>vorhanden<\/span><\/p><p><span class='rHLabel1'>Antolin: <\/span><span class='rHText1Rot'>Quiz nicht vorhanden.<\/span><\/p><\/td><\/td>\n<\/tr>\n<tr>\n<td><td width=30%><a href='https:\/\/www.web-rr.de\/GHS-Buecherei\/index.php\/p9783866839137\/'><img src='https:\/\/www.web-rr.de\/GHS-Buecherei\/wp-content\/uploads\/9783866839137.jpg' alt='' ><\/a><\/td><td><p class='rHTitel'>Pflanzen - ABC<\/p><p class='rHLabel2'>von  <span class='rHText2'>Heike F. M. Neumann<\/span><\/p><p><a href='https:\/\/www.web-rr.de\/GHS-Buecherei\/index.php\/p9783866839137\/'>Vorlesen 26<\/a><\/p><p class='rHLabel2'>Stichw\u00f6rter: <span class='rHText2'>Pflanzen<\/span><\/p><p><span class='rHLabel1'>Status: <\/span><span class='rHText1Gruen'>vorhanden<\/span><\/p><p><span class='rHLabel1'>Antolin: <\/span><span class='rHText1Rot'>Quiz nicht vorhanden.<\/span><\/p><\/td><\/td>\n<\/tr>\n<tr>\n<td><td width=30%><a href='https:\/\/www.web-rr.de\/GHS-Buecherei\/index.php\/p9783941651456\/'><img src='https:\/\/www.web-rr.de\/GHS-Buecherei\/wp-content\/uploads\/9783941651456.jpg' alt='' ><\/a><\/td><td><p class='rHTitel'>Wo ist das Ende der Welt?<\/p><p class='rHLabel2'>von  <span class='rHText2'>Tobias Aufmkolk<\/span><\/p><p><a href='https:\/\/www.web-rr.de\/GHS-Buecherei\/index.php\/p9783941651456\/'>Vorlesen 27<\/a><\/p><p class='rHLabel2'>Stichw\u00f6rter: <span class='rHText2'>Welt<\/span><\/p><p><span class='rHLabel1'>Status: <\/span><span class='rHText1Gruen'>vorhanden<\/span><\/p><p><span class='rHLabel1'>Antolin: <\/span><span class='rHText1Gruen'>ja, Empfehlung Klasse 3<\/span><\/p><\/td><\/td>\n<\/tr>\n<tr>\n<td><td width=30%><a href='https:\/\/www.web-rr.de\/GHS-Buecherei\/index.php\/p9783780628442\/'><img src='https:\/\/www.web-rr.de\/GHS-Buecherei\/wp-content\/uploads\/9783780628442.jpg' alt='' ><\/a><\/td><td><p class='rHTitel'>Lila, die kleine Bl\u00fctenfee: 14 Geschichten zum Vorlesen<\/p><p class='rHLabel2'>von  <span class='rHText2'>Katia Simon<\/span><\/p><p><a href='https:\/\/www.web-rr.de\/GHS-Buecherei\/index.php\/p9783780628442\/'>Vorlesen 28<\/a><\/p><p class='rHLabel2'>Stichw\u00f6rter: <span class='rHText2'>Elfe, Fee<\/span><\/p><p><span class='rHLabel1'>Status: <\/span><span class='rHText1Gruen'>vorhanden<\/span><\/p><p><span class='rHLabel1'>Antolin: <\/span><span class='rHText1Rot'>Quiz nicht vorhanden.<\/span><\/p><\/td><\/td>\n<\/tr>\n<tr>\n<td><td width=30%><a href='https:\/\/www.web-rr.de\/GHS-Buecherei\/index.php\/p9783780628459\/'><img src='https:\/\/www.web-rr.de\/GHS-Buecherei\/wp-content\/uploads\/9783780628459.jpg' alt='' ><\/a><\/td><td><p class='rHTitel'>Meine ersten Schulgeschichten<\/p><p class='rHLabel2'>von  <span class='rHText2'>Stefanie Harder<\/span><\/p><p><a href='https:\/\/www.web-rr.de\/GHS-Buecherei\/index.php\/p9783780628459\/'>Vorlesen 29<\/a><\/p><p class='rHLabel2'>Stichw\u00f6rter: <span class='rHText2'>Schule<\/span><\/p><p><span class='rHLabel1'>Status: <\/span><span class='rHText1Gruen'>vorhanden<\/span><\/p><p><span class='rHLabel1'>Antolin: <\/span><span class='rHText1Rot'>Quiz nicht vorhanden.<\/span><\/p><\/td><\/td>\n<\/tr>\n<tr>\n<td><td width=30%><a href='https:\/\/www.web-rr.de\/GHS-Buecherei\/index.php\/p9783939435792\/'><img src='https:\/\/www.web-rr.de\/GHS-Buecherei\/wp-content\/uploads\/9783939435792.jpg' alt='' ><\/a><\/td><td><p class='rHTitel'>Geckos gro\u00dfe Geschichtenwelt. Von Himmelsleitern, Stink-Wettbewerben und Zauberhaaren<\/p><p class='rHLabel2'>von  <span class='rHText2'>mixtvision<\/span><\/p><p><a href='https:\/\/www.web-rr.de\/GHS-Buecherei\/index.php\/p9783939435792\/'>Vorlesen 30<\/a><\/p><p class='rHLabel2'>Stichw\u00f6rter: <span class='rHText2'>R\u00e4uber, Spatzen<\/span><\/p><p><span class='rHLabel1'>Status: <\/span><span class='rHText1Gruen'>vorhanden<\/span><\/p><p><span class='rHLabel1'>Antolin: <\/span><span class='rHText1Rot'>Quiz nicht vorhanden.<\/span><\/p><\/td><\/td>\n<\/tr>\n<tr>\n<td><td width=30%><a href='https:\/\/www.web-rr.de\/GHS-Buecherei\/index.php\/p9783855815357\/'><img src='https:\/\/www.web-rr.de\/GHS-Buecherei\/wp-content\/uploads\/9783855815357.jpg' alt='' ><\/a><\/td><td><p class='rHTitel'>Mausem\u00fcde: Das Gute-Nacht-Ideen-Buch f\u00fcr m\u00fcde M\u00e4usekinder und kluge Euleneltern<\/p><p class='rHLabel2'>von  <span class='rHText2'>Bernadette Fennand<\/span><\/p><p><a href='https:\/\/www.web-rr.de\/GHS-Buecherei\/index.php\/p9783855815357\/'>Vorlesen 31<\/a><\/p><p class='rHLabel2'>Stichw\u00f6rter: <span class='rHText2'>Gute-Nacht, Gutenacht<\/span><\/p><p><span class='rHLabel1'>Status: <\/span><span class='rHText1Gruen'>vorhanden<\/span><\/p><p><span class='rHLabel1'>Antolin: <\/span><span class='rHText1Rot'>Quiz nicht vorhanden.<\/span><\/p><\/td><\/td>\n<\/tr>\n<tr>\n<td><td width=30%><a href='https:\/\/www.web-rr.de\/GHS-Buecherei\/index.php\/p9783551041500\/'><img src='https:\/\/www.web-rr.de\/GHS-Buecherei\/wp-content\/uploads\/9783551041500.jpg' alt='' ><\/a><\/td><td><p class='rHTitel'>Durch die Jahreszeiten mit Pixi<\/p><p class='rHLabel2'>von  <span class='rHText2'>Diverse<\/span><\/p><p><a href='https:\/\/www.web-rr.de\/GHS-Buecherei\/index.php\/p9783551041500\/'>Vorlesen 32<\/a><\/p><p class='rHLabel2'>Stichw\u00f6rter: <span class='rHText2'>Jahreszeit, Osterh\u00fchnern<\/span><\/p><p><span class='rHLabel1'>Status: <\/span><span class='rHText1Gruen'>vorhanden<\/span><\/p><p><span class='rHLabel1'>Antolin: <\/span><span class='rHText1Gruen'>ja, Empfehlung Klasse 1<\/span><\/p><\/td><\/td>\n<\/tr>\n<tr>\n<td><td width=30%><a href='https:\/\/www.web-rr.de\/GHS-Buecherei\/index.php\/p9783522184076\/'><img src='https:\/\/www.web-rr.de\/GHS-Buecherei\/wp-content\/uploads\/9783522184076.jpg' alt='' ><\/a><\/td><td><p class='rHTitel'>Das Vorlesebuch f\u00fcr kleine starke Helden<\/p><p class='rHLabel2'>von  <span class='rHText2'>Otfried Preu\u00dfler<\/span><\/p><p><a href='https:\/\/www.web-rr.de\/GHS-Buecherei\/index.php\/p9783522184076\/'>Vorlesen 33<\/a><\/p><p class='rHLabel2'>Stichw\u00f6rter: <span class='rHText2'>Zauberer, Helden<\/span><\/p><p><span class='rHLabel1'>Status: <\/span><span class='rHText1Gruen'>vorhanden<\/span><\/p><p><span class='rHLabel1'>Antolin: <\/span><span class='rHText1Rot'>Quiz nicht vorhanden.<\/span><\/p><\/td><\/td>\n<\/tr>\n<tr>\n<td><td width=30%><a href='https:\/\/www.web-rr.de\/GHS-Buecherei\/index.php\/p9783937501321\/'><img src='https:\/\/www.web-rr.de\/GHS-Buecherei\/wp-content\/uploads\/9783937501321.jpg' alt='' ><\/a><\/td><td><p class='rHTitel'>Der kleine B\u00e4r: Die sch\u00f6nsten Vorlesegeschichten Band 2<\/p><p class='rHLabel2'>von  <span class='rHText2'>Jutta Langreuter<\/span><\/p><p><a href='https:\/\/www.web-rr.de\/GHS-Buecherei\/index.php\/p9783937501321\/'>Vorlesen 34<\/a><\/p><p class='rHLabel2'>Stichw\u00f6rter: <span class='rHText2'>Tiere<\/span><\/p><p><span class='rHLabel1'>Status: <\/span><span class='rHText1Gruen'>vorhanden<\/span><\/p><p><span class='rHLabel1'>Antolin: <\/span><span class='rHText1Rot'>Quiz nicht vorhanden.<\/span><\/p><\/td><\/td>\n<\/tr>\n<tr>\n<td><td width=30%><a href='https:\/\/www.web-rr.de\/GHS-Buecherei\/index.php\/p9783401079721\/'><img src='https:\/\/www.web-rr.de\/GHS-Buecherei\/wp-content\/uploads\/9783401079721.jpg' alt='' ><\/a><\/td><td><p class='rHTitel'>Wo ist mein Schuh? fragt die Kuh: Geschichten und Spiele<\/p><p class='rHLabel2'>von  <span class='rHText2'>Knister und Silvio Neuendorf<\/span><\/p><p><a href='https:\/\/www.web-rr.de\/GHS-Buecherei\/index.php\/p9783401079721\/'>Vorlesen 35<\/a><\/p><p class='rHLabel2'>Stichw\u00f6rter: <span class='rHText2'>Vorlesen, Tiere<\/span><\/p><p><span class='rHLabel1'>Status: <\/span><span class='rHText1Gruen'>vorhanden<\/span><\/p><p><span class='rHLabel1'>Antolin: <\/span><span class='rHText1Rot'>Quiz nicht vorhanden.<\/span><\/p><\/td><\/td>\n<\/tr>\n<tr>\n<td><td width=30%><a href='https:\/\/www.web-rr.de\/GHS-Buecherei\/index.php\/p9783958540637\/'><img src='https:\/\/www.web-rr.de\/GHS-Buecherei\/wp-content\/uploads\/9783958540637.jpg' alt='' ><\/a><\/td><td><p class='rHTitel'>Kosmo & Klax. Gute-Nacht-Geschichten<\/p><p class='rHLabel2'>von  <span class='rHText2'>Alexandra Helmig und Timo Becker<\/span><\/p><p><a href='https:\/\/www.web-rr.de\/GHS-Buecherei\/index.php\/p9783958540637\/'>Vorlesen 36<\/a><\/p><p class='rHLabel2'>Stichw\u00f6rter: <span class='rHText2'>Eichh\u00f6rnchen, Abenteuer, Nachtwanderung, Flohmarkt, Fantasie<\/span><\/p><p><span class='rHLabel1'>Status: <\/span><span class='rHText1Gruen'>vorhanden<\/span><\/p><p><span class='rHLabel1'>Antolin: <\/span><span class='rHText1Rot'>Quiz nicht vorhanden.<\/span><\/p><\/td><\/td>\n<\/tr>\n<tr>\n<td><td width=30%><a href='https:\/\/www.web-rr.de\/GHS-Buecherei\/index.php\/p9783407820259\/'><img src='https:\/\/www.web-rr.de\/GHS-Buecherei\/wp-content\/uploads\/9783407820259.jpg' alt='' ><\/a><\/td><td><p class='rHTitel'>Als die Hasen noch fliegen konnten: Gutenachtgeschichten f\u00fcr Mirle<\/p><p class='rHLabel2'>von  <span class='rHText2'>Melanie von Bismarck<\/span><\/p><p><a href='https:\/\/www.web-rr.de\/GHS-Buecherei\/index.php\/p9783407820259\/'>Vorlesen 37<\/a><\/p><p class='rHLabel2'>Stichw\u00f6rter: <span class='rHText2'>Gutenachtgeschichten, witzig<\/span><\/p><p><span class='rHLabel1'>Status: <\/span><span class='rHText1Gruen'>vorhanden<\/span><\/p><p><span class='rHLabel1'>Antolin: <\/span><span class='rHText1Gruen'>ja, Empfehlung Klasse 4<\/span><\/p><\/td><\/td>\n<\/tr>\n<tr>\n<td><td width=30%><a href='https:\/\/www.web-rr.de\/GHS-Buecherei\/index.php\/p9783480221455\/'><img src='https:\/\/www.web-rr.de\/GHS-Buecherei\/wp-content\/uploads\/9783480221455.jpg' alt='' ><\/a><\/td><td><p class='rHTitel'>Das gro\u00dfe Buch vom kleinen Raben Socke: Die sch\u00f6nsten Bilderbuchgeschichten in einem Band<\/p><p class='rHLabel2'>von  <span class='rHText2'>Nele Moost<\/span><\/p><p><a href='https:\/\/www.web-rr.de\/GHS-Buecherei\/index.php\/p9783480221455\/'>Vorlesen 38<\/a><\/p><p class='rHLabel2'>Stichw\u00f6rter: <span class='rHText2'>Bilderbuchgeschichten, Rabe<\/span><\/p><p><span class='rHLabel1'>Status: <\/span><span class='rHText1Gruen'>vorhanden<\/span><\/p><p><span class='rHLabel1'>Antolin: <\/span><span class='rHText1Gruen'>ja, Empfehlung Klasse 2<\/span><\/p><\/td><\/td>\n<\/tr>\n<\/tbody>\n<\/table>\n","protected":false},"excerpt":{"rendered":"","protected":false},"author":1,"featured_media":0,"parent":0,"menu_order":0,"comment_status":"closed","ping_status":"closed","template":"","meta":[],"_links":{"self":[{"href":"https:\/\/www.web-rr.de\/GHS-Buecherei\/index.php\/wp-json\/wp\/v2\/pages\/5852"}],"collection":[{"href":"https:\/\/www.web-rr.de\/GHS-Buecherei\/index.php\/wp-json\/wp\/v2\/pages"}],"about":[{"href":"https:\/\/www.web-rr.de\/GHS-Buecherei\/index.php\/wp-json\/wp\/v2\/types\/page"}],"author":[{"embeddable":true,"href":"https:\/\/www.web-rr.de\/GHS-Buecherei\/index.php\/wp-json\/wp\/v2\/users\/1"}],"replies":[{"embeddable":true,"href":"https:\/\/www.web-rr.de\/GHS-Buecherei\/index.php\/wp-json\/wp\/v2\/comments?post=5852"}],"version-history":[{"count":0,"href":"https:\/\/www.web-rr.de\/GHS-Buecherei\/index.php\/wp-json\/wp\/v2\/pages\/5852\/revisions"}],"wp:attachment":[{"href":"https:\/\/www.web-rr.de\/GHS-Buecherei\/index.php\/wp-json\/wp\/v2\/media?parent=5852"}],"curies":[{"name":"wp","href":"https:\/\/api.w.org\/{rel}","templated":true}]}}