{"id":5583,"date":"2021-02-23T20:00:00","date_gmt":"2021-02-23T20:00:00","guid":{"rendered":"https:\/\/www.web-rr.de\/GHS-Buecherei\/?page_id=5583"},"modified":"2021-02-22T23:59:59","modified_gmt":"2021-02-22T23:59:59","slug":"p9783941787179","status":"publish","type":"page","link":"https:\/\/www.web-rr.de\/GHS-Buecherei\/index.php\/p9783941787179\/","title":{"rendered":"Tiere 34"},"content":{"rendered":"<table><tbody><tr><td class='rDTitel' colspan='2'>Als H\u00e4schen den K\u00e4pt'n absetzte<\/td><\/tr><tr><td><span class='rDLabel1'>Status: <\/span><span class='rDText1Gruen'>vorhanden<\/span><\/td><td><span class='rDLabel1'>Antolin: <\/span><span class='rDText1Rot'>Quiz nicht vorhanden.<\/span><\/td><\/tr><tr><td width=50%><img src='https:\/\/www.web-rr.de\/GHS-Buecherei\/wp-content\/uploads\/9783941787179.jpg' alt=''><\/td><td><p class='rDLabel2'>von <span class='rDText2'>Andrea Hensgen<\/span><\/p><p class='rDLabel2'>Verlag: <span class='rDText2'>Jacoby u. Stuart,  2010,  12.95 \u20ac<\/span><\/p><p class='rDLabel2'>B\u00fccherei-Barcode: <span class='rDText2'>9783941787179<\/span><\/p><p class='rDLabel2'>In der B\u00fccherei erfasst am: <span class='rDText2'>01.04.2014<\/span><\/p><p class='rDLabel2'>Stichw\u00f6rter: <span class='rDText2'>Hase, Flo\u00df<\/span><\/p><p class='rDLabel2'>Lesealter ca. <span class='rDText2'>-<\/span><span class='rDLabel2'> Jahre<\/span><\/p><p class='rDLabel2'>Das Buch wurde <span class='rDText2'>0<\/span><span class='rDLabel2'> mal gelesen.<\/span><\/p><\/td><\/tr><tr><td colspan='2'><p class='rDLabel1'>Inhalt:<\/p><span class='rDText2'>Meuterei auf dem Flo\u00df... H\u00e4schen, Matze B\u00e4r und ihre Freunde haben beschlossen, den heimischen Wald zu verlassen und nach Mallorca auszuwandern. Auf ihrem Flo\u00df segeln sie nun den Fluss hinunter, dem Meer und aufregenden Abenteuern entgegen. Der neue H\u00e4schen-Roman von Andrea Hensgen ist wieder eine kluge, fesselnde Geschichte von Mut, Feigheit und dem wahren Wert der Freundschaft.H\u00e4schens zweites Abenteuer erz\u00e4hlt auf ber\u00fchrende Weise davon, dass es zum Gro\u00dfwerden dazu geh\u00f6rt, schwere Entscheidungen zu treffen und daf\u00fcr einzustehen. Poulette, die von Zuhause weg will, bittet H\u00e4schen und seine Freunde, sie auf ihrem Flo\u00df mitzunehmen. Doch ausgerechnet Matze B\u00e4r, dem H\u00e4schen seine eigene Freiheit verdankt, weigert sich, Poulette Zuflucht zu gew\u00e4hren. Da bleibt H\u00e4schen nichts anderes \u00fcbrig, als selbst die F\u00fchrung auf dem Flo\u00df zu \u00fcbernehmen. Doch er muss erleben, dass die anderen Tierkinder ihn nicht als K\u00e4pt n akzeptieren<\/span><\/td><\/tr><tr><td colspan='2'><a href='#' onclick='history.back(); return false'>Zur\u00fcck<\/a><\/td><\/tr><\/tbody><\/table>\n","protected":false},"excerpt":{"rendered":"","protected":false},"author":1,"featured_media":0,"parent":0,"menu_order":0,"comment_status":"closed","ping_status":"closed","template":"","meta":[],"_links":{"self":[{"href":"https:\/\/www.web-rr.de\/GHS-Buecherei\/index.php\/wp-json\/wp\/v2\/pages\/5583"}],"collection":[{"href":"https:\/\/www.web-rr.de\/GHS-Buecherei\/index.php\/wp-json\/wp\/v2\/pages"}],"about":[{"href":"https:\/\/www.web-rr.de\/GHS-Buecherei\/index.php\/wp-json\/wp\/v2\/types\/page"}],"author":[{"embeddable":true,"href":"https:\/\/www.web-rr.de\/GHS-Buecherei\/index.php\/wp-json\/wp\/v2\/users\/1"}],"replies":[{"embeddable":true,"href":"https:\/\/www.web-rr.de\/GHS-Buecherei\/index.php\/wp-json\/wp\/v2\/comments?post=5583"}],"version-history":[{"count":0,"href":"https:\/\/www.web-rr.de\/GHS-Buecherei\/index.php\/wp-json\/wp\/v2\/pages\/5583\/revisions"}],"wp:attachment":[{"href":"https:\/\/www.web-rr.de\/GHS-Buecherei\/index.php\/wp-json\/wp\/v2\/media?parent=5583"}],"curies":[{"name":"wp","href":"https:\/\/api.w.org\/{rel}","templated":true}]}}