{"id":5563,"date":"2021-02-23T20:00:00","date_gmt":"2021-02-23T20:00:00","guid":{"rendered":"https:\/\/www.web-rr.de\/GHS-Buecherei\/?page_id=5563"},"modified":"2021-02-22T23:59:59","modified_gmt":"2021-02-22T23:59:59","slug":"p2000001020920","status":"publish","type":"page","link":"https:\/\/www.web-rr.de\/GHS-Buecherei\/index.php\/p2000001020920\/","title":{"rendered":"Tiere 13"},"content":{"rendered":"<table><tbody><tr><td class='rDTitel' colspan='2'>Der kleine Marienk\u00e4fer: Nanu's erster Ausflug 1<\/td><\/tr><tr><td><span class='rDLabel1'>Status: <\/span><span class='rDText1Gruen'>vorhanden<\/span><\/td><td><span class='rDLabel1'>Antolin: <\/span><span class='rDText1Rot'>Quiz nicht vorhanden.<\/span><\/td><\/tr><tr><td width=50%><img src='https:\/\/www.web-rr.de\/GHS-Buecherei\/wp-content\/uploads\/2000001020920.jpg' alt=''><\/td><td><p class='rDLabel2'>von <span class='rDText2'>Bettina Wagner<\/span><\/p><p class='rDLabel2'>Verlag: <span class='rDText2'>Medu Verlag,  2006,  9.80 \u20ac<\/span><\/p><p class='rDLabel2'>B\u00fccherei-Barcode: <span class='rDText2'>2000001020920<\/span><\/p><p class='rDLabel2'>In der B\u00fccherei erfasst am: <span class='rDText2'>01.04.2014<\/span><\/p><p class='rDLabel2'>Stichw\u00f6rter: <span class='rDText2'>Insekten, Marienk\u00e4fer<\/span><\/p><p class='rDLabel2'>Lesealter ca. <span class='rDText2'>-<\/span><span class='rDLabel2'> Jahre<\/span><\/p><p class='rDLabel2'>Das Buch wurde <span class='rDText2'>2<\/span><span class='rDLabel2'> mal gelesen.<\/span><\/p><\/td><\/tr><tr><td colspan='2'><p class='rDLabel1'>Inhalt:<\/p><span class='rDText2'>Lustiges und lehrreiches Mitmachbuch f\u00fcr Kinder Nanu, der kleine Marienk\u00e4fer, macht seinen ersten Ausflug in den Garten und trifft dabei auf viele unbekannte Gesch\u00f6pfe. \"Nanu? Wer bist denn du?\", fragt er zum Beispiel den Igel, der ihm freundlich erkl\u00e4rt, warum er so viele schwere Stacheln auf seinem R\u00fccken tr\u00e4gt. Und ein rundes Haus, das sich zudem auch noch bewegt? Was k\u00f6nnte sich dahinter wohl verbergen? Auf seiner Entdeckungsreise erf\u00e4hrt der kleine K\u00e4fer noch vieles, vieles mehr \u00fcber die Tiere, die in seinem Umfeld leben. \"Nanus erster Ausflug\" ist eine liebevoll erz\u00e4hlte Geschichte aus der Reihe \"Der kleine Marienk\u00e4fer\", an der die kleinen Zuh\u00f6rer aktiv mitwirken k\u00f6nnen. In einer kindgerechten Sprache verfasst und mit farbenfrohen Bildern von H. J. Lei\u00df illustriert, werden die Abenteuer des kleinen K\u00e4fers zu einem Leseereignis f\u00fcr die ganze Familie.<\/span><\/td><\/tr><tr><td colspan='2'><a href='#' onclick='history.back(); return false'>Zur\u00fcck<\/a><\/td><\/tr><\/tbody><\/table>\n","protected":false},"excerpt":{"rendered":"","protected":false},"author":1,"featured_media":0,"parent":0,"menu_order":0,"comment_status":"closed","ping_status":"closed","template":"","meta":[],"_links":{"self":[{"href":"https:\/\/www.web-rr.de\/GHS-Buecherei\/index.php\/wp-json\/wp\/v2\/pages\/5563"}],"collection":[{"href":"https:\/\/www.web-rr.de\/GHS-Buecherei\/index.php\/wp-json\/wp\/v2\/pages"}],"about":[{"href":"https:\/\/www.web-rr.de\/GHS-Buecherei\/index.php\/wp-json\/wp\/v2\/types\/page"}],"author":[{"embeddable":true,"href":"https:\/\/www.web-rr.de\/GHS-Buecherei\/index.php\/wp-json\/wp\/v2\/users\/1"}],"replies":[{"embeddable":true,"href":"https:\/\/www.web-rr.de\/GHS-Buecherei\/index.php\/wp-json\/wp\/v2\/comments?post=5563"}],"version-history":[{"count":0,"href":"https:\/\/www.web-rr.de\/GHS-Buecherei\/index.php\/wp-json\/wp\/v2\/pages\/5563\/revisions"}],"wp:attachment":[{"href":"https:\/\/www.web-rr.de\/GHS-Buecherei\/index.php\/wp-json\/wp\/v2\/media?parent=5563"}],"curies":[{"name":"wp","href":"https:\/\/api.w.org\/{rel}","templated":true}]}}