{"id":5494,"date":"2021-02-23T20:00:00","date_gmt":"2021-02-23T20:00:00","guid":{"rendered":"https:\/\/www.web-rr.de\/GHS-Buecherei\/?page_id=5494"},"modified":"2021-02-22T23:59:59","modified_gmt":"2021-02-22T23:59:59","slug":"p9783649668442","status":"publish","type":"page","link":"https:\/\/www.web-rr.de\/GHS-Buecherei\/index.php\/p9783649668442\/","title":{"rendered":"Spa\u00df 39"},"content":{"rendered":"<table><tbody><tr><td class='rDTitel' colspan='2'>Spotz (Bd. 1): Alles unter KonTrolle<\/td><\/tr><tr><td><span class='rDLabel1'>Status: <\/span><span class='rDText1Gruen'>vorhanden<\/span><\/td><td><span class='rDLabel1'>Antolin: <\/span><span class='rDText1Gruen'>ja, Empfehlung Klasse 5<\/span><\/td><\/tr><tr><td width=50%><img src='https:\/\/www.web-rr.de\/GHS-Buecherei\/wp-content\/uploads\/9783649668442.jpg' alt=''><\/td><td><p class='rDLabel2'>von <span class='rDText2'>Rob Harrell<\/span><\/p><p class='rDLabel2'>Verlag: <span class='rDText2'>Coppenrath,  2016,  14.95 \u20ac<\/span><\/p><p class='rDLabel2'>B\u00fccherei-Barcode: <span class='rDText2'>9783649668442<\/span><\/p><p class='rDLabel2'>In der B\u00fccherei erfasst am: <span class='rDText2'>14.01.2019<\/span><\/p><p class='rDLabel2'>Stichw\u00f6rter: <span class='rDText2'>Troll, Schule, Feen, Prinzessinnen, Ungeheuern, Lavadrachen, Niegelungen<\/span><\/p><p class='rDLabel2'>Lesealter ca. <span class='rDText2'>9<\/span><span class='rDLabel2'> Jahre<\/span><\/p><p class='rDLabel2'>Das Buch wurde <span class='rDText2'>1<\/span><span class='rDLabel2'> mal gelesen.<\/span><\/p><\/td><\/tr><tr><td colspan='2'><p class='rDLabel1'>Inhalt:<\/p><span class='rDText2'>Als Troll hat man es nicht leicht an der Schule von Scherwutz \u2013die Feen und Prinzessinnen stehen nicht gerade Schlange, um ihrPausenbrot mit Spotz zu teilen. Ein Mitsch\u00fcler ist besonders \u00fcbel:Prinz Roquefort, ein ausgewiesener Fiesling. Neulich ist er jedochzu weit gegangen. 'Stinkdrache!', hat er Spotz genannt. Logisch, dassSpotz da zum Vulkan wurde. Trollwut eben. Das ist erblich. Nun musser dringend seinen guten Ruf (ha, ha!) wiederherstellen. Deshalb ziehtSpotz in die Welt hinaus, um den verschollenen guten K\u00f6nig Kastaniuszu retten. Denn bevor Prinz Roquefort den Thron besteigt, stellt Spotzsich lieber s\u00e4mtlichen Schnupfwieseln, Ungeheuern und Lavadrachendes K\u00f6nigreichs Niegelungen gleichzeitig \u2026<\/span><\/td><\/tr><tr><td colspan='2'><a href='#' onclick='history.back(); return false'>Zur\u00fcck<\/a><\/td><\/tr><\/tbody><\/table>\n","protected":false},"excerpt":{"rendered":"","protected":false},"author":1,"featured_media":0,"parent":0,"menu_order":0,"comment_status":"closed","ping_status":"closed","template":"","meta":[],"_links":{"self":[{"href":"https:\/\/www.web-rr.de\/GHS-Buecherei\/index.php\/wp-json\/wp\/v2\/pages\/5494"}],"collection":[{"href":"https:\/\/www.web-rr.de\/GHS-Buecherei\/index.php\/wp-json\/wp\/v2\/pages"}],"about":[{"href":"https:\/\/www.web-rr.de\/GHS-Buecherei\/index.php\/wp-json\/wp\/v2\/types\/page"}],"author":[{"embeddable":true,"href":"https:\/\/www.web-rr.de\/GHS-Buecherei\/index.php\/wp-json\/wp\/v2\/users\/1"}],"replies":[{"embeddable":true,"href":"https:\/\/www.web-rr.de\/GHS-Buecherei\/index.php\/wp-json\/wp\/v2\/comments?post=5494"}],"version-history":[{"count":0,"href":"https:\/\/www.web-rr.de\/GHS-Buecherei\/index.php\/wp-json\/wp\/v2\/pages\/5494\/revisions"}],"wp:attachment":[{"href":"https:\/\/www.web-rr.de\/GHS-Buecherei\/index.php\/wp-json\/wp\/v2\/media?parent=5494"}],"curies":[{"name":"wp","href":"https:\/\/api.w.org\/{rel}","templated":true}]}}