{"id":5492,"date":"2021-02-23T20:00:00","date_gmt":"2021-02-23T20:00:00","guid":{"rendered":"https:\/\/www.web-rr.de\/GHS-Buecherei\/?page_id=5492"},"modified":"2021-02-22T23:59:59","modified_gmt":"2021-02-22T23:59:59","slug":"p9783570159040","status":"publish","type":"page","link":"https:\/\/www.web-rr.de\/GHS-Buecherei\/index.php\/p9783570159040\/","title":{"rendered":"Spa\u00df 37"},"content":{"rendered":"<table><tbody><tr><td class='rDTitel' colspan='2'>Lucas & Skotti \u2013 Bekloppt sein ist das Gr\u00f6\u00dfte (Band 2)<\/td><\/tr><tr><td><span class='rDLabel1'>Status: <\/span><span class='rDText1Gruen'>vorhanden<\/span><\/td><td><span class='rDLabel1'>Antolin: <\/span><span class='rDText1Gruen'>ja, Empfehlung Klasse 5<\/span><\/td><\/tr><tr><td width=50%><img src='https:\/\/www.web-rr.de\/GHS-Buecherei\/wp-content\/uploads\/9783570159040.jpg' alt=''><\/td><td><p class='rDLabel2'>von <span class='rDText2'>Collin McMahon<\/span><\/p><p class='rDLabel2'>Verlag: <span class='rDText2'>cbj,  2014,  8.99 \u20ac<\/span><\/p><p class='rDLabel2'>B\u00fccherei-Barcode: <span class='rDText2'>9783570159040<\/span><\/p><p class='rDLabel2'>In der B\u00fccherei erfasst am: <span class='rDText2'>14.01.2019<\/span><\/p><p class='rDLabel2'>Stichw\u00f6rter: <span class='rDText2'>Comic-Roman, Ferien, Chaos, Schule<\/span><\/p><p class='rDLabel2'>Lesealter ca. <span class='rDText2'>9<\/span><span class='rDLabel2'> Jahre<\/span><\/p><p class='rDLabel2'>Das Buch wurde <span class='rDText2'>0<\/span><span class='rDLabel2'> mal gelesen.<\/span><\/p><\/td><\/tr><tr><td colspan='2'><p class='rDLabel1'>Inhalt:<\/p><span class='rDText2'>\u00dcber nervige Lehrer, Eltern und ein wildgewordenes Maskottchen.Mit seiner zum Leben erwachten Comicfigur Skotti im Gep\u00e4ck und jeder Menge Schmackes macht Lucas sich nach den Ferien nun endg\u00fcltig daran, der total beliebteste und coolste Typ der Schule zu werden. Kann definitiv nix mehr schiefgehen.Tut\u2018s dann nat\u00fcrlich doch erst mal, aber einen Burschen mit echten Nehmerqualit\u00e4ten schmei\u00dft so leicht nichts aus der Bahn. Aufrappeln und weitermachen lautet die Devise. Eine verw\u00fcstete Schultoilette, mehrere Lehrernervenzusammenbr\u00fcche und Beinahekatastrophen sp\u00e4ter sind Lucas, Skotti und sein Kumpel Flo so gut wie am Ziel. Jetzt muss nur noch der Rest der Welt kapieren, dass Beklopptsein manchmal einfach das Gr\u00f6\u00dfte ist.<\/span><\/td><\/tr><tr><td colspan='2'><a href='#' onclick='history.back(); return false'>Zur\u00fcck<\/a><\/td><\/tr><\/tbody><\/table>\n","protected":false},"excerpt":{"rendered":"","protected":false},"author":1,"featured_media":0,"parent":0,"menu_order":0,"comment_status":"closed","ping_status":"closed","template":"","meta":[],"_links":{"self":[{"href":"https:\/\/www.web-rr.de\/GHS-Buecherei\/index.php\/wp-json\/wp\/v2\/pages\/5492"}],"collection":[{"href":"https:\/\/www.web-rr.de\/GHS-Buecherei\/index.php\/wp-json\/wp\/v2\/pages"}],"about":[{"href":"https:\/\/www.web-rr.de\/GHS-Buecherei\/index.php\/wp-json\/wp\/v2\/types\/page"}],"author":[{"embeddable":true,"href":"https:\/\/www.web-rr.de\/GHS-Buecherei\/index.php\/wp-json\/wp\/v2\/users\/1"}],"replies":[{"embeddable":true,"href":"https:\/\/www.web-rr.de\/GHS-Buecherei\/index.php\/wp-json\/wp\/v2\/comments?post=5492"}],"version-history":[{"count":0,"href":"https:\/\/www.web-rr.de\/GHS-Buecherei\/index.php\/wp-json\/wp\/v2\/pages\/5492\/revisions"}],"wp:attachment":[{"href":"https:\/\/www.web-rr.de\/GHS-Buecherei\/index.php\/wp-json\/wp\/v2\/media?parent=5492"}],"curies":[{"name":"wp","href":"https:\/\/api.w.org\/{rel}","templated":true}]}}