{"id":5491,"date":"2021-02-23T20:00:00","date_gmt":"2021-02-23T20:00:00","guid":{"rendered":"https:\/\/www.web-rr.de\/GHS-Buecherei\/?page_id=5491"},"modified":"2021-02-22T23:59:59","modified_gmt":"2021-02-22T23:59:59","slug":"p9783570156469","status":"publish","type":"page","link":"https:\/\/www.web-rr.de\/GHS-Buecherei\/index.php\/p9783570156469\/","title":{"rendered":"Spa\u00df 36"},"content":{"rendered":"<table><tbody><tr><td class='rDTitel' colspan='2'>Lucas & Skotti \u2013 Knallt\u00fcten im Anmarsch (Band 1)<\/td><\/tr><tr><td><span class='rDLabel1'>Status: <\/span><span class='rDText1Gruen'>vorhanden<\/span><\/td><td><span class='rDLabel1'>Antolin: <\/span><span class='rDText1Gruen'>ja, Empfehlung Klasse 5<\/span><\/td><\/tr><tr><td width=50%><img src='https:\/\/www.web-rr.de\/GHS-Buecherei\/wp-content\/uploads\/9783570156469.jpg' alt=''><\/td><td><p class='rDLabel2'>von <span class='rDText2'>Collin McMahon<\/span><\/p><p class='rDLabel2'>Verlag: <span class='rDText2'>cbj,  2013,  9.99 \u20ac<\/span><\/p><p class='rDLabel2'>B\u00fccherei-Barcode: <span class='rDText2'>9783570156469<\/span><\/p><p class='rDLabel2'>In der B\u00fccherei erfasst am: <span class='rDText2'>14.01.2019<\/span><\/p><p class='rDLabel2'>Stichw\u00f6rter: <span class='rDText2'>Comic-Roman, Sch\u00fclerzeitung, Chaos<\/span><\/p><p class='rDLabel2'>Lesealter ca. <span class='rDText2'>9<\/span><span class='rDLabel2'> Jahre<\/span><\/p><p class='rDLabel2'>Das Buch wurde <span class='rDText2'>0<\/span><span class='rDLabel2'> mal gelesen.<\/span><\/p><\/td><\/tr><tr><td colspan='2'><p class='rDLabel1'>Inhalt:<\/p><span class='rDText2'>Ein zum Kringeln komischer Comic-Roman mit zwei Helden der ExtraklasseLucas' Plan f\u00fcrs neue Schuljahr: Total beliebt und cool zu werden!Bl\u00f6d nur, dass er durch eine Verkettung d\u00e4mlicher Umst\u00e4nde, f\u00fcr die er selbst nun aber echt nix kann, in einer Bank mit Hornbrillen-Flo gelandet ist. Gar nicht gut f\u00fcrs Image! Aber so schnell gibt Lucas nicht auf. Wenn seine genialen Comics erst mal in der Sch\u00fclerzeitung erscheinen, ist klar, wer hier das Sagen hat. Der Profi-Zeichen-Stift von diesem irgendwie seltsamen Online-Versand kommt ihm da gerade recht. Der Entwurf des Schul-Maskottchens geht ihm da so was von l\u00e4ssig von der Hand ... Nur leider erwacht das kleine Wesen pl\u00f6tzlich zum Leben und Lucas hat auf einmal alle H\u00e4nde voll damit zu tun, das kleine Skotti wieder einzufangen und die Spur der Verw\u00fcstung, die es durch die Schule zieht, zu verwischen.<\/span><\/td><\/tr><tr><td colspan='2'><a href='#' onclick='history.back(); return false'>Zur\u00fcck<\/a><\/td><\/tr><\/tbody><\/table>\n","protected":false},"excerpt":{"rendered":"","protected":false},"author":1,"featured_media":0,"parent":0,"menu_order":0,"comment_status":"closed","ping_status":"closed","template":"","meta":[],"_links":{"self":[{"href":"https:\/\/www.web-rr.de\/GHS-Buecherei\/index.php\/wp-json\/wp\/v2\/pages\/5491"}],"collection":[{"href":"https:\/\/www.web-rr.de\/GHS-Buecherei\/index.php\/wp-json\/wp\/v2\/pages"}],"about":[{"href":"https:\/\/www.web-rr.de\/GHS-Buecherei\/index.php\/wp-json\/wp\/v2\/types\/page"}],"author":[{"embeddable":true,"href":"https:\/\/www.web-rr.de\/GHS-Buecherei\/index.php\/wp-json\/wp\/v2\/users\/1"}],"replies":[{"embeddable":true,"href":"https:\/\/www.web-rr.de\/GHS-Buecherei\/index.php\/wp-json\/wp\/v2\/comments?post=5491"}],"version-history":[{"count":0,"href":"https:\/\/www.web-rr.de\/GHS-Buecherei\/index.php\/wp-json\/wp\/v2\/pages\/5491\/revisions"}],"wp:attachment":[{"href":"https:\/\/www.web-rr.de\/GHS-Buecherei\/index.php\/wp-json\/wp\/v2\/media?parent=5491"}],"curies":[{"name":"wp","href":"https:\/\/api.w.org\/{rel}","templated":true}]}}