{"id":5457,"date":"2021-02-23T20:00:00","date_gmt":"2021-02-23T20:00:00","guid":{"rendered":"https:\/\/www.web-rr.de\/GHS-Buecherei\/?page_id=5457"},"modified":"2021-02-22T23:59:59","modified_gmt":"2021-02-22T23:59:59","slug":"p9783867391269","status":"publish","type":"page","link":"https:\/\/www.web-rr.de\/GHS-Buecherei\/index.php\/p9783867391269\/","title":{"rendered":"Soziales 24"},"content":{"rendered":"<table><tbody><tr><td class='rDTitel' colspan='2'>Molly und das gro\u00dfe Nichts - Ein Bilderbuch \u00fcber Leben- und Nicht-leben-Wollen<\/td><\/tr><tr><td><span class='rDLabel1'>Status: <\/span><span class='rDText1Gruen'>vorhanden<\/span><\/td><td><span class='rDLabel1'>Antolin: <\/span><span class='rDText1Rot'>Quiz nicht vorhanden.<\/span><\/td><\/tr><tr><td width=50%><img src='https:\/\/www.web-rr.de\/GHS-Buecherei\/wp-content\/uploads\/9783867391269.jpg' alt=''><\/td><td><p class='rDLabel2'>von <span class='rDText2'>Anna Sophia Backhaus<\/span><\/p><p class='rDLabel2'>Verlag: <span class='rDText2'>Balance Buch + Medien,  2018,  17.00 \u20ac<\/span><\/p><p class='rDLabel2'>B\u00fccherei-Barcode: <span class='rDText2'>9783867391269<\/span><\/p><p class='rDLabel2'>In der B\u00fccherei erfasst am: <span class='rDText2'>24.08.2020<\/span><\/p><p class='rDLabel2'>Stichw\u00f6rter: <span class='rDText2'>Krankheit, Gesundheit, Sterben, Trauer<\/span><\/p><p class='rDLabel2'>Lesealter ca. <span class='rDText2'>8<\/span><span class='rDLabel2'> Jahre<\/span><\/p><p class='rDLabel2'>Das Buch wurde <span class='rDText2'>1<\/span><span class='rDLabel2'> mal gelesen.<\/span><\/p><\/td><\/tr><tr><td colspan='2'><p class='rDLabel1'>Inhalt:<\/p><span class='rDText2'>Molly erz\u00e4hlt in wenigen Worten ihre Geschichte, die Geschichte einer beh\u00fcteten Kindheit - bis in der Pubert\u00e4t die Dinge einfach verblassen: \"Der blaue Himmel wurde grau, der Duft nach frisch gem\u00e4hten Gras ging verloren, Omas Bratkartoffeln schmecken nicht mehr.\" Doch es kommt noch schlimmer. Auch Mama, Papa und die Schwester verlieren ihre Bedeutung. Molly f\u00fchlt gar nichts mehr. Alles ist egal geworden. Selbst die Erinnerung an die Gef\u00fchle hat sie verloren. So will sie nicht leben. Der Verlust der Sinnesempfindungen, von Empfindungen \u00fcberhaupt, wie er f\u00fcr eine Depression typisch ist, wird in diesem Bilderbuch kongenial in ein Verblassen der Farben \u00fcbersetzt - die dann bei der Genesung mit fast k\u00f6rperlicher Intensit\u00e4t zur\u00fcckkommen. M\u00f6gliche Ursachen werden nicht thematisiert, sodass der Identifikationsraum f\u00fcr depressive und suizidale Kinder und Jugendliche gro\u00df und weit wird. Die starke Emotionalit\u00e4t von Bildern und Text kann im besten Fall die Sprachlosigkeit der Betroffenen \u00fcberwinden helfen. Sie kann eine Br\u00fccke f\u00fcr Therapeuten, Erzieher und Eltern sein, um mit ihnen in Kontakt zu kommen. Information zu Krankheitsbild und Therapieangeboten sind im Anhang zusammengefasst.\n\r\n\r<\/span><\/td><\/tr><tr><td colspan='2'><a href='#' onclick='history.back(); return false'>Zur\u00fcck<\/a><\/td><\/tr><\/tbody><\/table>\n","protected":false},"excerpt":{"rendered":"","protected":false},"author":1,"featured_media":0,"parent":0,"menu_order":0,"comment_status":"closed","ping_status":"closed","template":"","meta":[],"_links":{"self":[{"href":"https:\/\/www.web-rr.de\/GHS-Buecherei\/index.php\/wp-json\/wp\/v2\/pages\/5457"}],"collection":[{"href":"https:\/\/www.web-rr.de\/GHS-Buecherei\/index.php\/wp-json\/wp\/v2\/pages"}],"about":[{"href":"https:\/\/www.web-rr.de\/GHS-Buecherei\/index.php\/wp-json\/wp\/v2\/types\/page"}],"author":[{"embeddable":true,"href":"https:\/\/www.web-rr.de\/GHS-Buecherei\/index.php\/wp-json\/wp\/v2\/users\/1"}],"replies":[{"embeddable":true,"href":"https:\/\/www.web-rr.de\/GHS-Buecherei\/index.php\/wp-json\/wp\/v2\/comments?post=5457"}],"version-history":[{"count":0,"href":"https:\/\/www.web-rr.de\/GHS-Buecherei\/index.php\/wp-json\/wp\/v2\/pages\/5457\/revisions"}],"wp:attachment":[{"href":"https:\/\/www.web-rr.de\/GHS-Buecherei\/index.php\/wp-json\/wp\/v2\/media?parent=5457"}],"curies":[{"name":"wp","href":"https:\/\/api.w.org\/{rel}","templated":true}]}}