{"id":5453,"date":"2021-02-23T20:00:00","date_gmt":"2021-02-23T20:00:00","guid":{"rendered":"https:\/\/www.web-rr.de\/GHS-Buecherei\/?page_id=5453"},"modified":"2021-02-22T23:59:59","modified_gmt":"2021-02-22T23:59:59","slug":"p9783927796775","status":"publish","type":"page","link":"https:\/\/www.web-rr.de\/GHS-Buecherei\/index.php\/p9783927796775\/","title":{"rendered":"Soziales 20"},"content":{"rendered":"<table><tbody><tr><td class='rDTitel' colspan='2'>Jule und Marie, Bilderbuch m. DVD u. Begleitheft<\/td><\/tr><tr><td><span class='rDLabel1'>Status: <\/span><span class='rDText1Gruen'>vorhanden<\/span><\/td><td><span class='rDLabel1'>Antolin: <\/span><span class='rDText1Rot'>Quiz nicht vorhanden.<\/span><\/td><\/tr><tr><td width=50%><img src='https:\/\/www.web-rr.de\/GHS-Buecherei\/wp-content\/uploads\/9783927796775.jpg' alt=''><\/td><td><p class='rDLabel2'>von <span class='rDText2'>Brigitte Braun<\/span><\/p><p class='rDLabel2'>Verlag: <span class='rDText2'>Mebes u. Noack,  2007,  18.50 \u20ac<\/span><\/p><p class='rDLabel2'>B\u00fccherei-Barcode: <span class='rDText2'>9783927796775<\/span><\/p><p class='rDLabel2'>In der B\u00fccherei erfasst am: <span class='rDText2'>01.04.2014<\/span><\/p><p class='rDLabel2'>Stichw\u00f6rter: <span class='rDText2'>Angstbew\u00e4ltigung, Selbst-Vertrauen, Ich-St\u00e4rkung, Zivilcourage, und aktives Handeln gegen Gewalt, Soziale Kompetenz, Kultur- und Generationsverbindung<\/span><\/p><p class='rDLabel2'>Lesealter ca. <span class='rDText2'>-<\/span><span class='rDLabel2'> Jahre<\/span><\/p><p class='rDLabel2'>Das Buch wurde <span class='rDText2'>0<\/span><span class='rDLabel2'> mal gelesen.<\/span><\/p><\/td><\/tr><tr><td colspan='2'><p class='rDLabel1'>Inhalt:<\/p><span class='rDText2'>Jule und Marie - die eine 8, die andere fast 80. Eine Geschichte einer ungew\u00f6hnlichen Freundschaft. Als Jugendliche vor einem Supermarkt Marie bedr\u00e4ngen und ihre Geldb\u00f6rse fordern, schreitet Jule mutig ein und verhindert Schlimmeres. So beginnt die Freundschaft des ungleichen Paars, das sich fortan durch \u00c4ngste und kniffelige Situationen hilft. Marie hat nichts dagegen einzuwenden, in ihrem Alter den Rat von Jule anzunehmen und endlich dem nervigen Nachbarn die Stirn zu bieten. Jule ihrerseits vertraut Marie ihre n\u00e4chtlichen \u00c4ngste an. Was hat sie nicht schon alles versucht.Sie befolgt Maries Rat und tut das Ungew\u00f6hnlichste: Sie l\u00e4dt die Angst zu sich ein, um sie genauer kennen zu lernen. Drauf war sie bisher nicht gekommen. Das geht viel besser, als sie einfach nur \"weg zu machen\". Wer h\u00e4tte das gedacht.Die achtj\u00e4hrige Jule, ein M\u00e4dchen mit dunklerer Haut, bietet eine Projektionsfl\u00e4che f\u00fcr Kinder verschiedener Kulturen. Der Animationsfilm l\u00e4sst sich wunderbar in gr\u00f6\u00dferen Gruppen oder auch zu Hause einsetzen. Das Begleitmaterial enth\u00e4lt Information und Anregung f\u00fcr Eltern und P\u00e4dagogInnen. Kopiervorlagen und Spielvorschl\u00e4ge erg\u00e4nzen das Paket.Die Medienkombination entstand auf dem Hintergrund der Arbeit von Wildwasser Darmstadt. Die Fachberatungsstelle feiert mit dieser Publikation 2007 ihr 20j\u00e4hriges Bestehen.<\/span><\/td><\/tr><tr><td colspan='2'><a href='#' onclick='history.back(); return false'>Zur\u00fcck<\/a><\/td><\/tr><\/tbody><\/table>\n","protected":false},"excerpt":{"rendered":"","protected":false},"author":1,"featured_media":0,"parent":0,"menu_order":0,"comment_status":"closed","ping_status":"closed","template":"","meta":[],"_links":{"self":[{"href":"https:\/\/www.web-rr.de\/GHS-Buecherei\/index.php\/wp-json\/wp\/v2\/pages\/5453"}],"collection":[{"href":"https:\/\/www.web-rr.de\/GHS-Buecherei\/index.php\/wp-json\/wp\/v2\/pages"}],"about":[{"href":"https:\/\/www.web-rr.de\/GHS-Buecherei\/index.php\/wp-json\/wp\/v2\/types\/page"}],"author":[{"embeddable":true,"href":"https:\/\/www.web-rr.de\/GHS-Buecherei\/index.php\/wp-json\/wp\/v2\/users\/1"}],"replies":[{"embeddable":true,"href":"https:\/\/www.web-rr.de\/GHS-Buecherei\/index.php\/wp-json\/wp\/v2\/comments?post=5453"}],"version-history":[{"count":0,"href":"https:\/\/www.web-rr.de\/GHS-Buecherei\/index.php\/wp-json\/wp\/v2\/pages\/5453\/revisions"}],"wp:attachment":[{"href":"https:\/\/www.web-rr.de\/GHS-Buecherei\/index.php\/wp-json\/wp\/v2\/media?parent=5453"}],"curies":[{"name":"wp","href":"https:\/\/api.w.org\/{rel}","templated":true}]}}