{"id":5364,"date":"2021-02-23T20:00:00","date_gmt":"2021-02-23T20:00:00","guid":{"rendered":"https:\/\/www.web-rr.de\/GHS-Buecherei\/?page_id=5364"},"modified":"2021-02-22T23:59:59","modified_gmt":"2021-02-22T23:59:59","slug":"p9783865685025","status":"publish","type":"page","link":"https:\/\/www.web-rr.de\/GHS-Buecherei\/index.php\/p9783865685025\/","title":{"rendered":"Ritter 08"},"content":{"rendered":"<table><tbody><tr><td class='rDTitel' colspan='2'>Otto IV.- vom Pagen zum Kaiser: Ein Kurzf\u00fchrer f\u00fcr Kinder ab 9 Jahren zur Ausstellung Otto IV.  Traum vom welfischen Kaisertum<\/td><\/tr><tr><td><span class='rDLabel1'>Status: <\/span><span class='rDText1Gruen'>vorhanden<\/span><\/td><td><span class='rDLabel1'>Antolin: <\/span><span class='rDText1Rot'>Quiz nicht vorhanden.<\/span><\/td><\/tr><tr><td width=50%><img src='https:\/\/www.web-rr.de\/GHS-Buecherei\/wp-content\/uploads\/9783865685025.jpg' alt=''><\/td><td><p class='rDLabel2'>von <span class='rDText2'>Stefanie Hahn<\/span><\/p><p class='rDLabel2'>Verlag: <span class='rDText2'>Michael Imhof Verlag,  2009,  2.00 \u20ac<\/span><\/p><p class='rDLabel2'>B\u00fccherei-Barcode: <span class='rDText2'>9783865685025<\/span><\/p><p class='rDLabel2'>In der B\u00fccherei erfasst am: <span class='rDText2'>01.04.2014<\/span><\/p><p class='rDLabel2'>Stichw\u00f6rter: <span class='rDText2'>Geschichte, Mittelalter, Kaiser, Otto<\/span><\/p><p class='rDLabel2'>Lesealter ca. <span class='rDText2'>-<\/span><span class='rDLabel2'> Jahre<\/span><\/p><p class='rDLabel2'>Das Buch wurde <span class='rDText2'>0<\/span><span class='rDLabel2'> mal gelesen.<\/span><\/p><\/td><\/tr><tr><td colspan='2'><p class='rDLabel1'>Inhalt:<\/p><span class='rDText2'>Der Kinder-Kurzf\u00fchrer zur Landesausstellung gibt die wichtigsten Daten und Informationen zum Leben Ottos IV. in kindgerechter Aufmachung wieder. Anlass ist der 800. Jahrestag der Kaiserkr\u00f6nung von Otto IV., der 1175\/76 als dritter Sohn Heinrichs des L\u00f6wen und Mathildes von England geboren wurde. Nach dem Sturz seines Vaters wuchs er am englischen K\u00f6nigshof auf. Sein legend\u00e4rer Onkel Richard L\u00f6wenherz soll sich um die ritterliche Erziehung Ottos gek\u00fcmmert haben. 1197 starb Kaiser Heinrich VI. \u00fcberraschend, ein Jahr sp\u00e4ter wurde Otto v\u00f6llig unerwartet in K\u00f6ln zum Gegenk\u00f6nig des Staufers Philipp von Schwaben gew\u00e4hlt. Mit der Ermordung von Philipp im Juni 1208 in Bamberg wurde der Thronstreit dann zugunsten von Otto entschieden. Am 4. Oktober 1209 kr\u00f6nte man Otto IV. zum ersten und einzigen welfischen Kaiser. Schon ein Jahr sp\u00e4ter fiel er in Ungnade beim Papst, da er versucht hatte, das K\u00f6nigreich Sizilien zu erobern. Der Papst stellte Otto daraufhin unter Bann. Nach weiteren Niederlagen zog sich Otto ab 1215 weitgehend nach Braunschweig zur\u00fcck. Am 19. Mai 1218 starb der einzige Kaiser des Welfenhauses auf der Harzburg und wurde wie sein Vater Heinrich im Braunschweiger Dom beigesetzt.<\/span><\/td><\/tr><tr><td colspan='2'><a href='#' onclick='history.back(); return false'>Zur\u00fcck<\/a><\/td><\/tr><\/tbody><\/table>\n","protected":false},"excerpt":{"rendered":"","protected":false},"author":1,"featured_media":0,"parent":0,"menu_order":0,"comment_status":"closed","ping_status":"closed","template":"","meta":[],"_links":{"self":[{"href":"https:\/\/www.web-rr.de\/GHS-Buecherei\/index.php\/wp-json\/wp\/v2\/pages\/5364"}],"collection":[{"href":"https:\/\/www.web-rr.de\/GHS-Buecherei\/index.php\/wp-json\/wp\/v2\/pages"}],"about":[{"href":"https:\/\/www.web-rr.de\/GHS-Buecherei\/index.php\/wp-json\/wp\/v2\/types\/page"}],"author":[{"embeddable":true,"href":"https:\/\/www.web-rr.de\/GHS-Buecherei\/index.php\/wp-json\/wp\/v2\/users\/1"}],"replies":[{"embeddable":true,"href":"https:\/\/www.web-rr.de\/GHS-Buecherei\/index.php\/wp-json\/wp\/v2\/comments?post=5364"}],"version-history":[{"count":0,"href":"https:\/\/www.web-rr.de\/GHS-Buecherei\/index.php\/wp-json\/wp\/v2\/pages\/5364\/revisions"}],"wp:attachment":[{"href":"https:\/\/www.web-rr.de\/GHS-Buecherei\/index.php\/wp-json\/wp\/v2\/media?parent=5364"}],"curies":[{"name":"wp","href":"https:\/\/api.w.org\/{rel}","templated":true}]}}

<table><tbody><tr><td class='rDTitel' colspan='2'>Otto IV.- vom Pagen zum Kaiser: Ein Kurzführer für Kinder ab 9 Jahren zur Ausstellung Otto IV.  Traum vom welfischen Kaisertum</td></tr><tr><td><span class='rDLabel1'>Status: </span><span class='rDText1Gruen'>vorhanden</span></td><td><span class='rDLabel1'>Antolin: </span><span class='rDText1Rot'>Quiz nicht vorhanden.</span></td></tr><tr><td width=50%><img src='https://www.web-rr.de/GHS-Buecherei/wp-content/uploads/9783865685025.jpg' alt=''></td><td><p class='rDLabel2'>von <span class='rDText2'>Stefanie Hahn</span></p><p class='rDLabel2'>Verlag: <span class='rDText2'>Michael Imhof Verlag,  2009,  2.00 €</span></p><p class='rDLabel2'>Bücherei-Barcode: <span class='rDText2'>9783865685025</span></p><p class='rDLabel2'>In der Bücherei erfasst am: <span class='rDText2'>01.04.2014</span></p><p class='rDLabel2'>Stichwörter: <span class='rDText2'>Geschichte, Mittelalter, Kaiser, Otto</span></p><p class='rDLabel2'>Lesealter ca. <span class='rDText2'>-</span><span class='rDLabel2'> Jahre</span></p><p class='rDLabel2'>Das Buch wurde <span class='rDText2'>0</span><span class='rDLabel2'> mal gelesen.</span></p></td></tr><tr><td colspan='2'><p class='rDLabel1'>Inhalt:</p><span class='rDText2'>Der Kinder-Kurzführer zur Landesausstellung gibt die wichtigsten Daten und Informationen zum Leben Ottos IV. in kindgerechter Aufmachung wieder. Anlass ist der 800. Jahrestag der Kaiserkrönung von Otto IV., der 1175/76 als dritter Sohn Heinrichs des Löwen und Mathildes von England geboren wurde. Nach dem Sturz seines Vaters wuchs er am englischen Königshof auf. Sein legendärer Onkel Richard Löwenherz soll sich um die ritterliche Erziehung Ottos gekümmert haben. 1197 starb Kaiser Heinrich VI. überraschend, ein Jahr später wurde Otto völlig unerwartet in Köln zum Gegenkönig des Staufers Philipp von Schwaben gewählt. Mit der Ermordung von Philipp im Juni 1208 in Bamberg wurde der Thronstreit dann zugunsten von Otto entschieden. Am 4. Oktober 1209 krönte man Otto IV. zum ersten und einzigen welfischen Kaiser. Schon ein Jahr später fiel er in Ungnade beim Papst, da er versucht hatte, das Königreich Sizilien zu erobern. Der Papst stellte Otto daraufhin unter Bann. Nach weiteren Niederlagen zog sich Otto ab 1215 weitgehend nach Braunschweig zurück. Am 19. Mai 1218 starb der einzige Kaiser des Welfenhauses auf der Harzburg und wurde wie sein Vater Heinrich im Braunschweiger Dom beigesetzt.</span></td></tr><tr><td colspan='2'><a href='#' onclick='history.back(); return false'>Zurück</a></td></tr></tbody></table>
