{"id":5349,"date":"2021-02-23T20:00:00","date_gmt":"2021-02-23T20:00:00","guid":{"rendered":"https:\/\/www.web-rr.de\/GHS-Buecherei\/?page_id=5349"},"modified":"2021-02-22T23:59:59","modified_gmt":"2021-02-22T23:59:59","slug":"p9783702235239","status":"publish","type":"page","link":"https:\/\/www.web-rr.de\/GHS-Buecherei\/index.php\/p9783702235239\/","title":{"rendered":"Religion 94"},"content":{"rendered":"<table><tbody><tr><td class='rDTitel' colspan='2'>Ein Brief f\u00fcr die Welt: Die Enzyklika Laudato si von Papst Franziskus f\u00fcr Kinder erkl\u00e4rt<\/td><\/tr><tr><td><span class='rDLabel1'>Status: <\/span><span class='rDText1Gruen'>vorhanden<\/span><\/td><td><span class='rDLabel1'>Antolin: <\/span><span class='rDText1Rot'>Quiz nicht vorhanden.<\/span><\/td><\/tr><tr><td width=50%><img src='https:\/\/www.web-rr.de\/GHS-Buecherei\/wp-content\/uploads\/9783702235239.jpg' alt=''><\/td><td><p class='rDLabel2'>von <span class='rDText2'>Hubert Gaisbauer<\/span><\/p><p class='rDLabel2'>Verlag: <span class='rDText2'>Tyrolia; Auflage,  2016,  14.95 \u20ac<\/span><\/p><p class='rDLabel2'>B\u00fccherei-Barcode: <span class='rDText2'>9783702235239<\/span><\/p><p class='rDLabel2'>In der B\u00fccherei erfasst am: <span class='rDText2'>30.10.2018<\/span><\/p><p class='rDLabel2'>Stichw\u00f6rter: <span class='rDText2'>Papst, Umweltverschmutzung, Ressourcenverteilung, Arbeitslosigkeit<\/span><\/p><p class='rDLabel2'>Lesealter ca. <span class='rDText2'>-<\/span><span class='rDLabel2'> Jahre<\/span><\/p><p class='rDLabel2'>Das Buch wurde <span class='rDText2'>0<\/span><span class='rDLabel2'> mal gelesen.<\/span><\/p><\/td><\/tr><tr><td colspan='2'><p class='rDLabel1'>Inhalt:<\/p><span class='rDText2'>Warum schreibt der Papst keinen Brief an uns Kinder? Wir werden ja in der Zukunft leben!Diese Frage seiner Enkelin Caro, die sie ihm w\u00e4hrend eines Gespr\u00e4ches \u00fcber die Enzyklika \u201eLaudato si\u201c von Papst Franziskus gestellt hat, animierte den bekannten Journalisten und Autor Hubert Gaisbauer zu diesem ganz besonderen Buch. In 23 Briefen gelingt es ihm, anhand ausgew\u00e4hlter Originalstellen die wesentlichen Punkte aus dieser Enzyklika darzulegen, sie herunterzubrechen, an den Alltag anzubinden und im Leben der Kinder zu verankern. Behutsam werden dabei Themen wie Umweltverschmutzung, ungerechte Ressourcenverteilung oder Arbeitslosigkeit angesprochen. Hubert Gaisbauer meistert dabei \u2013 scheinbar m\u00fchelos \u2013 den schwierigen Spagat, die Ernsthaftigkeit dieser Themen sp\u00fcrbar zu machen und auf die Verantwortung von uns Menschen hinzuweisen, ohne jedoch die Leserschaft damit zu \u00fcberfordern. Kurze Sachtexte erl\u00e4utern au\u00dferdem wichtige Begriffe wie \u201eEnzyklika\u201c oder \u201eKlimawandel\u201c und geben Auskunft \u00fcber Papst Franziskus sowie \u00fcber dessen gew\u00e4hltes Vorbild Franz von Assisi.Mit ihren Bildern, die sie aus schwarz eingef\u00e4rbten und mit Wachs \u00fcberzogenen Kartonfl\u00e4chen herausgekratzt hat, findet Leonora Leitl f\u00fcr jedes Thema ein starkes, illustratorisches Pendant und changiert dabei gekonnt zwischen konkreter Bildaussage und symbolhafte Verweisen.<\/span><\/td><\/tr><tr><td colspan='2'><a href='#' onclick='history.back(); return false'>Zur\u00fcck<\/a><\/td><\/tr><\/tbody><\/table>\n","protected":false},"excerpt":{"rendered":"","protected":false},"author":1,"featured_media":0,"parent":0,"menu_order":0,"comment_status":"closed","ping_status":"closed","template":"","meta":[],"_links":{"self":[{"href":"https:\/\/www.web-rr.de\/GHS-Buecherei\/index.php\/wp-json\/wp\/v2\/pages\/5349"}],"collection":[{"href":"https:\/\/www.web-rr.de\/GHS-Buecherei\/index.php\/wp-json\/wp\/v2\/pages"}],"about":[{"href":"https:\/\/www.web-rr.de\/GHS-Buecherei\/index.php\/wp-json\/wp\/v2\/types\/page"}],"author":[{"embeddable":true,"href":"https:\/\/www.web-rr.de\/GHS-Buecherei\/index.php\/wp-json\/wp\/v2\/users\/1"}],"replies":[{"embeddable":true,"href":"https:\/\/www.web-rr.de\/GHS-Buecherei\/index.php\/wp-json\/wp\/v2\/comments?post=5349"}],"version-history":[{"count":0,"href":"https:\/\/www.web-rr.de\/GHS-Buecherei\/index.php\/wp-json\/wp\/v2\/pages\/5349\/revisions"}],"wp:attachment":[{"href":"https:\/\/www.web-rr.de\/GHS-Buecherei\/index.php\/wp-json\/wp\/v2\/media?parent=5349"}],"curies":[{"name":"wp","href":"https:\/\/api.w.org\/{rel}","templated":true}]}}