{"id":5338,"date":"2021-02-23T20:00:00","date_gmt":"2021-02-23T20:00:00","guid":{"rendered":"https:\/\/www.web-rr.de\/GHS-Buecherei\/?page_id=5338"},"modified":"2021-02-22T23:59:59","modified_gmt":"2021-02-22T23:59:59","slug":"p9783895651748","status":"publish","type":"page","link":"https:\/\/www.web-rr.de\/GHS-Buecherei\/index.php\/p9783895651748\/","title":{"rendered":"Religion 83"},"content":{"rendered":"<table><tbody><tr><td class='rDTitel' colspan='2'>Die besten Beerdigungen der Welt<\/td><\/tr><tr><td><span class='rDLabel1'>Status: <\/span><span class='rDText1Gruen'>vorhanden<\/span><\/td><td><span class='rDLabel1'>Antolin: <\/span><span class='rDText1Gruen'>ja, Empfehlung Klasse 2<\/span><\/td><\/tr><tr><td width=50%><img src='https:\/\/www.web-rr.de\/GHS-Buecherei\/wp-content\/uploads\/9783895651748.jpg' alt=''><\/td><td><p class='rDLabel2'>von <span class='rDText2'>Ulf Nilsson<\/span><\/p><p class='rDLabel2'>Verlag: <span class='rDText2'>Moritz Verlag-GmbH,  2015,  13.95 \u20ac<\/span><\/p><p class='rDLabel2'>B\u00fccherei-Barcode: <span class='rDText2'>9783895651748<\/span><\/p><p class='rDLabel2'>In der B\u00fccherei erfasst am: <span class='rDText2'>01.05.2016<\/span><\/p><p class='rDLabel2'>Stichw\u00f6rter: <span class='rDText2'>Tod, Leben, Tiere<\/span><\/p><p class='rDLabel2'>Lesealter ca. <span class='rDText2'>6<\/span><span class='rDLabel2'> Jahre<\/span><\/p><p class='rDLabel2'>Das Buch wurde <span class='rDText2'>0<\/span><span class='rDLabel2'> mal gelesen.<\/span><\/p><\/td><\/tr><tr><td colspan='2'><p class='rDLabel1'>Inhalt:<\/p><span class='rDText2'>Ester, Putte und \u00bbich\u00ab gr\u00fcnden an einem langweiligen Tag ein Beerdigungsinstitut. F\u00fcr alle toten Tiere, die sonst keiner beachtet, wollen sie die besten Beerdigungen der Welt ausrichten! Mit einer toten Hummel f\u00e4ngt alles an. Ester will sie begraben. Auf einer Lichtung, zu der nur der geheime Pfad der Kinder f\u00fchrt. Ester ist f\u00fcrs Schaufeln zust\u00e4ndig, \u00bbich\u00ab f\u00fcr ein Gedicht am Grab und der kleine Putte soll dazu weinen. Aber e i n e Beerdigung ist nat\u00fcrlich nicht genug. Jetzt werden noch mehr tote Tiere gebraucht. Ester greift zum Telefon ...  Ulf Nilssons Geschichte \u00fcber dieses ganz ernsthafte Spiel zu Leben und Tod ist so pr\u00e4zise wie humorvoll. Jeder wird sich darin selbst entdecken und dabei unsentimental an den befreienden Umgang mit dem Tod zu Kinderzeiten erinnert. Auf wunderbar subtile Weise vervollst\u00e4ndigen Eva Erikssons atmosph\u00e4rische Bilder dabei die Geschichte.<\/span><\/td><\/tr><tr><td colspan='2'><a href='#' onclick='history.back(); return false'>Zur\u00fcck<\/a><\/td><\/tr><\/tbody><\/table>\n","protected":false},"excerpt":{"rendered":"","protected":false},"author":1,"featured_media":0,"parent":0,"menu_order":0,"comment_status":"closed","ping_status":"closed","template":"","meta":[],"_links":{"self":[{"href":"https:\/\/www.web-rr.de\/GHS-Buecherei\/index.php\/wp-json\/wp\/v2\/pages\/5338"}],"collection":[{"href":"https:\/\/www.web-rr.de\/GHS-Buecherei\/index.php\/wp-json\/wp\/v2\/pages"}],"about":[{"href":"https:\/\/www.web-rr.de\/GHS-Buecherei\/index.php\/wp-json\/wp\/v2\/types\/page"}],"author":[{"embeddable":true,"href":"https:\/\/www.web-rr.de\/GHS-Buecherei\/index.php\/wp-json\/wp\/v2\/users\/1"}],"replies":[{"embeddable":true,"href":"https:\/\/www.web-rr.de\/GHS-Buecherei\/index.php\/wp-json\/wp\/v2\/comments?post=5338"}],"version-history":[{"count":0,"href":"https:\/\/www.web-rr.de\/GHS-Buecherei\/index.php\/wp-json\/wp\/v2\/pages\/5338\/revisions"}],"wp:attachment":[{"href":"https:\/\/www.web-rr.de\/GHS-Buecherei\/index.php\/wp-json\/wp\/v2\/media?parent=5338"}],"curies":[{"name":"wp","href":"https:\/\/api.w.org\/{rel}","templated":true}]}}