{"id":5323,"date":"2021-02-23T20:00:00","date_gmt":"2021-02-23T20:00:00","guid":{"rendered":"https:\/\/www.web-rr.de\/GHS-Buecherei\/?page_id=5323"},"modified":"2021-02-22T23:59:59","modified_gmt":"2021-02-22T23:59:59","slug":"p9783981464252","status":"publish","type":"page","link":"https:\/\/www.web-rr.de\/GHS-Buecherei\/index.php\/p9783981464252\/","title":{"rendered":"Religion 68"},"content":{"rendered":"<table><tbody><tr><td class='rDTitel' colspan='2'>Omimas letzter Umzug: \"Nennt mich Rudi\", sagt der Bestatter<\/td><\/tr><tr><td><span class='rDLabel1'>Status: <\/span><span class='rDText1Gruen'>vorhanden<\/span><\/td><td><span class='rDLabel1'>Antolin: <\/span><span class='rDText1Rot'>Quiz nicht vorhanden.<\/span><\/td><\/tr><tr><td width=50%><img src='https:\/\/www.web-rr.de\/GHS-Buecherei\/wp-content\/uploads\/9783981464252.jpg' alt=''><\/td><td><p class='rDLabel2'>von <span class='rDText2'>Helene D\u00fcperthal<\/span><\/p><p class='rDLabel2'>Verlag: <span class='rDText2'>Lebensweichen-Verlag,  2012,  13.50 \u20ac<\/span><\/p><p class='rDLabel2'>B\u00fccherei-Barcode: <span class='rDText2'>9783981464252<\/span><\/p><p class='rDLabel2'>In der B\u00fccherei erfasst am: <span class='rDText2'>01.03.2015<\/span><\/p><p class='rDLabel2'>Stichw\u00f6rter: <span class='rDText2'>Tod, Sterben, Trauer<\/span><\/p><p class='rDLabel2'>Lesealter ca. <span class='rDText2'>-<\/span><span class='rDLabel2'> Jahre<\/span><\/p><p class='rDLabel2'>Das Buch wurde <span class='rDText2'>0<\/span><span class='rDLabel2'> mal gelesen.<\/span><\/p><\/td><\/tr><tr><td colspan='2'><p class='rDLabel1'>Inhalt:<\/p><span class='rDText2'>Omima, Omima! Wo bist du? Wie ein Wirbelsturm fegen die Zwillinge, Luis und Laura, die Treppe herunter. Im n\u00e4chsten Moment werfen sie sich auch schon in Omas Arme. So beginnt die Geschichte von Omimas letztem Umzug. Die Zwillinge h\u00e4ngen sehr an ihrer Gro\u00dfmutter und doch m\u00fcssen sie miterleben, wie diese eines Tages tot in ihrem Bett liegt. Aber nicht nur die Mutter, auch Bestatter Rudi, wei\u00df, wie wichtig es ist, dass sie mit einbezogen werden in das, was nun geschieht. So d\u00fcrfen Laura und Luis nicht nur die Oma noch einmal sehen und streicheln, sondern auch gemeinsam mit der Mutter waschen und kleiden. Sie gehen mit zur Beerdigung und d\u00fcrfen am Ende sogar im Bestattungsinstitut Rudi alle Fragen stellen, die sie bewegen. So erkennen sie, dass der Tod zum Leben geh\u00f6rt, und dass ihre Omima auch weiterhin die beste Omima der Welt ist.; Ein Buch, das nicht bei der Abschiednahme halt macht, sondern auch erkl\u00e4rt, was zwischen Tod und Bestattung geschieht und wie gerade Bestatter als Umzugshelfer Familien zur Seite stehen k\u00f6nnen.<\/span><\/td><\/tr><tr><td colspan='2'><a href='#' onclick='history.back(); return false'>Zur\u00fcck<\/a><\/td><\/tr><\/tbody><\/table>\n","protected":false},"excerpt":{"rendered":"","protected":false},"author":1,"featured_media":0,"parent":0,"menu_order":0,"comment_status":"closed","ping_status":"closed","template":"","meta":[],"_links":{"self":[{"href":"https:\/\/www.web-rr.de\/GHS-Buecherei\/index.php\/wp-json\/wp\/v2\/pages\/5323"}],"collection":[{"href":"https:\/\/www.web-rr.de\/GHS-Buecherei\/index.php\/wp-json\/wp\/v2\/pages"}],"about":[{"href":"https:\/\/www.web-rr.de\/GHS-Buecherei\/index.php\/wp-json\/wp\/v2\/types\/page"}],"author":[{"embeddable":true,"href":"https:\/\/www.web-rr.de\/GHS-Buecherei\/index.php\/wp-json\/wp\/v2\/users\/1"}],"replies":[{"embeddable":true,"href":"https:\/\/www.web-rr.de\/GHS-Buecherei\/index.php\/wp-json\/wp\/v2\/comments?post=5323"}],"version-history":[{"count":0,"href":"https:\/\/www.web-rr.de\/GHS-Buecherei\/index.php\/wp-json\/wp\/v2\/pages\/5323\/revisions"}],"wp:attachment":[{"href":"https:\/\/www.web-rr.de\/GHS-Buecherei\/index.php\/wp-json\/wp\/v2\/media?parent=5323"}],"curies":[{"name":"wp","href":"https:\/\/api.w.org\/{rel}","templated":true}]}}