{"id":5273,"date":"2021-02-23T20:00:00","date_gmt":"2021-02-23T20:00:00","guid":{"rendered":"https:\/\/www.web-rr.de\/GHS-Buecherei\/?page_id=5273"},"modified":"2021-02-22T23:59:59","modified_gmt":"2021-02-22T23:59:59","slug":"p9783629013989","status":"publish","type":"page","link":"https:\/\/www.web-rr.de\/GHS-Buecherei\/index.php\/p9783629013989\/","title":{"rendered":"Religion 18"},"content":{"rendered":"<table><tbody><tr><td class='rDTitel' colspan='2'>Justus und die 10 Gebote<\/td><\/tr><tr><td><span class='rDLabel1'>Status: <\/span><span class='rDText1Gruen'>vorhanden<\/span><\/td><td><span class='rDLabel1'>Antolin: <\/span><span class='rDText1Gruen'>ja, Empfehlung Klasse 4<\/span><\/td><\/tr><tr><td width=50%><img src='https:\/\/www.web-rr.de\/GHS-Buecherei\/wp-content\/uploads\/9783629013989.jpg' alt=''><\/td><td><p class='rDLabel2'>von <span class='rDText2'>Brigitte Endres<\/span><\/p><p class='rDLabel2'>Verlag: <span class='rDText2'>Pattloch,  2007,  9.99 \u20ac<\/span><\/p><p class='rDLabel2'>B\u00fccherei-Barcode: <span class='rDText2'>9783629013989<\/span><\/p><p class='rDLabel2'>In der B\u00fccherei erfasst am: <span class='rDText2'>01.04.2014<\/span><\/p><p class='rDLabel2'>Stichw\u00f6rter: <span class='rDText2'>Bibel, Gebote, Mose, Altes Testament, Ethik, Gro\u00dfeltern, Opa, Gro\u00dfvater<\/span><\/p><p class='rDLabel2'>Lesealter ca. <span class='rDText2'>8<\/span><span class='rDLabel2'> Jahre<\/span><\/p><p class='rDLabel2'>Das Buch wurde <span class='rDText2'>7<\/span><span class='rDLabel2'> mal gelesen.<\/span><\/p><\/td><\/tr><tr><td colspan='2'><p class='rDLabel1'>Inhalt:<\/p><span class='rDText2'>Justus muss f\u00fcr die Schule die 10 Gebote auswendig lernen. Doch wozu soll das blo\u00df gut sein? Sein Opa, mit dem Justus jeden Nachmittag an einem Modellflieger bastelt, erkl\u00e4rt ihm, dass die 10 Gebote eine Art Anleitung f\u00fcr ein gl\u00fcckliches Leben sind. Durch die gemeinsamen Nachmittage in Opas Werkstatt haben die beiden viel Zeit f\u00fcr ausgiebige Gespr\u00e4che. Der Gro\u00dfvater wird so zum wichtigen Tr\u00f6ster, Schlichter, Aufkl\u00e4rer, Berater und guten Zuh\u00f6rer f\u00fcr Justus\u2019 Alltagssorgen.Als der fertige Flieger schlie\u00dflich hoch in die Luft steigt, hat Justus verstanden, dass die 10 Gebote auch in seinem Alltag eine Rolle spielen.<\/span><\/td><\/tr><tr><td colspan='2'><a href='#' onclick='history.back(); return false'>Zur\u00fcck<\/a><\/td><\/tr><\/tbody><\/table>\n","protected":false},"excerpt":{"rendered":"","protected":false},"author":1,"featured_media":0,"parent":0,"menu_order":0,"comment_status":"closed","ping_status":"closed","template":"","meta":[],"_links":{"self":[{"href":"https:\/\/www.web-rr.de\/GHS-Buecherei\/index.php\/wp-json\/wp\/v2\/pages\/5273"}],"collection":[{"href":"https:\/\/www.web-rr.de\/GHS-Buecherei\/index.php\/wp-json\/wp\/v2\/pages"}],"about":[{"href":"https:\/\/www.web-rr.de\/GHS-Buecherei\/index.php\/wp-json\/wp\/v2\/types\/page"}],"author":[{"embeddable":true,"href":"https:\/\/www.web-rr.de\/GHS-Buecherei\/index.php\/wp-json\/wp\/v2\/users\/1"}],"replies":[{"embeddable":true,"href":"https:\/\/www.web-rr.de\/GHS-Buecherei\/index.php\/wp-json\/wp\/v2\/comments?post=5273"}],"version-history":[{"count":0,"href":"https:\/\/www.web-rr.de\/GHS-Buecherei\/index.php\/wp-json\/wp\/v2\/pages\/5273\/revisions"}],"wp:attachment":[{"href":"https:\/\/www.web-rr.de\/GHS-Buecherei\/index.php\/wp-json\/wp\/v2\/media?parent=5273"}],"curies":[{"name":"wp","href":"https:\/\/api.w.org\/{rel}","templated":true}]}}