{"id":5237,"date":"2021-02-23T20:00:00","date_gmt":"2021-02-23T20:00:00","guid":{"rendered":"https:\/\/www.web-rr.de\/GHS-Buecherei\/?page_id=5237"},"modified":"2021-02-22T23:59:59","modified_gmt":"2021-02-22T23:59:59","slug":"p9783980713283","status":"publish","type":"page","link":"https:\/\/www.web-rr.de\/GHS-Buecherei\/index.php\/p9783980713283\/","title":{"rendered":"Plattdeutsch 01"},"content":{"rendered":"<table><tbody><tr><td class='rDTitel' colspan='2'>Wenn de S\u00fcnn m\u00f6\u00f6d slapen geiht...:'n Book f\u00f6r l\u00fcttje L\u00fc\u00fcd, de na Bett hin sch\u00fcllt<\/td><\/tr><tr><td><span class='rDLabel1'>Status: <\/span><span class='rDText1Gruen'>vorhanden<\/span><\/td><td><span class='rDLabel1'>Antolin: <\/span><span class='rDText1Rot'>Quiz nicht vorhanden.<\/span><\/td><\/tr><tr><td width=50%><img src='https:\/\/www.web-rr.de\/GHS-Buecherei\/wp-content\/uploads\/9783980713283.jpg' alt=''><\/td><td><p class='rDLabel2'>von <span class='rDText2'>Birgit Lemmermann<\/span><\/p><p class='rDLabel2'>Verlag: <span class='rDText2'>Wilhelm Schintz,  2000,  15.60 \u20ac<\/span><\/p><p class='rDLabel2'>B\u00fccherei-Barcode: <span class='rDText2'>9783980713283<\/span><\/p><p class='rDLabel2'>In der B\u00fccherei erfasst am: <span class='rDText2'>01.04.2014<\/span><\/p><p class='rDLabel2'>Stichw\u00f6rter: <span class='rDText2'>Gutenacht, Gute-Nacht<\/span><\/p><p class='rDLabel2'>Lesealter ca. <span class='rDText2'>-<\/span><span class='rDLabel2'> Jahre<\/span><\/p><p class='rDLabel2'>Das Buch wurde <span class='rDText2'>1<\/span><span class='rDLabel2'> mal gelesen.<\/span><\/p><\/td><\/tr><tr><td colspan='2'><p class='rDLabel1'>Inhalt:<\/p><span class='rDText2'>Wenn de S\u00fcnn m\u00f6\u00f6d slapen geiht... ist ein Gute-Nacht-Gedicht, illustriert mit doppelseitigen Aquarellen. Der kleine B\u00e4r Emil bringt l\u00fcttje L\u00fc\u00fcd, de na Bett gahn sch\u00fcllt reimend ins Bett. Wenn es in der Natur gegen Abend stiller wird, bereiten sich im Innern des Hauses gro\u00dfe und kleine Tiere auf das  Zubettgehen vor. M\u00fcde geht die Sonne unter, die Bl\u00fcten senken ihre K\u00f6pfe, Mond und Nachtfalter aber werden wach. Und bis Emil auf seiner Traumreise \u00fcber einer Anemonenwiese davonschwebt, schlafen auch die kleinen Leute, f\u00fcr die dieses Buch gedacht ist, tief ein.<\/span><\/td><\/tr><tr><td colspan='2'><a href='#' onclick='history.back(); return false'>Zur\u00fcck<\/a><\/td><\/tr><\/tbody><\/table>\n","protected":false},"excerpt":{"rendered":"","protected":false},"author":1,"featured_media":0,"parent":0,"menu_order":0,"comment_status":"closed","ping_status":"closed","template":"","meta":[],"_links":{"self":[{"href":"https:\/\/www.web-rr.de\/GHS-Buecherei\/index.php\/wp-json\/wp\/v2\/pages\/5237"}],"collection":[{"href":"https:\/\/www.web-rr.de\/GHS-Buecherei\/index.php\/wp-json\/wp\/v2\/pages"}],"about":[{"href":"https:\/\/www.web-rr.de\/GHS-Buecherei\/index.php\/wp-json\/wp\/v2\/types\/page"}],"author":[{"embeddable":true,"href":"https:\/\/www.web-rr.de\/GHS-Buecherei\/index.php\/wp-json\/wp\/v2\/users\/1"}],"replies":[{"embeddable":true,"href":"https:\/\/www.web-rr.de\/GHS-Buecherei\/index.php\/wp-json\/wp\/v2\/comments?post=5237"}],"version-history":[{"count":0,"href":"https:\/\/www.web-rr.de\/GHS-Buecherei\/index.php\/wp-json\/wp\/v2\/pages\/5237\/revisions"}],"wp:attachment":[{"href":"https:\/\/www.web-rr.de\/GHS-Buecherei\/index.php\/wp-json\/wp\/v2\/media?parent=5237"}],"curies":[{"name":"wp","href":"https:\/\/api.w.org\/{rel}","templated":true}]}}