{"id":5155,"date":"2021-02-23T20:00:00","date_gmt":"2021-02-23T20:00:00","guid":{"rendered":"https:\/\/www.web-rr.de\/GHS-Buecherei\/?page_id=5155"},"modified":"2021-02-22T23:59:59","modified_gmt":"2021-02-22T23:59:59","slug":"p9783944445168","status":"publish","type":"page","link":"https:\/\/www.web-rr.de\/GHS-Buecherei\/index.php\/p9783944445168\/","title":{"rendered":"Nordsee 16"},"content":{"rendered":"<table><tbody><tr><td class='rDTitel' colspan='2'>Zugv\u00f6gel: Weltenwanderer im Wattenmeer<\/td><\/tr><tr><td><span class='rDLabel1'>Status: <\/span><span class='rDText1Gruen'>vorhanden<\/span><\/td><td><span class='rDLabel1'>Antolin: <\/span><span class='rDText1Rot'>Quiz nicht vorhanden.<\/span><\/td><\/tr><tr><td width=50%><img src='https:\/\/www.web-rr.de\/GHS-Buecherei\/wp-content\/uploads\/9783944445168.jpg' alt=''><\/td><td><p class='rDLabel2'>von <span class='rDText2'>Bernd-Uwe Janssen<\/span><\/p><p class='rDLabel2'>Verlag: <span class='rDText2'>Willegoos,  2016,  16.90 \u20ac<\/span><\/p><p class='rDLabel2'>B\u00fccherei-Barcode: <span class='rDText2'>9783944445168<\/span><\/p><p class='rDLabel2'>In der B\u00fccherei erfasst am: <span class='rDText2'>06.08.2018<\/span><\/p><p class='rDLabel2'>Stichw\u00f6rter: <span class='rDText2'>Wattenmeer, Nordseek\u00fcste<\/span><\/p><p class='rDLabel2'>Lesealter ca. <span class='rDText2'>-<\/span><span class='rDLabel2'> Jahre<\/span><\/p><p class='rDLabel2'>Das Buch wurde <span class='rDText2'>0<\/span><span class='rDLabel2'> mal gelesen.<\/span><\/p><\/td><\/tr><tr><td colspan='2'><p class='rDLabel1'>Inhalt:<\/p><span class='rDText2'>Riesige Zugvogelschw\u00e4rme faszinieren im Herbst und Fr\u00fchjahr kleine und gro\u00dfe Vogelbeobachter immer wieder aufs Neue. Wo kommen sie her und wo wollen sie hin? Wie schaffen sie es, nonstop oft Tausende Kilometer zu fliegen, ohne sich dabei zu verirren? In ZUGV\u00d6GEL Weltenwanderer im Wattenmeer erkl\u00e4rt Bernd-Uwe Janssen Ursachen und Ph\u00e4nomen des Vogelzugs exemplarisch am Beispiel der Zugv\u00f6gel, die sich jedes Jahr zu Millionen im Wattenmeer an der deutschen Nordseek\u00fcste einfinden einer der wichtigsten Zwischenstationen auf dem Ostatlantischen Zugweg. Ein anspruchsvolles Kindersachbuch zum Thema Zugv\u00f6gel f\u00fcr 8- bis 12-j\u00e4hrige, das es auf dem deutschen Buchmarkt bislang so nicht gab.<\/span><\/td><\/tr><tr><td colspan='2'><a href='#' onclick='history.back(); return false'>Zur\u00fcck<\/a><\/td><\/tr><\/tbody><\/table>\n","protected":false},"excerpt":{"rendered":"","protected":false},"author":1,"featured_media":0,"parent":0,"menu_order":0,"comment_status":"closed","ping_status":"closed","template":"","meta":[],"_links":{"self":[{"href":"https:\/\/www.web-rr.de\/GHS-Buecherei\/index.php\/wp-json\/wp\/v2\/pages\/5155"}],"collection":[{"href":"https:\/\/www.web-rr.de\/GHS-Buecherei\/index.php\/wp-json\/wp\/v2\/pages"}],"about":[{"href":"https:\/\/www.web-rr.de\/GHS-Buecherei\/index.php\/wp-json\/wp\/v2\/types\/page"}],"author":[{"embeddable":true,"href":"https:\/\/www.web-rr.de\/GHS-Buecherei\/index.php\/wp-json\/wp\/v2\/users\/1"}],"replies":[{"embeddable":true,"href":"https:\/\/www.web-rr.de\/GHS-Buecherei\/index.php\/wp-json\/wp\/v2\/comments?post=5155"}],"version-history":[{"count":0,"href":"https:\/\/www.web-rr.de\/GHS-Buecherei\/index.php\/wp-json\/wp\/v2\/pages\/5155\/revisions"}],"wp:attachment":[{"href":"https:\/\/www.web-rr.de\/GHS-Buecherei\/index.php\/wp-json\/wp\/v2\/media?parent=5155"}],"curies":[{"name":"wp","href":"https:\/\/api.w.org\/{rel}","templated":true}]}}