{"id":5149,"date":"2021-02-23T20:00:00","date_gmt":"2021-02-23T20:00:00","guid":{"rendered":"https:\/\/www.web-rr.de\/GHS-Buecherei\/?page_id=5149"},"modified":"2021-02-22T23:59:59","modified_gmt":"2021-02-22T23:59:59","slug":"p9783804213951","status":"publish","type":"page","link":"https:\/\/www.web-rr.de\/GHS-Buecherei\/index.php\/p9783804213951\/","title":{"rendered":"Nordsee 10"},"content":{"rendered":"<table><tbody><tr><td class='rDTitel' colspan='2'>Was sind eigentlich Halligen?<\/td><\/tr><tr><td><span class='rDLabel1'>Status: <\/span><span class='rDText1Gruen'>vorhanden<\/span><\/td><td><span class='rDLabel1'>Antolin: <\/span><span class='rDText1Gruen'>ja, Empfehlung Klasse 3<\/span><\/td><\/tr><tr><td width=50%><img src='https:\/\/www.web-rr.de\/GHS-Buecherei\/wp-content\/uploads\/9783804213951.jpg' alt=''><\/td><td><p class='rDLabel2'>von <span class='rDText2'>Heike Becker<\/span><\/p><p class='rDLabel2'>Verlag: <span class='rDText2'>Boyens Buchverlag,  2014,  9.95 \u20ac<\/span><\/p><p class='rDLabel2'>B\u00fccherei-Barcode: <span class='rDText2'>9783804213951<\/span><\/p><p class='rDLabel2'>In der B\u00fccherei erfasst am: <span class='rDText2'>01.05.2017<\/span><\/p><p class='rDLabel2'>Stichw\u00f6rter: <span class='rDText2'>Wattenmeer, Flut, Ebbe<\/span><\/p><p class='rDLabel2'>Lesealter ca. <span class='rDText2'>7<\/span><span class='rDLabel2'> Jahre<\/span><\/p><p class='rDLabel2'>Das Buch wurde <span class='rDText2'>1<\/span><span class='rDLabel2'> mal gelesen.<\/span><\/p><\/td><\/tr><tr><td colspan='2'><p class='rDLabel1'>Inhalt:<\/p><span class='rDText2'>Ein neues Abenteuer mit Ralf, dem Frosch, und der Strandkrabbe Klara! Nachdem die beiden in Wie geht das eigentlich mit Ebbe und Flut? die Geheimnisse der Gezeiten erforscht haben, erkunden sie diesmal eine Hallig. Klara als K\u00fcstenbewohnerin kann Ralf nat\u00fcrlich schon einiges \u00fcber die seltsamen Landh\u00fcgel im Wasser erkl\u00e4ren, doch was das Leben auf einer Hallig so besonders macht, das erz\u00e4hlt das Schaf Ingwer. Mit einer so genannten Lore fahren Ralf und Klara \u00fcber einen schmalen Damm quer durchs Wattenmeer auf eine der Halligen. Dort lernen sie das Schaf Ingwer kennen, welches dort die Sommermonate verbringt. Wie die Halligen entstanden sind, warum die Halligen nicht Inseln hei\u00dfen und was Landunter bedeutet, hat Ralf bereits von Klara geh\u00f6rt. Doch das Schaf Ingwer kann noch ganz andere erstaunliche Dinge \u00fcber das Halligleben erz\u00e4hlen. So wei\u00df es, dass die Halligkinder in kleinen Schulen unterrichtet werden, die mitten in der Nordsee den Fluten trotzen. Und es kann die Frage beantworten, wie die Post eigentlich auf die Halligen kommt, denn der Brieftr\u00e4ger kann ja wohl kaum mit dem Fahrrad durchs Watt fahren, oder? Richtig spannend wird es f\u00fcr Ralf, als ein m\u00e4chtiger Sturm aufkommt, den er unbedingt drau\u00dfen miterleben will. Doch dann steigt die Flut immer h\u00f6her und es droht \"Landunter\"<\/span><\/td><\/tr><tr><td colspan='2'><a href='#' onclick='history.back(); return false'>Zur\u00fcck<\/a><\/td><\/tr><\/tbody><\/table>\n","protected":false},"excerpt":{"rendered":"","protected":false},"author":1,"featured_media":0,"parent":0,"menu_order":0,"comment_status":"closed","ping_status":"closed","template":"","meta":[],"_links":{"self":[{"href":"https:\/\/www.web-rr.de\/GHS-Buecherei\/index.php\/wp-json\/wp\/v2\/pages\/5149"}],"collection":[{"href":"https:\/\/www.web-rr.de\/GHS-Buecherei\/index.php\/wp-json\/wp\/v2\/pages"}],"about":[{"href":"https:\/\/www.web-rr.de\/GHS-Buecherei\/index.php\/wp-json\/wp\/v2\/types\/page"}],"author":[{"embeddable":true,"href":"https:\/\/www.web-rr.de\/GHS-Buecherei\/index.php\/wp-json\/wp\/v2\/users\/1"}],"replies":[{"embeddable":true,"href":"https:\/\/www.web-rr.de\/GHS-Buecherei\/index.php\/wp-json\/wp\/v2\/comments?post=5149"}],"version-history":[{"count":0,"href":"https:\/\/www.web-rr.de\/GHS-Buecherei\/index.php\/wp-json\/wp\/v2\/pages\/5149\/revisions"}],"wp:attachment":[{"href":"https:\/\/www.web-rr.de\/GHS-Buecherei\/index.php\/wp-json\/wp\/v2\/media?parent=5149"}],"curies":[{"name":"wp","href":"https:\/\/api.w.org\/{rel}","templated":true}]}}