{"id":5130,"date":"2021-02-23T20:00:00","date_gmt":"2021-02-23T20:00:00","guid":{"rendered":"https:\/\/www.web-rr.de\/GHS-Buecherei\/?page_id=5130"},"modified":"2021-02-22T23:59:59","modified_gmt":"2021-02-22T23:59:59","slug":"p9783831035212","status":"publish","type":"page","link":"https:\/\/www.web-rr.de\/GHS-Buecherei\/index.php\/p9783831035212\/","title":{"rendered":"Ninjago 02"},"content":{"rendered":"<table><tbody><tr><td class='rDTitel' colspan='2'>SUPERLESER! LEGO\u00ae. Coole Ninja-Abenteuer<\/td><\/tr><tr><td><span class='rDLabel1'>Status: <\/span><span class='rDText1Rot'>ausgeliehen<\/span><\/td><td><span class='rDLabel1'>Antolin: <\/span><span class='rDText1Gruen'>ja, Empfehlung Klasse 2<\/span><\/td><\/tr><tr><td width=50%><img src='https:\/\/www.web-rr.de\/GHS-Buecherei\/wp-content\/uploads\/9783831035212.jpg' alt=''><\/td><td><p class='rDLabel2'>von <span class='rDText2'>Beth Davies<\/span><\/p><p class='rDLabel2'>Verlag: <span class='rDText2'>Dorling Kindersley Deutschland GmbH,  2018,  5.95 \u20ac<\/span><\/p><p class='rDLabel2'>B\u00fccherei-Barcode: <span class='rDText2'>9783831035212<\/span><\/p><p class='rDLabel2'>In der B\u00fccherei erfasst am: <span class='rDText2'>25.10.2018<\/span><\/p><p class='rDLabel2'>Stichw\u00f6rter: <span class='rDText2'>Teenager, Abenteuer<\/span><\/p><p class='rDLabel2'>Lesealter ca. <span class='rDText2'>6<\/span><span class='rDLabel2'> Jahre<\/span><\/p><p class='rDLabel2'>Das Buch wurde <span class='rDText2'>14<\/span><span class='rDLabel2'> mal gelesen.<\/span><\/p><\/td><\/tr><tr><td colspan='2'><p class='rDLabel1'>Inhalt:<\/p><span class='rDText2'>Neues von den tapferen Ninja. Im Band \u201eLEGO\u00ae NINJAGO\u00ae Coole Ninja-Abenteuer\u201c m\u00fcssen Jay, Kai, Zane, Nya & Co. mit ihren au\u00dfergew\u00f6hnlichen Kr\u00e4ften das B\u00f6se bek\u00e4mpfen. Auf den 48 Seiten dieses LEGO\u00ae NINJAGO\u00ae Buchs gibt es spannende Sachgeschichte f\u00fcr Kinder ab der ersten Schulklasse \u2013 mit klarer Gliederung, einfachen W\u00f6rtern, kurzen S\u00e4tzen, besonders gro\u00dfer Fibelschrift, vielen Bildern, Quiz und Leseb\u00e4ndchen! Im Superleser!-Titel f\u00fcr die 1. Lesestufe steht alles \u00fcber die Fahrzeuge, Flugger\u00e4te und Roboter der Ninja. Auf Sachseiten entdecken begeisterte Fans au\u00dferdem Details zu Kr\u00e4ften oder Ausr\u00fcstung, zur Ninja-H\u00f6hlenbasis und zum Tempel des Airjitzu. Hier treffen Erstleser auf echte Ninjameister! Mit LEGO\u00ae Sets von 2015 bis 2017.Die Erstleseb\u00fccher aus der Superleser!-Reihe kombinieren das Beste aus Sach- und erz\u00e4hlendem Buch \u2013 sie sind perfekt zur Lesef\u00f6rderung geeignet. Bei diesem Mix aus aufregenden Geschichten und interessanten Hintergrundinformationen kommt weder der Spa\u00df noch der Lerneffekt zu kurz. Die Superleser!-Erstleseb\u00fccher begleiten Kinder beim Lesen lernen. Dazu gibt es sie in unterschiedlich schwierigen Lesestufen: f\u00fcr ganz junge Leseanf\u00e4nger in gelb (1. Lesestufe), f\u00fcr Erstleser ab der ersten bis zweiten Klasse in gr\u00fcn (2. Lesestufe) und f\u00fcr Leseprofis in blau. Jeder Band enth\u00e4lt zus\u00e4tzliche Hilfen speziell f\u00fcr Eltern \u2013 mit cleveren Hinweisen und praktischen Tipps k\u00f6nnen Erwachsene ihre Kinder bestens unterst\u00fctzen.<\/span><\/td><\/tr><tr><td colspan='2'><a href='#' onclick='history.back(); return false'>Zur\u00fcck<\/a><\/td><\/tr><\/tbody><\/table>\n","protected":false},"excerpt":{"rendered":"","protected":false},"author":1,"featured_media":0,"parent":0,"menu_order":0,"comment_status":"closed","ping_status":"closed","template":"","meta":[],"_links":{"self":[{"href":"https:\/\/www.web-rr.de\/GHS-Buecherei\/index.php\/wp-json\/wp\/v2\/pages\/5130"}],"collection":[{"href":"https:\/\/www.web-rr.de\/GHS-Buecherei\/index.php\/wp-json\/wp\/v2\/pages"}],"about":[{"href":"https:\/\/www.web-rr.de\/GHS-Buecherei\/index.php\/wp-json\/wp\/v2\/types\/page"}],"author":[{"embeddable":true,"href":"https:\/\/www.web-rr.de\/GHS-Buecherei\/index.php\/wp-json\/wp\/v2\/users\/1"}],"replies":[{"embeddable":true,"href":"https:\/\/www.web-rr.de\/GHS-Buecherei\/index.php\/wp-json\/wp\/v2\/comments?post=5130"}],"version-history":[{"count":0,"href":"https:\/\/www.web-rr.de\/GHS-Buecherei\/index.php\/wp-json\/wp\/v2\/pages\/5130\/revisions"}],"wp:attachment":[{"href":"https:\/\/www.web-rr.de\/GHS-Buecherei\/index.php\/wp-json\/wp\/v2\/media?parent=5130"}],"curies":[{"name":"wp","href":"https:\/\/api.w.org\/{rel}","templated":true}]}}