{"id":5109,"date":"2021-02-23T20:00:00","date_gmt":"2021-02-23T20:00:00","guid":{"rendered":"https:\/\/www.web-rr.de\/GHS-Buecherei\/?page_id=5109"},"modified":"2021-02-22T23:59:59","modified_gmt":"2021-02-22T23:59:59","slug":"p9783817492480","status":"publish","type":"page","link":"https:\/\/www.web-rr.de\/GHS-Buecherei\/index.php\/p9783817492480\/","title":{"rendered":"Natur &#8211; Wildtiere 01"},"content":{"rendered":"<table><tbody><tr><td class='rDTitel' colspan='2'>Bissig, giftig, t\u00f6dlich! Die gef\u00e4hrlichsten Tiere der Welt<\/td><\/tr><tr><td><span class='rDLabel1'>Status: <\/span><span class='rDText1Gruen'>vorhanden<\/span><\/td><td><span class='rDLabel1'>Antolin: <\/span><span class='rDText1Gruen'>ja, Empfehlung Klasse 4<\/span><\/td><\/tr><tr><td width=50%><img src='https:\/\/www.web-rr.de\/GHS-Buecherei\/wp-content\/uploads\/9783817492480.jpg' alt=''><\/td><td><p class='rDLabel2'>von <span class='rDText2'>Karolin K\u00fcntzel<\/span><\/p><p class='rDLabel2'>Verlag: <span class='rDText2'>Compact Verlag,  2013,  9.99 \u20ac<\/span><\/p><p class='rDLabel2'>B\u00fccherei-Barcode: <span class='rDText2'>9783817492480<\/span><\/p><p class='rDLabel2'>In der B\u00fccherei erfasst am: <span class='rDText2'>01.03.2015<\/span><\/p><p class='rDLabel2'>Stichw\u00f6rter: <span class='rDText2'>Tiere, Schlangen, Raubtiere, Gift, Quiz, Quallen, Spinnen, Fische, Eisb\u00e4ren<\/span><\/p><p class='rDLabel2'>Lesealter ca. <span class='rDText2'>8<\/span><span class='rDLabel2'> Jahre<\/span><\/p><p class='rDLabel2'>Das Buch wurde <span class='rDText2'>13<\/span><span class='rDLabel2'> mal gelesen.<\/span><\/p><\/td><\/tr><tr><td colspan='2'><p class='rDLabel1'>Inhalt:<\/p><span class='rDText2'>In diesem Buch werden im Rahmen eines Streifzuges durch die Kontinente und Meere die gef\u00e4hrlichsten Tiere der Welt vorgestellt. Angefangen bei einer der giftigsten Spinnen der Welt, geht es zu den t\u00f6dlichsten Schlangen, doch auch die massigen Dickh\u00e4uter Afrikas sind nicht zu untersch\u00e4tzen, ganz zu schweigen von den gr\u00f6\u00dften J\u00e4gern wie Eisb\u00e4r, Tiger & Co. Weiter geht die Reise unter der Meeresoberfl\u00e4che, wo die giftigsten Quallen und Fische warten. Jedes Tier wird mit Steckbrief und reichlich Bildmaterial ausf\u00fchrlich vorgestellt und auf einer Gef\u00e4hrlichkeitsskala eingestuft. Ein Quiz am Ende des Buches l\u00e4dt zum Testen und Knobeln ein.<\/span><\/td><\/tr><tr><td colspan='2'><a href='#' onclick='history.back(); return false'>Zur\u00fcck<\/a><\/td><\/tr><\/tbody><\/table>\n","protected":false},"excerpt":{"rendered":"","protected":false},"author":1,"featured_media":0,"parent":0,"menu_order":0,"comment_status":"closed","ping_status":"closed","template":"","meta":[],"_links":{"self":[{"href":"https:\/\/www.web-rr.de\/GHS-Buecherei\/index.php\/wp-json\/wp\/v2\/pages\/5109"}],"collection":[{"href":"https:\/\/www.web-rr.de\/GHS-Buecherei\/index.php\/wp-json\/wp\/v2\/pages"}],"about":[{"href":"https:\/\/www.web-rr.de\/GHS-Buecherei\/index.php\/wp-json\/wp\/v2\/types\/page"}],"author":[{"embeddable":true,"href":"https:\/\/www.web-rr.de\/GHS-Buecherei\/index.php\/wp-json\/wp\/v2\/users\/1"}],"replies":[{"embeddable":true,"href":"https:\/\/www.web-rr.de\/GHS-Buecherei\/index.php\/wp-json\/wp\/v2\/comments?post=5109"}],"version-history":[{"count":0,"href":"https:\/\/www.web-rr.de\/GHS-Buecherei\/index.php\/wp-json\/wp\/v2\/pages\/5109\/revisions"}],"wp:attachment":[{"href":"https:\/\/www.web-rr.de\/GHS-Buecherei\/index.php\/wp-json\/wp\/v2\/media?parent=5109"}],"curies":[{"name":"wp","href":"https:\/\/api.w.org\/{rel}","templated":true}]}}