{"id":5088,"date":"2021-02-23T20:00:00","date_gmt":"2021-02-23T20:00:00","guid":{"rendered":"https:\/\/www.web-rr.de\/GHS-Buecherei\/?page_id=5088"},"modified":"2021-02-22T23:59:59","modified_gmt":"2021-02-22T23:59:59","slug":"p9783833740008","status":"publish","type":"page","link":"https:\/\/www.web-rr.de\/GHS-Buecherei\/index.php\/p9783833740008\/","title":{"rendered":"Natur &#8211; V\u00f6gel 08"},"content":{"rendered":"<table><tbody><tr><td class='rDTitel' colspan='2'>Nennen wir dich doch Piepmatz. Ein Ausflug in die Welt der V\u00f6gel<\/td><\/tr><tr><td><span class='rDLabel1'>Status: <\/span><span class='rDText1Gruen'>vorhanden<\/span><\/td><td><span class='rDLabel1'>Antolin: <\/span><span class='rDText1Gruen'>ja, Empfehlung Klasse 3<\/span><\/td><\/tr><tr><td width=50%><img src='https:\/\/www.web-rr.de\/GHS-Buecherei\/wp-content\/uploads\/9783833740008.jpg' alt=''><\/td><td><p class='rDLabel2'>von <span class='rDText2'>Hanna M\u00fcller, Hannah Stollmayer, Carla Swiderski<\/span><\/p><p class='rDLabel2'>Verlag: <span class='rDText2'>Jumbo Neue Medien + Verla,  2019,  16.00 \u20ac<\/span><\/p><p class='rDLabel2'>B\u00fccherei-Barcode: <span class='rDText2'>9783833740008<\/span><\/p><p class='rDLabel2'>In der B\u00fccherei erfasst am: <span class='rDText2'>25.08.2020<\/span><\/p><p class='rDLabel2'>Stichw\u00f6rter: <span class='rDText2'>V\u00f6gel, Graureiher, Eulen, H\u00fchner<\/span><\/p><p class='rDLabel2'>Lesealter ca. <span class='rDText2'>7<\/span><span class='rDLabel2'> Jahre<\/span><\/p><p class='rDLabel2'>Das Buch wurde <span class='rDText2'>0<\/span><span class='rDLabel2'> mal gelesen.<\/span><\/p><\/td><\/tr><tr><td colspan='2'><p class='rDLabel1'>Inhalt:<\/p><span class='rDText2'>Wild entschlossen, ein sicherer Flieger zu werden, h\u00fcpft ein junger Vogel vom Ast und st\u00f6\u00dft prompt mit Opa Geerd zusammen. Dabei verliert der Kleine sein Ged\u00e4chtnis. Er wei\u00df weder seinen Namen noch was f\u00fcr ein Vogel er ist. Opa Geerd tauft seinen neuen Freund kurzerhand Piepmatz und nimmt ihn auf seinem Elektromobil mit. Gemeinsam werden sie schon herausfinden, wo er hingeh\u00f6rt. Zusammen mit Piepmatz und Opa Geerd geht es auf eine ganz besondere Entdeckungsreise durch die heimische Vogelwelt. Warum k\u00f6nnen Meisen so gut klettern? Wieso steht der Graureiher ganz still im Wasser? Wie fliegen Eulen ger\u00e4uschlos? Und warum essen H\u00fchner kleine Steine? Mit vielen Sachinformationen und Illustrationen werden diese und weitere Fragen anschaulich und kindgerecht erkl\u00e4rt.<\/span><\/td><\/tr><tr><td colspan='2'><a href='#' onclick='history.back(); return false'>Zur\u00fcck<\/a><\/td><\/tr><\/tbody><\/table>\n","protected":false},"excerpt":{"rendered":"","protected":false},"author":1,"featured_media":0,"parent":0,"menu_order":0,"comment_status":"closed","ping_status":"closed","template":"","meta":[],"_links":{"self":[{"href":"https:\/\/www.web-rr.de\/GHS-Buecherei\/index.php\/wp-json\/wp\/v2\/pages\/5088"}],"collection":[{"href":"https:\/\/www.web-rr.de\/GHS-Buecherei\/index.php\/wp-json\/wp\/v2\/pages"}],"about":[{"href":"https:\/\/www.web-rr.de\/GHS-Buecherei\/index.php\/wp-json\/wp\/v2\/types\/page"}],"author":[{"embeddable":true,"href":"https:\/\/www.web-rr.de\/GHS-Buecherei\/index.php\/wp-json\/wp\/v2\/users\/1"}],"replies":[{"embeddable":true,"href":"https:\/\/www.web-rr.de\/GHS-Buecherei\/index.php\/wp-json\/wp\/v2\/comments?post=5088"}],"version-history":[{"count":0,"href":"https:\/\/www.web-rr.de\/GHS-Buecherei\/index.php\/wp-json\/wp\/v2\/pages\/5088\/revisions"}],"wp:attachment":[{"href":"https:\/\/www.web-rr.de\/GHS-Buecherei\/index.php\/wp-json\/wp\/v2\/media?parent=5088"}],"curies":[{"name":"wp","href":"https:\/\/api.w.org\/{rel}","templated":true}]}}