{"id":5020,"date":"2021-02-23T20:00:00","date_gmt":"2021-02-23T20:00:00","guid":{"rendered":"https:\/\/www.web-rr.de\/GHS-Buecherei\/?page_id=5020"},"modified":"2021-02-22T23:59:59","modified_gmt":"2021-02-22T23:59:59","slug":"p9783866132276","status":"publish","type":"page","link":"https:\/\/www.web-rr.de\/GHS-Buecherei\/index.php\/p9783866132276\/","title":{"rendered":"Natur &#8211; Insekten 09"},"content":{"rendered":"<table><tbody><tr><td class='rDTitel' colspan='2'>Was Kinder wissen wollen. K\u00f6nnen Schmetterlinge h\u00f6ren?: Verbl\u00fcffende Antworten \u00fcber kleine Tiere<\/td><\/tr><tr><td><span class='rDLabel1'>Status: <\/span><span class='rDText1Gruen'>vorhanden<\/span><\/td><td><span class='rDLabel1'>Antolin: <\/span><span class='rDText1Gruen'>ja, Empfehlung Klasse 4<\/span><\/td><\/tr><tr><td width=50%><img src='https:\/\/www.web-rr.de\/GHS-Buecherei\/wp-content\/uploads\/9783866132276.jpg' alt=''><\/td><td><p class='rDLabel2'>von <span class='rDText2'>Ulrike Berger<\/span><\/p><p class='rDLabel2'>Verlag: <span class='rDText2'>OZ creativ,  2003,  10.90 \u20ac<\/span><\/p><p class='rDLabel2'>B\u00fccherei-Barcode: <span class='rDText2'>9783866132276<\/span><\/p><p class='rDLabel2'>In der B\u00fccherei erfasst am: <span class='rDText2'>01.04.2013<\/span><\/p><p class='rDLabel2'>Stichw\u00f6rter: <span class='rDText2'>Insekten, Schmetterlinge, Wespen, M\u00fccken, Bienen, Sachbuch<\/span><\/p><p class='rDLabel2'>Lesealter ca. <span class='rDText2'>8<\/span><span class='rDLabel2'> Jahre<\/span><\/p><p class='rDLabel2'>Das Buch wurde <span class='rDText2'>5<\/span><span class='rDLabel2'> mal gelesen.<\/span><\/p><\/td><\/tr><tr><td colspan='2'><p class='rDLabel1'>Inhalt:<\/p><span class='rDText2'>Verbl\u00fcffende Fragen und spannende, leicht verst\u00e4ndliche Antworten; Warum fallen Fliegen nicht von der Decke runter? - Wie alt wird die Eintagsfliege? Wie stark ist eine Ameise? - Warum leuchten Gl\u00fchw\u00fcrmchen? - K\u00f6nnen V\u00f6gel r\u00fcckw\u00e4rts fliegen? - Warum m\u00fcssen Bienen sterben, wenn sie stechen? - Wie l\u00e4uft der Wasserl\u00e4ufer auf dem Wasser? - K\u00f6nnen Fische pupsen? - Warum \u00e4ndert das Cham\u00e4leon seine Farbe? ... und viele Fragen mehr aus der Welt der kleinen Tiere. Da staunen Kinder wie Erwachsene \u00fcber die Wunder der Tierwelt Wie alt wird die Eintagsfliege? K\u00f6nnen Fische pupsen? Warum leuchten Gl\u00fchw\u00fcrmchen? - H\u00e4tten Sie im Zweifelsfall schnell eine plausible Antwort gewusst? Also, f\u00fcr derartige Notsituationen ist dieses h\u00fcbsch gestaltete, unterhaltsame und doch informative Sachbuch genau das Richtige (vgl. \"Was w\u00e4scht der Waschb\u00e4r?\" und \"Woher kommen Blitz und Donner?\", BA 6\/02). Das ruhige Layout - rechts ein ganzseitiges Farbfoto, links ein kurzer Antworttext daneben ein K\u00e4stchen mit spezifischen Daten zum vorgestellten Tier und dazu kleine, lustige Cartoons - wird neugierigen Kindern, Eltern, Kinderg\u00e4rtnerinnen Spa\u00df machen<\/span><\/td><\/tr><tr><td colspan='2'><a href='#' onclick='history.back(); return false'>Zur\u00fcck<\/a><\/td><\/tr><\/tbody><\/table>\n","protected":false},"excerpt":{"rendered":"","protected":false},"author":1,"featured_media":0,"parent":0,"menu_order":0,"comment_status":"closed","ping_status":"closed","template":"","meta":[],"_links":{"self":[{"href":"https:\/\/www.web-rr.de\/GHS-Buecherei\/index.php\/wp-json\/wp\/v2\/pages\/5020"}],"collection":[{"href":"https:\/\/www.web-rr.de\/GHS-Buecherei\/index.php\/wp-json\/wp\/v2\/pages"}],"about":[{"href":"https:\/\/www.web-rr.de\/GHS-Buecherei\/index.php\/wp-json\/wp\/v2\/types\/page"}],"author":[{"embeddable":true,"href":"https:\/\/www.web-rr.de\/GHS-Buecherei\/index.php\/wp-json\/wp\/v2\/users\/1"}],"replies":[{"embeddable":true,"href":"https:\/\/www.web-rr.de\/GHS-Buecherei\/index.php\/wp-json\/wp\/v2\/comments?post=5020"}],"version-history":[{"count":0,"href":"https:\/\/www.web-rr.de\/GHS-Buecherei\/index.php\/wp-json\/wp\/v2\/pages\/5020\/revisions"}],"wp:attachment":[{"href":"https:\/\/www.web-rr.de\/GHS-Buecherei\/index.php\/wp-json\/wp\/v2\/media?parent=5020"}],"curies":[{"name":"wp","href":"https:\/\/api.w.org\/{rel}","templated":true}]}}