{"id":4960,"date":"2021-02-23T20:00:00","date_gmt":"2021-02-23T20:00:00","guid":{"rendered":"https:\/\/www.web-rr.de\/GHS-Buecherei\/?page_id=4960"},"modified":"2021-02-22T23:59:59","modified_gmt":"2021-02-22T23:59:59","slug":"p9783219116908","status":"publish","type":"page","link":"https:\/\/www.web-rr.de\/GHS-Buecherei\/index.php\/p9783219116908\/","title":{"rendered":"Musik 35"},"content":{"rendered":"<table><tbody><tr><td class='rDTitel' colspan='2'>Die Mondscheinsonate: Eine Geschichte zur Klaviersonate von Ludwig van Beethoven (Musikalisches Bilderbuch mit CD)<\/td><\/tr><tr><td><span class='rDLabel1'>Status: <\/span><span class='rDText1Gruen'>vorhanden<\/span><\/td><td><span class='rDLabel1'>Antolin: <\/span><span class='rDText1Gruen'>ja, Empfehlung Klasse 4<\/span><\/td><\/tr><tr><td width=50%><img src='https:\/\/www.web-rr.de\/GHS-Buecherei\/wp-content\/uploads\/9783219116908.jpg' alt=''><\/td><td><p class='rDLabel2'>von <span class='rDText2'>Doris Eisenburger<\/span><\/p><p class='rDLabel2'>Verlag: <span class='rDText2'>Annette Betz, Imprint von Ueberreuter Verlag,  2016,  22.95 \u20ac<\/span><\/p><p class='rDLabel2'>B\u00fccherei-Barcode: <span class='rDText2'>9783219116908<\/span><\/p><p class='rDLabel2'>In der B\u00fccherei erfasst am: <span class='rDText2'>30.10.2018<\/span><\/p><p class='rDLabel2'>Stichw\u00f6rter: <span class='rDText2'>Fr\u00fchlingskonzert, Wiesenbewohner, Maus, Maulwurf, Kr\u00f6te, Klaviersonate<\/span><\/p><p class='rDLabel2'>Lesealter ca. <span class='rDText2'>8<\/span><span class='rDLabel2'> Jahre<\/span><\/p><p class='rDLabel2'>Das Buch wurde <span class='rDText2'>1<\/span><span class='rDLabel2'> mal gelesen.<\/span><\/p><\/td><\/tr><tr><td colspan='2'><p class='rDLabel1'>Inhalt:<\/p><span class='rDText2'>Fr\u00fchlingskonzert im MondscheinIm Mondschein finden sich alle Wiesenbewohner am Seeufer ein, denn Luigi, Maik\u00e4fer und ber\u00fchmter Pianist, spielt auf. Familie Maus, Herr Maulwurf, das Ehepaar Kr\u00f6te und viele andere staunen, als die Musik klar \u00fcber die Wiese t\u00f6nt, die Nachtfalter in Blattgondeln \u00fcber das Wasser ziehen und Feen den Tanz einleiten. Doch pl\u00f6tzlich kommt Wind auf und die Zuschauer werden ganz sch\u00f6n umhergepustet, w\u00e4hrend Luigi weiter temperamentvoll in dieTasten haut. So endet das Wiesenkonzert turbulent, doch in einem sind sich alle einig: Es wird einfach unvergesslich bleiben!Doris Eisenburger setzt Ludwig van Beethovens weltber\u00fchmte Mondscheinsonate unvergleichlich in Szene und schafft dabei eine Atmosph\u00e4re zum Tr\u00e4umen. Die beiliegende CD enth\u00e4lt die Geschichte und die gesamte Klaviersonate.<\/span><\/td><\/tr><tr><td colspan='2'><a href='#' onclick='history.back(); return false'>Zur\u00fcck<\/a><\/td><\/tr><\/tbody><\/table>\n","protected":false},"excerpt":{"rendered":"","protected":false},"author":1,"featured_media":0,"parent":0,"menu_order":0,"comment_status":"closed","ping_status":"closed","template":"","meta":[],"_links":{"self":[{"href":"https:\/\/www.web-rr.de\/GHS-Buecherei\/index.php\/wp-json\/wp\/v2\/pages\/4960"}],"collection":[{"href":"https:\/\/www.web-rr.de\/GHS-Buecherei\/index.php\/wp-json\/wp\/v2\/pages"}],"about":[{"href":"https:\/\/www.web-rr.de\/GHS-Buecherei\/index.php\/wp-json\/wp\/v2\/types\/page"}],"author":[{"embeddable":true,"href":"https:\/\/www.web-rr.de\/GHS-Buecherei\/index.php\/wp-json\/wp\/v2\/users\/1"}],"replies":[{"embeddable":true,"href":"https:\/\/www.web-rr.de\/GHS-Buecherei\/index.php\/wp-json\/wp\/v2\/comments?post=4960"}],"version-history":[{"count":0,"href":"https:\/\/www.web-rr.de\/GHS-Buecherei\/index.php\/wp-json\/wp\/v2\/pages\/4960\/revisions"}],"wp:attachment":[{"href":"https:\/\/www.web-rr.de\/GHS-Buecherei\/index.php\/wp-json\/wp\/v2\/media?parent=4960"}],"curies":[{"name":"wp","href":"https:\/\/api.w.org\/{rel}","templated":true}]}}