{"id":4941,"date":"2021-02-23T20:00:00","date_gmt":"2021-02-23T20:00:00","guid":{"rendered":"https:\/\/www.web-rr.de\/GHS-Buecherei\/?page_id=4941"},"modified":"2021-02-22T23:59:59","modified_gmt":"2021-02-22T23:59:59","slug":"p9788799566754","status":"publish","type":"page","link":"https:\/\/www.web-rr.de\/GHS-Buecherei\/index.php\/p9788799566754\/","title":{"rendered":"Musik 17"},"content":{"rendered":"<table><tbody><tr><td class='rDTitel' colspan='2'>Klavierspiel und Spass Band 2 - f\u00fcr Klavier<\/td><\/tr><tr><td><span class='rDLabel1'>Status: <\/span><span class='rDText1Gruen'>vorhanden<\/span><\/td><td><span class='rDLabel1'>Antolin: <\/span><span class='rDText1Rot'>Quiz nicht vorhanden.<\/span><\/td><\/tr><tr><td width=50%><img src='https:\/\/www.web-rr.de\/GHS-Buecherei\/wp-content\/uploads\/9788799566754.jpg' alt=''><\/td><td><p class='rDLabel2'>von <span class='rDText2'>Pernille Holm Kofod<\/span><\/p><p class='rDLabel2'>Verlag: <span class='rDText2'>Edition Doremi ApS,  2016,  24.95 \u20ac<\/span><\/p><p class='rDLabel2'>B\u00fccherei-Barcode: <span class='rDText2'>9788799566754<\/span><\/p><p class='rDLabel2'>In der B\u00fccherei erfasst am: <span class='rDText2'>25.08.2020<\/span><\/p><p class='rDLabel2'>Stichw\u00f6rter: <span class='rDText2'>Klavier, Lernen, Noten, Notenlernen<\/span><\/p><p class='rDLabel2'>Lesealter ca. <span class='rDText2'>-<\/span><span class='rDLabel2'> Jahre<\/span><\/p><p class='rDLabel2'>Das Buch wurde <span class='rDText2'>0<\/span><span class='rDLabel2'> mal gelesen.<\/span><\/p><\/td><\/tr><tr><td colspan='2'><p class='rDLabel1'>Inhalt:<\/p><span class='rDText2'>Besetzung: Tasten- + Balg-instrumente, Klavier, Zweihaendig\r\nSchoeller Olsen, Sandra, Illustrationen f\u00fcr Kinder, Eltern und Gro\u00dfeltern mit Tastenschablone 28 bekannte Kinderlieder, 28 Aufgaben zum Notenlernen, Videomodul mit 28 Videoclips f\u00fcr PC, iPad und Handy zum Downloaden auf www.klavierundspass.de Kann sowohl zu Hause als auch in der Musikschule verwendet werden. Das Buch verf\u00fcgt \u00fcber eine Auswahl an verschiedenen bekannten Liedern f\u00fcr Kinder aller Altersgruppen. Die bunte Figurenwelt als Lehrmethode bildet auch die Basis von Band 2, wo sich das Spiel des Kindes nun erheblich weiterentwickelt. Das Buch bietet zudem 28 Aufgaben zum Notenlernen, die den \u00dcbergang von der bunten Figurenwelt zur traditionellen Notenwelt erarbeiten. Denn diese traditionelle Notenwelt ist nach wie vor eine universelle Musiksprache. Die bunten Figuren helfen lediglich, einen leichteren Zugang zu dieser Musiksprache zu finden.<\/span><\/td><\/tr><tr><td colspan='2'><a href='#' onclick='history.back(); return false'>Zur\u00fcck<\/a><\/td><\/tr><\/tbody><\/table>\n","protected":false},"excerpt":{"rendered":"","protected":false},"author":1,"featured_media":0,"parent":0,"menu_order":0,"comment_status":"closed","ping_status":"closed","template":"","meta":[],"_links":{"self":[{"href":"https:\/\/www.web-rr.de\/GHS-Buecherei\/index.php\/wp-json\/wp\/v2\/pages\/4941"}],"collection":[{"href":"https:\/\/www.web-rr.de\/GHS-Buecherei\/index.php\/wp-json\/wp\/v2\/pages"}],"about":[{"href":"https:\/\/www.web-rr.de\/GHS-Buecherei\/index.php\/wp-json\/wp\/v2\/types\/page"}],"author":[{"embeddable":true,"href":"https:\/\/www.web-rr.de\/GHS-Buecherei\/index.php\/wp-json\/wp\/v2\/users\/1"}],"replies":[{"embeddable":true,"href":"https:\/\/www.web-rr.de\/GHS-Buecherei\/index.php\/wp-json\/wp\/v2\/comments?post=4941"}],"version-history":[{"count":0,"href":"https:\/\/www.web-rr.de\/GHS-Buecherei\/index.php\/wp-json\/wp\/v2\/pages\/4941\/revisions"}],"wp:attachment":[{"href":"https:\/\/www.web-rr.de\/GHS-Buecherei\/index.php\/wp-json\/wp\/v2\/media?parent=4941"}],"curies":[{"name":"wp","href":"https:\/\/api.w.org\/{rel}","templated":true}]}}