{"id":4934,"date":"2021-02-23T20:00:00","date_gmt":"2021-02-23T20:00:00","guid":{"rendered":"https:\/\/www.web-rr.de\/GHS-Buecherei\/?page_id=4934"},"modified":"2021-02-22T23:59:59","modified_gmt":"2021-02-22T23:59:59","slug":"p9783219107463","status":"publish","type":"page","link":"https:\/\/www.web-rr.de\/GHS-Buecherei\/index.php\/p9783219107463\/","title":{"rendered":"Musik 10"},"content":{"rendered":"<table><tbody><tr><td class='rDTitel' colspan='2'>Tina und das Orchester. Mein erstes Buch \u00fcber die Musikinstrumente. Mit CD.<\/td><\/tr><tr><td><span class='rDLabel1'>Status: <\/span><span class='rDText1Gruen'>vorhanden<\/span><\/td><td><span class='rDLabel1'>Antolin: <\/span><span class='rDText1Gruen'>ja, Empfehlung Klasse 4<\/span><\/td><\/tr><tr><td width=50%><img src='https:\/\/www.web-rr.de\/GHS-Buecherei\/wp-content\/uploads\/9783219107463.jpg' alt=''><\/td><td><p class='rDLabel2'>von <span class='rDText2'>Marko Simsa<\/span><\/p><p class='rDLabel2'>Verlag: <span class='rDText2'>Betz, Wien,  1999,  19.95 \u20ac<\/span><\/p><p class='rDLabel2'>B\u00fccherei-Barcode: <span class='rDText2'>9783219107463<\/span><\/p><p class='rDLabel2'>In der B\u00fccherei erfasst am: <span class='rDText2'>01.04.2013<\/span><\/p><p class='rDLabel2'>Stichw\u00f6rter: <span class='rDText2'>Geige, Cello, Trompete, Fl\u00f6te, Klarinette, Orchester, Instrumente<\/span><\/p><p class='rDLabel2'>Lesealter ca. <span class='rDText2'>8<\/span><span class='rDLabel2'> Jahre<\/span><\/p><p class='rDLabel2'>Das Buch wurde <span class='rDText2'>5<\/span><span class='rDLabel2'> mal gelesen.<\/span><\/p><\/td><\/tr><tr><td colspan='2'><p class='rDLabel1'>Inhalt:<\/p><span class='rDText2'>Tinas Onkel ist Dirigent. Er hat sich f\u00fcr Tina ein besonderes Geburtstagsgeschenk ausgedacht: Sie darf zur Orchesterprobe mitkommen und am Abend das festliche Konzert besuchen! Die Musikerinnen und Musiker zeigen Tina ihre Instrumente, erkl\u00e4ren deren Besonderheiten und wie man ihnen T\u00f6ne entlockt und spielen kurze St\u00fccke vor. Dass die Geige sogar miauen kann, die Querfl\u00f6te wie ein Vogel trillert und die Bassgeige wie ein B\u00e4r brummt das beeindruckt nicht nur Tina, sondern auch ihren Kater Silvester: Tina hat ihn ausnahmsweise zur Probe mitnehmen d\u00fcrfen! Mit Tina, Onkel Theo und dem Kater Silvester lernen Kinder auf lustige, spielerische Weise die Instrumente des Orchesters kennen. Auf der dem Buch beigepackten CD wird jedes Instrument in Tonbeispielen und Begleittexten vorgestellt. Den Abschluss bildet ein Orchesterst\u00fcck, aus dem man das Zusammenspiel der einzelnen Instrumente besonders gut erkennen kann. Die Instrumente des Orchesters: witzig, kompetent und kindgerecht erkl\u00e4rt! Auf der Begleit-CD: zahlreiche Tonbeispiele und erkl\u00e4rende Texte zu jedem Instrument.<\/span><\/td><\/tr><tr><td colspan='2'><a href='#' onclick='history.back(); return false'>Zur\u00fcck<\/a><\/td><\/tr><\/tbody><\/table>\n","protected":false},"excerpt":{"rendered":"","protected":false},"author":1,"featured_media":0,"parent":0,"menu_order":0,"comment_status":"closed","ping_status":"closed","template":"","meta":[],"_links":{"self":[{"href":"https:\/\/www.web-rr.de\/GHS-Buecherei\/index.php\/wp-json\/wp\/v2\/pages\/4934"}],"collection":[{"href":"https:\/\/www.web-rr.de\/GHS-Buecherei\/index.php\/wp-json\/wp\/v2\/pages"}],"about":[{"href":"https:\/\/www.web-rr.de\/GHS-Buecherei\/index.php\/wp-json\/wp\/v2\/types\/page"}],"author":[{"embeddable":true,"href":"https:\/\/www.web-rr.de\/GHS-Buecherei\/index.php\/wp-json\/wp\/v2\/users\/1"}],"replies":[{"embeddable":true,"href":"https:\/\/www.web-rr.de\/GHS-Buecherei\/index.php\/wp-json\/wp\/v2\/comments?post=4934"}],"version-history":[{"count":0,"href":"https:\/\/www.web-rr.de\/GHS-Buecherei\/index.php\/wp-json\/wp\/v2\/pages\/4934\/revisions"}],"wp:attachment":[{"href":"https:\/\/www.web-rr.de\/GHS-Buecherei\/index.php\/wp-json\/wp\/v2\/media?parent=4934"}],"curies":[{"name":"wp","href":"https:\/\/api.w.org\/{rel}","templated":true}]}}