{"id":4849,"date":"2021-02-23T20:00:00","date_gmt":"2021-02-23T20:00:00","guid":{"rendered":"https:\/\/www.web-rr.de\/GHS-Buecherei\/?page_id=4849"},"modified":"2021-02-22T23:59:59","modified_gmt":"2021-02-22T23:59:59","slug":"p9783866834033","status":"publish","type":"page","link":"https:\/\/www.web-rr.de\/GHS-Buecherei\/index.php\/p9783866834033\/","title":{"rendered":"M\u00e4rchen 52"},"content":{"rendered":"<table><tbody><tr><td class='rDTitel' colspan='2'>Der kleine Stern: M\u00e4rchen und Weisheitsgeschichten<\/td><\/tr><tr><td><span class='rDLabel1'>Status: <\/span><span class='rDText1Gruen'>vorhanden<\/span><\/td><td><span class='rDLabel1'>Antolin: <\/span><span class='rDText1Rot'>Quiz nicht vorhanden.<\/span><\/td><\/tr><tr><td width=50%><img src='https:\/\/www.web-rr.de\/GHS-Buecherei\/wp-content\/uploads\/9783866834033.jpg' alt=''><\/td><td><p class='rDLabel2'>von <span class='rDText2'>Barbara Mertens<\/span><\/p><p class='rDLabel2'>Verlag: <span class='rDText2'>Wagner Verlag, Gelnhausen,  2008,  11.80 \u20ac<\/span><\/p><p class='rDLabel2'>B\u00fccherei-Barcode: <span class='rDText2'>9783866834033<\/span><\/p><p class='rDLabel2'>In der B\u00fccherei erfasst am: <span class='rDText2'>01.04.2014<\/span><\/p><p class='rDLabel2'>Stichw\u00f6rter: <span class='rDText2'>Stern, Reise, Traum, Feen, Elfen, Zauberern,<\/span><\/p><p class='rDLabel2'>Lesealter ca. <span class='rDText2'>-<\/span><span class='rDLabel2'> Jahre<\/span><\/p><p class='rDLabel2'>Das Buch wurde <span class='rDText2'>0<\/span><span class='rDLabel2'> mal gelesen.<\/span><\/p><\/td><\/tr><tr><td colspan='2'><p class='rDLabel1'>Inhalt:<\/p><span class='rDText2'>Ein kleiner Stern macht die Welt heller, als er f\u00fcr andere zu scheinen beginnt. Ein M\u00e4dchen f\u00fcrchtet sich nicht mehr vor ihren Tr\u00e4umen, da sie auf einer Reise deren Herkunft entdeckt. Ein Schmetterling lernt, dass wahre Sch\u00f6nheit aus dem Herzen kommt. Die Erz\u00e4hlungen in 'Der kleine Stern - M\u00e4rchen und Weisheitsgeschichten' laden Kinder und Erwachsene ein, gemeinsam mit Feen, Elfen, Zauberern, Sternen und Tieren auf Reisen zu gehen, Grenzen zu \u00fcberwinden und das Leben von einem spirituellen Blickwinkel aus zu betrachten. Kleinen und gro\u00dfen Lesern er\u00f6ffnen sie Zug\u00e4nge, die eigene Intuition zu sp\u00fcren und das Lebensgl\u00fcck zu finden.<\/span><\/td><\/tr><tr><td colspan='2'><a href='#' onclick='history.back(); return false'>Zur\u00fcck<\/a><\/td><\/tr><\/tbody><\/table>\n","protected":false},"excerpt":{"rendered":"","protected":false},"author":1,"featured_media":0,"parent":0,"menu_order":0,"comment_status":"closed","ping_status":"closed","template":"","meta":[],"_links":{"self":[{"href":"https:\/\/www.web-rr.de\/GHS-Buecherei\/index.php\/wp-json\/wp\/v2\/pages\/4849"}],"collection":[{"href":"https:\/\/www.web-rr.de\/GHS-Buecherei\/index.php\/wp-json\/wp\/v2\/pages"}],"about":[{"href":"https:\/\/www.web-rr.de\/GHS-Buecherei\/index.php\/wp-json\/wp\/v2\/types\/page"}],"author":[{"embeddable":true,"href":"https:\/\/www.web-rr.de\/GHS-Buecherei\/index.php\/wp-json\/wp\/v2\/users\/1"}],"replies":[{"embeddable":true,"href":"https:\/\/www.web-rr.de\/GHS-Buecherei\/index.php\/wp-json\/wp\/v2\/comments?post=4849"}],"version-history":[{"count":0,"href":"https:\/\/www.web-rr.de\/GHS-Buecherei\/index.php\/wp-json\/wp\/v2\/pages\/4849\/revisions"}],"wp:attachment":[{"href":"https:\/\/www.web-rr.de\/GHS-Buecherei\/index.php\/wp-json\/wp\/v2\/media?parent=4849"}],"curies":[{"name":"wp","href":"https:\/\/api.w.org\/{rel}","templated":true}]}}