{"id":4843,"date":"2021-02-23T20:00:00","date_gmt":"2021-02-23T20:00:00","guid":{"rendered":"https:\/\/www.web-rr.de\/GHS-Buecherei\/?page_id=4843"},"modified":"2021-02-22T23:59:59","modified_gmt":"2021-02-22T23:59:59","slug":"p2000001000830","status":"publish","type":"page","link":"https:\/\/www.web-rr.de\/GHS-Buecherei\/index.php\/p2000001000830\/","title":{"rendered":"M\u00e4rchen 46"},"content":{"rendered":"<table><tbody><tr><td class='rDTitel' colspan='2'>Komm in den Garten der B\u00e4ume<\/td><\/tr><tr><td><span class='rDLabel1'>Status: <\/span><span class='rDText1Gruen'>vorhanden<\/span><\/td><td><span class='rDLabel1'>Antolin: <\/span><span class='rDText1Rot'>Quiz nicht vorhanden.<\/span><\/td><\/tr><tr><td width=50%><img src='https:\/\/www.web-rr.de\/GHS-Buecherei\/wp-content\/uploads\/2000001000830.jpg' alt=''><\/td><td><p class='rDLabel2'>von <span class='rDText2'>Regina Appel<\/span><\/p><p class='rDLabel2'>Verlag: <span class='rDText2'>Ehgart und Albohn,  2008,  22.80 \u20ac<\/span><\/p><p class='rDLabel2'>B\u00fccherei-Barcode: <span class='rDText2'>2000001000830<\/span><\/p><p class='rDLabel2'>In der B\u00fccherei erfasst am: <span class='rDText2'>01.04.2014<\/span><\/p><p class='rDLabel2'>Stichw\u00f6rter: <span class='rDText2'>Garten, Oma, Baumfee<\/span><\/p><p class='rDLabel2'>Lesealter ca. <span class='rDText2'>-<\/span><span class='rDLabel2'> Jahre<\/span><\/p><p class='rDLabel2'>Das Buch wurde <span class='rDText2'>0<\/span><span class='rDLabel2'> mal gelesen.<\/span><\/p><\/td><\/tr><tr><td colspan='2'><p class='rDLabel1'>Inhalt:<\/p><span class='rDText2'>Diese m\u00e4rchenhafte Sachgeschichte f\u00fchrt die LeserInnen in den Garten der B\u00e4ume. Oft besuchen Maria und ihre Oma den alten Garten im Herzen der Stadt. Hier erz\u00e4hlt Oma ihrer wissbegierigen Enkelin die Geschichten von der geheimnissvolen Baumfee. Diese wird von den jungen B\u00e4umen herbeigew\u00fcnscht, um sich ihre Herzensw\u00fcnsche erf\u00fcllen zu lassen. So geschehen wirklich wundersame Dinge und die Fee hilft den B\u00e4umen. Sie erhalten veschiedenartige Bl\u00e4tter, Fr\u00fcchte und ein Rindenkleid, dass die B\u00e4ume einzigartig werden l\u00e4\u00dft. In der Erz\u00e4hlung wird M\u00e4rchenhaftes mit Wissenselementen kombiniert und im Zwischenpart erhalten die LeserInnen einen realen Blick in den sch\u00f6n angelegten Garten. Das Buch l\u00e4\u00dft sich wunderbar in W\u00e4ldern, G\u00e4rten, Parks und zu Hause lesen und kann im Kindergarten und im Sachunterricht eingesetzt werden. F\u00fcr Interessierte ist ein Wissensteil \u00fcber die zehn B\u00e4ume erarbeitet und im hinteren Teil des Buches zu finden. Wer Lust hat, mit Naturelementen kreativ t\u00e4tig zu sein, findet am Schluss des Buches noch Anregungen.<\/span><\/td><\/tr><tr><td colspan='2'><a href='#' onclick='history.back(); return false'>Zur\u00fcck<\/a><\/td><\/tr><\/tbody><\/table>\n","protected":false},"excerpt":{"rendered":"","protected":false},"author":1,"featured_media":0,"parent":0,"menu_order":0,"comment_status":"closed","ping_status":"closed","template":"","meta":[],"_links":{"self":[{"href":"https:\/\/www.web-rr.de\/GHS-Buecherei\/index.php\/wp-json\/wp\/v2\/pages\/4843"}],"collection":[{"href":"https:\/\/www.web-rr.de\/GHS-Buecherei\/index.php\/wp-json\/wp\/v2\/pages"}],"about":[{"href":"https:\/\/www.web-rr.de\/GHS-Buecherei\/index.php\/wp-json\/wp\/v2\/types\/page"}],"author":[{"embeddable":true,"href":"https:\/\/www.web-rr.de\/GHS-Buecherei\/index.php\/wp-json\/wp\/v2\/users\/1"}],"replies":[{"embeddable":true,"href":"https:\/\/www.web-rr.de\/GHS-Buecherei\/index.php\/wp-json\/wp\/v2\/comments?post=4843"}],"version-history":[{"count":0,"href":"https:\/\/www.web-rr.de\/GHS-Buecherei\/index.php\/wp-json\/wp\/v2\/pages\/4843\/revisions"}],"wp:attachment":[{"href":"https:\/\/www.web-rr.de\/GHS-Buecherei\/index.php\/wp-json\/wp\/v2\/media?parent=4843"}],"curies":[{"name":"wp","href":"https:\/\/api.w.org\/{rel}","templated":true}]}}