{"id":4830,"date":"2021-02-23T20:00:00","date_gmt":"2021-02-23T20:00:00","guid":{"rendered":"https:\/\/www.web-rr.de\/GHS-Buecherei\/?page_id=4830"},"modified":"2021-02-22T23:59:59","modified_gmt":"2021-02-22T23:59:59","slug":"p2000001021026","status":"publish","type":"page","link":"https:\/\/www.web-rr.de\/GHS-Buecherei\/index.php\/p2000001021026\/","title":{"rendered":"M\u00e4rchen 29"},"content":{"rendered":"<table><tbody><tr><td class='rDTitel' colspan='2'>F\u00fcnf M\u00e4rchen und eine kleine Geschichte<\/td><\/tr><tr><td><span class='rDLabel1'>Status: <\/span><span class='rDText1Gruen'>vorhanden<\/span><\/td><td><span class='rDLabel1'>Antolin: <\/span><span class='rDText1Rot'>Quiz nicht vorhanden.<\/span><\/td><\/tr><tr><td width=50%><img src='https:\/\/www.web-rr.de\/GHS-Buecherei\/wp-content\/uploads\/2000001021026.jpg' alt=''><\/td><td><p class='rDLabel2'>von <span class='rDText2'>Herma Schotkovsky-Storfer<\/span><\/p><p class='rDLabel2'>Verlag: <span class='rDText2'>Fischer (Rita G.), Frankfurt,  2007,  9.80 \u20ac<\/span><\/p><p class='rDLabel2'>B\u00fccherei-Barcode: <span class='rDText2'>2000001021026<\/span><\/p><p class='rDLabel2'>In der B\u00fccherei erfasst am: <span class='rDText2'>01.04.2014<\/span><\/p><p class='rDLabel2'>Stichw\u00f6rter: <span class='rDText2'>G\u00e4rtner, Struppi, K\u00f6nig Gockelhahn<\/span><\/p><p class='rDLabel2'>Lesealter ca. <span class='rDText2'>-<\/span><span class='rDLabel2'> Jahre<\/span><\/p><p class='rDLabel2'>Das Buch wurde <span class='rDText2'>0<\/span><span class='rDLabel2'> mal gelesen.<\/span><\/p><\/td><\/tr><tr><td colspan='2'><p class='rDLabel1'>Inhalt:<\/p><span class='rDText2'>Am Rande einer kleinen Stadt steht eine kleine G\u00e4rtnerei mit einem kleinen G\u00e4rtnerhaus. Werglaubt, dort wohnt nur der G\u00e4rtner mit seiner Frau, der wei\u00df nicht, dass vor und hinter undneben und unter dem Haus Lebewesen verschiedenster Art existieren.Da gibt es den Hund Struppi, der mit seinem Flohvolk in seiner Hundeh\u00fctte lebt. DenGro\u00dfteil des Hofes aber nimmt K\u00f6nig Gockelhahn mit seinen H\u00fchnern ein. In ihremErdk\u00e4mmerchen unter dem Gartenboden wohnt M\u00f6hrle, die kleine Mohrr\u00fcbe, die sich nachFrau Sonne sehnt. Inmitten ihrer gro\u00dfen Verwandtschaft leben die kleinen G\u00e4nsebl\u00fcmchenauf der Wiese hinter dem Hof. Selbst ein freches M\u00e4usepaar haust im Keller desG\u00e4rtnerhauses. Und alles, was da lebt, sich regt und bewegt, schl\u00fcpfte mit den G\u00e4rtnersleutenund deren Enkelkind in dieses Buch. Auch wenn sie schon gestorben sind, leben sie nochdort.F\u00fcr kleine und gro\u00dfe Leute.<\/span><\/td><\/tr><tr><td colspan='2'><a href='#' onclick='history.back(); return false'>Zur\u00fcck<\/a><\/td><\/tr><\/tbody><\/table>\n","protected":false},"excerpt":{"rendered":"","protected":false},"author":1,"featured_media":0,"parent":0,"menu_order":0,"comment_status":"closed","ping_status":"closed","template":"","meta":[],"_links":{"self":[{"href":"https:\/\/www.web-rr.de\/GHS-Buecherei\/index.php\/wp-json\/wp\/v2\/pages\/4830"}],"collection":[{"href":"https:\/\/www.web-rr.de\/GHS-Buecherei\/index.php\/wp-json\/wp\/v2\/pages"}],"about":[{"href":"https:\/\/www.web-rr.de\/GHS-Buecherei\/index.php\/wp-json\/wp\/v2\/types\/page"}],"author":[{"embeddable":true,"href":"https:\/\/www.web-rr.de\/GHS-Buecherei\/index.php\/wp-json\/wp\/v2\/users\/1"}],"replies":[{"embeddable":true,"href":"https:\/\/www.web-rr.de\/GHS-Buecherei\/index.php\/wp-json\/wp\/v2\/comments?post=4830"}],"version-history":[{"count":0,"href":"https:\/\/www.web-rr.de\/GHS-Buecherei\/index.php\/wp-json\/wp\/v2\/pages\/4830\/revisions"}],"wp:attachment":[{"href":"https:\/\/www.web-rr.de\/GHS-Buecherei\/index.php\/wp-json\/wp\/v2\/media?parent=4830"}],"curies":[{"name":"wp","href":"https:\/\/api.w.org\/{rel}","templated":true}]}}