{"id":4829,"date":"2021-02-23T20:00:00","date_gmt":"2021-02-23T20:00:00","guid":{"rendered":"https:\/\/www.web-rr.de\/GHS-Buecherei\/?page_id=4829"},"modified":"2021-02-22T23:59:59","modified_gmt":"2021-02-22T23:59:59","slug":"p9783833945564","status":"publish","type":"page","link":"https:\/\/www.web-rr.de\/GHS-Buecherei\/index.php\/p9783833945564\/","title":{"rendered":"M\u00e4rchen 28"},"content":{"rendered":"<table><tbody><tr><td class='rDTitel' colspan='2'>Die andere M\u00e4rchenbibliothek 04. Hans mein Igel und der Teufel mit den drei goldenen Haaren<\/td><\/tr><tr><td><span class='rDLabel1'>Status: <\/span><span class='rDText1Gruen'>vorhanden<\/span><\/td><td><span class='rDLabel1'>Antolin: <\/span><span class='rDText1Rot'>Quiz nicht vorhanden.<\/span><\/td><\/tr><tr><td width=50%><img src='https:\/\/www.web-rr.de\/GHS-Buecherei\/wp-content\/uploads\/9783833945564.jpg' alt=''><\/td><td><p class='rDLabel2'>von <span class='rDText2'>Otto Waalkes<\/span><\/p><p class='rDLabel2'>Verlag: <span class='rDText2'>Subito!,  2007,  6.90 \u20ac<\/span><\/p><p class='rDLabel2'>B\u00fccherei-Barcode: <span class='rDText2'>9783833945564<\/span><\/p><p class='rDLabel2'>In der B\u00fccherei erfasst am: <span class='rDText2'>01.04.2014<\/span><\/p><p class='rDLabel2'>Stichw\u00f6rter: <span class='rDText2'>Br\u00fcder Grimm, Abenteuer, Igel<\/span><\/p><p class='rDLabel2'>Lesealter ca. <span class='rDText2'>-<\/span><span class='rDLabel2'> Jahre<\/span><\/p><p class='rDLabel2'>Das Buch wurde <span class='rDText2'>1<\/span><span class='rDLabel2'> mal gelesen.<\/span><\/p><\/td><\/tr><tr><td colspan='2'><p class='rDLabel1'>Inhalt:<\/p><span class='rDText2'>Eine der seltsamsten Erscheinungen in den M\u00e4rchen der Br\u00fcder Grimm ist Hans mein Igel - nicht zu verwechseln mit dem Igel, der dem Hasen zum Verh\u00e4ngnis wird. Nein, Hans mein Igel ist die Ausgeburt des verzweifelten Kinderwunsches eines wunderlichen M\u00e4rchenp\u00e4rchens. Den Dudelsack blasend und reitend auf einem Gockel zieht er hinaus in die Welt und in die Unterwelt, wo er den Teufel um drei goldene Haare erleichtert, alles um seine geliebte Prinzessin Fedora zu erobern. Hans mein Igel unterscheidet sich von Frodo dem Hobbitt haupts\u00e4chlich darin, dass seine abenteuerliche Geschichte nur einen Bruchteil der Zeit beansprucht, den der \"Herr der Ringe\" uns gestohlen hat, und dass nur 7 Zwerge darin Platz finden.<\/span><\/td><\/tr><tr><td colspan='2'><a href='#' onclick='history.back(); return false'>Zur\u00fcck<\/a><\/td><\/tr><\/tbody><\/table>\n","protected":false},"excerpt":{"rendered":"","protected":false},"author":1,"featured_media":0,"parent":0,"menu_order":0,"comment_status":"closed","ping_status":"closed","template":"","meta":[],"_links":{"self":[{"href":"https:\/\/www.web-rr.de\/GHS-Buecherei\/index.php\/wp-json\/wp\/v2\/pages\/4829"}],"collection":[{"href":"https:\/\/www.web-rr.de\/GHS-Buecherei\/index.php\/wp-json\/wp\/v2\/pages"}],"about":[{"href":"https:\/\/www.web-rr.de\/GHS-Buecherei\/index.php\/wp-json\/wp\/v2\/types\/page"}],"author":[{"embeddable":true,"href":"https:\/\/www.web-rr.de\/GHS-Buecherei\/index.php\/wp-json\/wp\/v2\/users\/1"}],"replies":[{"embeddable":true,"href":"https:\/\/www.web-rr.de\/GHS-Buecherei\/index.php\/wp-json\/wp\/v2\/comments?post=4829"}],"version-history":[{"count":0,"href":"https:\/\/www.web-rr.de\/GHS-Buecherei\/index.php\/wp-json\/wp\/v2\/pages\/4829\/revisions"}],"wp:attachment":[{"href":"https:\/\/www.web-rr.de\/GHS-Buecherei\/index.php\/wp-json\/wp\/v2\/media?parent=4829"}],"curies":[{"name":"wp","href":"https:\/\/api.w.org\/{rel}","templated":true}]}}