{"id":4814,"date":"2021-02-23T20:00:00","date_gmt":"2021-02-23T20:00:00","guid":{"rendered":"https:\/\/www.web-rr.de\/GHS-Buecherei\/?page_id=4814"},"modified":"2021-02-22T23:59:59","modified_gmt":"2021-02-22T23:59:59","slug":"p9783711740014","status":"publish","type":"page","link":"https:\/\/www.web-rr.de\/GHS-Buecherei\/index.php\/p9783711740014\/","title":{"rendered":"M\u00e4dchen 67"},"content":{"rendered":"<table><tbody><tr><td class='rDTitel' colspan='2'>Die Frau aus dem Apfel<\/td><\/tr><tr><td><span class='rDLabel1'>Status: <\/span><span class='rDText1Gruen'>vorhanden<\/span><\/td><td><span class='rDLabel1'>Antolin: <\/span><span class='rDText1Rot'>Quiz nicht vorhanden.<\/span><\/td><\/tr><tr><td width=50%><img src='https:\/\/www.web-rr.de\/GHS-Buecherei\/wp-content\/uploads\/9783711740014.jpg' alt=''><\/td><td><p class='rDLabel2'>von <span class='rDText2'>Isabella Diessl, Lucy Keijser<\/span><\/p><p class='rDLabel2'>Verlag: <span class='rDText2'>Picus Verlag,  2018,  14.00 \u20ac<\/span><\/p><p class='rDLabel2'>B\u00fccherei-Barcode: <span class='rDText2'>9783711740014<\/span><\/p><p class='rDLabel2'>In der B\u00fccherei erfasst am: <span class='rDText2'>13.01.2020<\/span><\/p><p class='rDLabel2'>Stichw\u00f6rter: <span class='rDText2'>Freunde, Schule, G\u00f6ttin, Pomona<\/span><\/p><p class='rDLabel2'>Lesealter ca. <span class='rDText2'>-<\/span><span class='rDLabel2'> Jahre<\/span><\/p><p class='rDLabel2'>Das Buch wurde <span class='rDText2'>1<\/span><span class='rDLabel2'> mal gelesen.<\/span><\/p><\/td><\/tr><tr><td colspan='2'><p class='rDLabel1'>Inhalt:<\/p><span class='rDText2'>Die zehnj\u00e4hrige Pilvi hat ganz sch\u00f6n viel zu tun: Ihr n\u00e4chstes Referat steht an, und es muss sehr gut werden, damit sie n\u00e4chstes Jahr aufs Gymnasium gehen kann. Die Vorbereitung l\u00e4uft aber nicht so, wie sich Pilvi das vorgestellt hat: Ihre beste Freundin Stupsi gibt sich neuerdings nur noch mit der hochn\u00e4sigen Tamara ab, und ihr Referatspartner ist ausgerechnet der bl\u00f6de Charles. Als Pilvi von ihrer Nachbarin einen Korb \u00c4pfel geschenkt bekommt, wird alles noch verwirrender: Aus einem der \u00c4pfel springt ihr pl\u00f6tzlich die r\u00f6mische G\u00f6ttin Pomona entgegen! Mit ihrem wilden roten Haar und ihrer quirligen Art bringt sie erst recht alles durcheinander \u2026 Die vergn\u00fcglichen Illustrationen von Lucy Keijser beleben Isabella Diessls schwungvolle Geschichte. Mit viel Humor beschreibt sie eine ungew\u00f6hnliche Freundschaft, durch die es schlie\u00dflich leichter wird, mit den Herausforderungen des Heranwachsens fertig zu werden.<\/span><\/td><\/tr><tr><td colspan='2'><a href='#' onclick='history.back(); return false'>Zur\u00fcck<\/a><\/td><\/tr><\/tbody><\/table>\n","protected":false},"excerpt":{"rendered":"","protected":false},"author":1,"featured_media":0,"parent":0,"menu_order":0,"comment_status":"closed","ping_status":"closed","template":"","meta":[],"_links":{"self":[{"href":"https:\/\/www.web-rr.de\/GHS-Buecherei\/index.php\/wp-json\/wp\/v2\/pages\/4814"}],"collection":[{"href":"https:\/\/www.web-rr.de\/GHS-Buecherei\/index.php\/wp-json\/wp\/v2\/pages"}],"about":[{"href":"https:\/\/www.web-rr.de\/GHS-Buecherei\/index.php\/wp-json\/wp\/v2\/types\/page"}],"author":[{"embeddable":true,"href":"https:\/\/www.web-rr.de\/GHS-Buecherei\/index.php\/wp-json\/wp\/v2\/users\/1"}],"replies":[{"embeddable":true,"href":"https:\/\/www.web-rr.de\/GHS-Buecherei\/index.php\/wp-json\/wp\/v2\/comments?post=4814"}],"version-history":[{"count":0,"href":"https:\/\/www.web-rr.de\/GHS-Buecherei\/index.php\/wp-json\/wp\/v2\/pages\/4814\/revisions"}],"wp:attachment":[{"href":"https:\/\/www.web-rr.de\/GHS-Buecherei\/index.php\/wp-json\/wp\/v2\/media?parent=4814"}],"curies":[{"name":"wp","href":"https:\/\/api.w.org\/{rel}","templated":true}]}}