{"id":4777,"date":"2021-02-23T20:00:00","date_gmt":"2021-02-23T20:00:00","guid":{"rendered":"https:\/\/www.web-rr.de\/GHS-Buecherei\/?page_id=4777"},"modified":"2021-02-22T23:59:59","modified_gmt":"2021-02-22T23:59:59","slug":"p9783760768656","status":"publish","type":"page","link":"https:\/\/www.web-rr.de\/GHS-Buecherei\/index.php\/p9783760768656\/","title":{"rendered":"M\u00e4dchen 30"},"content":{"rendered":"<table><tbody><tr><td class='rDTitel' colspan='2'>Prinzessinnen: Ihr wahres Leben einst und jetzt<\/td><\/tr><tr><td><span class='rDLabel1'>Status: <\/span><span class='rDText1Rot'>ausgeliehen<\/span><\/td><td><span class='rDLabel1'>Antolin: <\/span><span class='rDText1Rot'>Quiz nicht vorhanden.<\/span><\/td><\/tr><tr><td width=50%><img src='https:\/\/www.web-rr.de\/GHS-Buecherei\/wp-content\/uploads\/9783760768656.jpg' alt=''><\/td><td><p class='rDLabel2'>von <span class='rDText2'>Kirsten G\u00f6tze<\/span><\/p><p class='rDLabel2'>Verlag: <span class='rDText2'>arsEdition,  2012,  12.99 \u20ac<\/span><\/p><p class='rDLabel2'>B\u00fccherei-Barcode: <span class='rDText2'>9783760768656<\/span><\/p><p class='rDLabel2'>In der B\u00fccherei erfasst am: <span class='rDText2'>01.04.2014<\/span><\/p><p class='rDLabel2'>Stichw\u00f6rter: <span class='rDText2'>Geschichte, Mittelalter, Prinzessinnen<\/span><\/p><p class='rDLabel2'>Lesealter ca. <span class='rDText2'>-<\/span><span class='rDLabel2'> Jahre<\/span><\/p><p class='rDLabel2'>Das Buch wurde <span class='rDText2'>10<\/span><span class='rDLabel2'> mal gelesen.<\/span><\/p><\/td><\/tr><tr><td colspan='2'><p class='rDLabel1'>Inhalt:<\/p><span class='rDText2'>Sophie ist 6 Jahre alt und wie alle kleinen M\u00e4dchen brennend am Thema Prinzessinnen interessiert - zusammen mit ihrer Gro\u00dfmutter begibt sie sich auf eine Reise in die Vergangenheit und erf\u00e4hrt viel Spannendes und \u00dcberraschendes \u00fcber das wahre Leben der Prinzessinnen: Wer durfte sich eigentlich Prinzessin nennen? Stimmt es, dass Prinzessinnen gar keine richtige Krone tragen durften? Hatten die Prinzessinnen den ganzen Tag \u00fcber diese tollen Ballkleider an? Wie haben sie sich gewaschen? Wie schminkte man sich damals? Wie sah der Alltag der k\u00f6niglichen Kinder aus - mussten sie auch zur Schule? Wie sind sie gereist? Was gab es damals f\u00fcr Krankheiten? Was haben sie gegessen? - und vieles mehr. Schlie\u00dflich trifft Sophie sogar eine echte kleine Prinzessin von heute, die in ihrem Alter ist - und erf\u00e4hrt noch ganz viel Interessantes von den heutigen K\u00f6nigsh\u00e4usern und das Leben der Kinder dort.<\/span><\/td><\/tr><tr><td colspan='2'><a href='#' onclick='history.back(); return false'>Zur\u00fcck<\/a><\/td><\/tr><\/tbody><\/table>\n","protected":false},"excerpt":{"rendered":"","protected":false},"author":1,"featured_media":0,"parent":0,"menu_order":0,"comment_status":"closed","ping_status":"closed","template":"","meta":[],"_links":{"self":[{"href":"https:\/\/www.web-rr.de\/GHS-Buecherei\/index.php\/wp-json\/wp\/v2\/pages\/4777"}],"collection":[{"href":"https:\/\/www.web-rr.de\/GHS-Buecherei\/index.php\/wp-json\/wp\/v2\/pages"}],"about":[{"href":"https:\/\/www.web-rr.de\/GHS-Buecherei\/index.php\/wp-json\/wp\/v2\/types\/page"}],"author":[{"embeddable":true,"href":"https:\/\/www.web-rr.de\/GHS-Buecherei\/index.php\/wp-json\/wp\/v2\/users\/1"}],"replies":[{"embeddable":true,"href":"https:\/\/www.web-rr.de\/GHS-Buecherei\/index.php\/wp-json\/wp\/v2\/comments?post=4777"}],"version-history":[{"count":0,"href":"https:\/\/www.web-rr.de\/GHS-Buecherei\/index.php\/wp-json\/wp\/v2\/pages\/4777\/revisions"}],"wp:attachment":[{"href":"https:\/\/www.web-rr.de\/GHS-Buecherei\/index.php\/wp-json\/wp\/v2\/media?parent=4777"}],"curies":[{"name":"wp","href":"https:\/\/api.w.org\/{rel}","templated":true}]}}