{"id":4703,"date":"2021-02-23T20:00:00","date_gmt":"2021-02-23T20:00:00","guid":{"rendered":"https:\/\/www.web-rr.de\/GHS-Buecherei\/?page_id=4703"},"modified":"2021-02-22T23:59:59","modified_gmt":"2021-02-22T23:59:59","slug":"p9783899557312","status":"publish","type":"page","link":"https:\/\/www.web-rr.de\/GHS-Buecherei\/index.php\/p9783899557312\/","title":{"rendered":"Lexika 14"},"content":{"rendered":"<table><tbody><tr><td class='rDTitel' colspan='2'>Wie gro\u00df, wie weit, wie schnell ?<\/td><\/tr><tr><td><span class='rDLabel1'>Status: <\/span><span class='rDText1Gruen'>vorhanden<\/span><\/td><td><span class='rDLabel1'>Antolin: <\/span><span class='rDText1Rot'>Quiz nicht vorhanden.<\/span><\/td><\/tr><tr><td width=50%><img src='https:\/\/www.web-rr.de\/GHS-Buecherei\/wp-content\/uploads\/9783899557312.jpg' alt=''><\/td><td><p class='rDLabel2'>von <span class='rDText2'>Jan Van Der Veken<\/span><\/p><p class='rDLabel2'>Verlag: <span class='rDText2'>Die Gestalten Verlag,  2015,  17.90 \u20ac<\/span><\/p><p class='rDLabel2'>B\u00fccherei-Barcode: <span class='rDText2'>9783899557312<\/span><\/p><p class='rDLabel2'>In der B\u00fccherei erfasst am: <span class='rDText2'>29.10.2018<\/span><\/p><p class='rDLabel2'>Stichw\u00f6rter: <span class='rDText2'>Physikalische Gr\u00f6\u00dfen, Ma\u00dfeinheiten, Vergleiche, L\u00e4ngen, Entfernungen, Gewicht, Geschwindigkeit, Lautst\u00e4rke, Zeit<\/span><\/p><p class='rDLabel2'>Lesealter ca. <span class='rDText2'>-<\/span><span class='rDLabel2'> Jahre<\/span><\/p><p class='rDLabel2'>Das Buch wurde <span class='rDText2'>0<\/span><span class='rDLabel2'> mal gelesen.<\/span><\/p><\/td><\/tr><tr><td colspan='2'><p class='rDLabel1'>Inhalt:<\/p><span class='rDText2'>Originelle Vergleiche machen Ma\u00dfeinheiten f\u00fcr Kinder verst\u00e4ndlich. Wie schnell sind 120 km\/h? Wie schwer sind 4 t? Physikalische Gr\u00f6\u00dfen und ihre Ma\u00dfeinheiten sind abstrakt. Nicht aber, wenn sie in Bezug gesetzt werden. Wie gro\u00df, wie weit, wie schnell? macht Dimensionen und Einheiten durch unterhaltsame Gegen\u00fcberstellungen greifbar. Anschaulich und kurzweilig werden Gr\u00f6\u00dfeneinheiten in neuen Zusammenh\u00e4ngen erkl\u00e4rt. Es geht um L\u00e4ngen und Entfernungen, Gewicht, Geschwindigkeit, Lautst\u00e4rke und Zeit. Die Krone der K\u00f6nigin von England wiegt mehr als 100 Portionen Zuckerwatte; um einmal durch die Erde hindurchzufahren, w\u00fcrde es selbst mit dem schnellsten Fahrstuhl noch 8 Tage dauern; und als die \u00e4lteste lebende Schildkr\u00f6te der Welt geboren wurde, gab es noch keinen Strom, kein Telefon, keine Autos und keine Flugzeuge. In diesem Buch finden junge Wissensdurstige Zahlen und Vergleiche, die sie ganz bestimmt erstaunen werden. Anhand der witzigen und intelligenten Illustrationen von Jan Van Der Veken k\u00f6nnen sich Kinder viel besser vorstellen, wie gro\u00df oder weit weg etwas tats\u00e4chlich ist und Gr\u00f6\u00dfen zuk\u00fcnftig leichter erschlie\u00dfen. Jan Van Der Veken, Illustrator und Grafikk\u00fcnstler aus Gent, steht in der Tradition der belgischen Comic- und Illustrationsschule. Sein markanter Stil ist insbesondere beeinflusst von Gro\u00dfmeister Herg\u00e9s Ligne Cl\u00e0ire und vereint belgische Comictradition mit einer modernen Bildsprache. Jan Van Der Veken hat bereits mehrfach mit Gestalten zusammengearbeitet, zuletzt er an seiner Monografie Fabrica Grafica.<\/span><\/td><\/tr><tr><td colspan='2'><a href='#' onclick='history.back(); return false'>Zur\u00fcck<\/a><\/td><\/tr><\/tbody><\/table>\n","protected":false},"excerpt":{"rendered":"","protected":false},"author":1,"featured_media":0,"parent":0,"menu_order":0,"comment_status":"closed","ping_status":"closed","template":"","meta":[],"_links":{"self":[{"href":"https:\/\/www.web-rr.de\/GHS-Buecherei\/index.php\/wp-json\/wp\/v2\/pages\/4703"}],"collection":[{"href":"https:\/\/www.web-rr.de\/GHS-Buecherei\/index.php\/wp-json\/wp\/v2\/pages"}],"about":[{"href":"https:\/\/www.web-rr.de\/GHS-Buecherei\/index.php\/wp-json\/wp\/v2\/types\/page"}],"author":[{"embeddable":true,"href":"https:\/\/www.web-rr.de\/GHS-Buecherei\/index.php\/wp-json\/wp\/v2\/users\/1"}],"replies":[{"embeddable":true,"href":"https:\/\/www.web-rr.de\/GHS-Buecherei\/index.php\/wp-json\/wp\/v2\/comments?post=4703"}],"version-history":[{"count":0,"href":"https:\/\/www.web-rr.de\/GHS-Buecherei\/index.php\/wp-json\/wp\/v2\/pages\/4703\/revisions"}],"wp:attachment":[{"href":"https:\/\/www.web-rr.de\/GHS-Buecherei\/index.php\/wp-json\/wp\/v2\/media?parent=4703"}],"curies":[{"name":"wp","href":"https:\/\/api.w.org\/{rel}","templated":true}]}}