{"id":4685,"date":"2021-02-23T20:00:00","date_gmt":"2021-02-23T20:00:00","guid":{"rendered":"https:\/\/www.web-rr.de\/GHS-Buecherei\/?page_id=4685"},"modified":"2021-02-22T23:59:59","modified_gmt":"2021-02-22T23:59:59","slug":"p9783959760133","status":"publish","type":"page","link":"https:\/\/www.web-rr.de\/GHS-Buecherei\/index.php\/p9783959760133\/","title":{"rendered":"L\u00e4nder &#8211; Europa 12"},"content":{"rendered":"<table><tbody><tr><td class='rDTitel' colspan='2'>Wilhelm + Hedwig in Berlin - Komm mit in die katholische St. Hedwigs-Kathedrale und in die evangelische Kaiser-Wilhelm-Ged\u00e4chtnis-Kirche!<\/td><\/tr><tr><td><span class='rDLabel1'>Status: <\/span><span class='rDText1Gruen'>vorhanden<\/span><\/td><td><span class='rDLabel1'>Antolin: <\/span><span class='rDText1Rot'>Quiz nicht vorhanden.<\/span><\/td><\/tr><tr><td width=50%><img src='https:\/\/www.web-rr.de\/GHS-Buecherei\/wp-content\/uploads\/9783959760133.jpg' alt=''><\/td><td><p class='rDLabel2'>von <span class='rDText2'>Jessica Waldera<\/span><\/p><p class='rDLabel2'>Verlag: <span class='rDText2'>Fink Kunstverlag Josef,  2017,  5.00 \u20ac<\/span><\/p><p class='rDLabel2'>B\u00fccherei-Barcode: <span class='rDText2'>9783959760133<\/span><\/p><p class='rDLabel2'>In der B\u00fccherei erfasst am: <span class='rDText2'>25.08.2020<\/span><\/p><p class='rDLabel2'>Stichw\u00f6rter: <span class='rDText2'>Raum, Zeit, Familie, Religion, Architektur, Kunst<\/span><\/p><p class='rDLabel2'>Lesealter ca. <span class='rDText2'>9<\/span><span class='rDLabel2'> Jahre<\/span><\/p><p class='rDLabel2'>Das Buch wurde <span class='rDText2'>0<\/span><span class='rDLabel2'> mal gelesen.<\/span><\/p><\/td><\/tr><tr><td colspan='2'><p class='rDLabel1'>Inhalt:<\/p><span class='rDText2'>Wieso besteht die evangelische Kaiser-Wilhelm-Ged\u00e4chtnis-Kirche in Berlin aus f\u00fcnf Geb\u00e4uden? Warum hat die katholische St.-Hedwigs-Kathedrale, ebenfalls in Berlin gelegen, eine Kuppel auf dem Dach? Weshalb ist die Ged\u00e4chtniskirche zerst\u00f6rt? Was ist \u00fcberhaupt eine Kathedrale? Wer genau ist eigentlich dieser Kaiser Wilhelm? Und wer ist Hedwig? Mit solchen und \u00e4hnlichen Fragen durchl\u00f6chern Kinder ihre Eltern, denn sie haben einen ganz anderen Blick auf die Welt.\r\nDie Berliner Architekturhistorikerin Jessica Waldera erforschte gemeinsam mit dem Team der 2006 gegr\u00fcndeten \"kleinen baumeister\" und Berliner Kindern und Jugendlichen die beiden Berliner Kirchen, um Antworten auf solche Fragen zu finden. Sie sind in diesem Kinder-Kirchenf\u00fchrer geb\u00fcndelt. Vor Ort oder von zu Hause aus k\u00f6nnen Kinder mithilfe dieser Publikation beide Gottesh\u00e4user erkunden und neu entdecken.\r\nDas Buch macht neugierig auf spannende Geschehnisse, versteckte Details und lustige Informationen. Es erm\u00f6glicht Einblicke in unauff\u00e4llige Geb\u00e4udekonstruktionen und erz\u00e4hlt Geschichten \u00fcber Wilhelm und Hedwig. Es ist eine Reise durch Raum, Zeit und Religion f\u00fcr die ganze Familie.<\/span><\/td><\/tr><tr><td colspan='2'><a href='#' onclick='history.back(); return false'>Zur\u00fcck<\/a><\/td><\/tr><\/tbody><\/table>\n","protected":false},"excerpt":{"rendered":"","protected":false},"author":1,"featured_media":0,"parent":0,"menu_order":0,"comment_status":"closed","ping_status":"closed","template":"","meta":[],"_links":{"self":[{"href":"https:\/\/www.web-rr.de\/GHS-Buecherei\/index.php\/wp-json\/wp\/v2\/pages\/4685"}],"collection":[{"href":"https:\/\/www.web-rr.de\/GHS-Buecherei\/index.php\/wp-json\/wp\/v2\/pages"}],"about":[{"href":"https:\/\/www.web-rr.de\/GHS-Buecherei\/index.php\/wp-json\/wp\/v2\/types\/page"}],"author":[{"embeddable":true,"href":"https:\/\/www.web-rr.de\/GHS-Buecherei\/index.php\/wp-json\/wp\/v2\/users\/1"}],"replies":[{"embeddable":true,"href":"https:\/\/www.web-rr.de\/GHS-Buecherei\/index.php\/wp-json\/wp\/v2\/comments?post=4685"}],"version-history":[{"count":0,"href":"https:\/\/www.web-rr.de\/GHS-Buecherei\/index.php\/wp-json\/wp\/v2\/pages\/4685\/revisions"}],"wp:attachment":[{"href":"https:\/\/www.web-rr.de\/GHS-Buecherei\/index.php\/wp-json\/wp\/v2\/media?parent=4685"}],"curies":[{"name":"wp","href":"https:\/\/api.w.org\/{rel}","templated":true}]}}