{"id":4682,"date":"2021-02-23T20:00:00","date_gmt":"2021-02-23T20:00:00","guid":{"rendered":"https:\/\/www.web-rr.de\/GHS-Buecherei\/?page_id=4682"},"modified":"2021-02-22T23:59:59","modified_gmt":"2021-02-22T23:59:59","slug":"p9783959160322","status":"publish","type":"page","link":"https:\/\/www.web-rr.de\/GHS-Buecherei\/index.php\/p9783959160322\/","title":{"rendered":"L\u00e4nder &#8211; Europa 09"},"content":{"rendered":"<table><tbody><tr><td class='rDTitel' colspan='2'>Das kleine Gespenst Vincent entdeckt Th\u00fcringen<\/td><\/tr><tr><td><span class='rDLabel1'>Status: <\/span><span class='rDText1Gruen'>vorhanden<\/span><\/td><td><span class='rDLabel1'>Antolin: <\/span><span class='rDText1Gruen'>ja, Empfehlung Klasse 3<\/span><\/td><\/tr><tr><td width=50%><img src='https:\/\/www.web-rr.de\/GHS-Buecherei\/wp-content\/uploads\/9783959160322.jpg' alt=''><\/td><td><p class='rDLabel2'>von <span class='rDText2'>Anja Tettenborn, Wiebke Wilhelm<\/span><\/p><p class='rDLabel2'>Verlag: <span class='rDText2'>Biber & Butzemann,  2017,  14.50 \u20ac<\/span><\/p><p class='rDLabel2'>B\u00fccherei-Barcode: <span class='rDText2'>9783959160322<\/span><\/p><p class='rDLabel2'>In der B\u00fccherei erfasst am: <span class='rDText2'>21.10.2019<\/span><\/p><p class='rDLabel2'>Stichw\u00f6rter: <span class='rDText2'>Wartburg, ,Wasserburg von Heldrungen, Heidecksburg, Feengrotten,  Barbarossah\u00f6hle, Erfurt, Weimar, Jena, Apolda, Arnstadt, Suhl, Zella-Mehlis, Gotha<\/span><\/p><p class='rDLabel2'>Lesealter ca. <span class='rDText2'>7<\/span><span class='rDLabel2'> Jahre<\/span><\/p><p class='rDLabel2'>Das Buch wurde <span class='rDText2'>0<\/span><span class='rDLabel2'> mal gelesen.<\/span><\/p><\/td><\/tr><tr><td colspan='2'><p class='rDLabel1'>Inhalt:<\/p><span class='rDText2'>Das kleine Gespenst Vincent lebt schon lange auf dem Dachboden von Familie Strohmann. Doch immer, wenn auf dem Bauernhof in der N\u00e4he von Erfurt etwas Spannendes passiert, muss Vincent ins Bett \u2013 denn Gespenster schlafen ja tags\u00fcber. Alle B\u00fccher im Haus hat er l\u00e4ngst gelesen und sogar aus Verzweiflung die Kinderzimmer von Mia und Ben aufger\u00e4umt. Da ist klar: Es muss etwas passieren, und zwar schnell. \r\nEine Ansichtskarte von Schloss Molsdorf weckt Vincents Neugier \u2013 und er beschlie\u00dft, umzuziehen. Gespannt macht sich Vincent auf den Weg. Doch das Leben als Schlossgespenst ist auf Dauer doch nicht das Richtige f\u00fcr ihn. Also reist er weiter nach Erfurt, wo er in Gustav einen neuen Freund findet. \r\nGemeinsam begeben sich die beiden Gespenster auf eine spannende Reise quer durch Th\u00fcringen. Sie besuchen die Wartburg, die Wasserburg von Heldrungen und die Heidecksburg, die Feengrotten und die Barbarossah\u00f6hle, aber auch St\u00e4dte wie Erfurt, Weimar, Jena, Apolda, Arnstadt, Suhl, Zella-Mehlis und Gotha.<\/span><\/td><\/tr><tr><td colspan='2'><a href='#' onclick='history.back(); return false'>Zur\u00fcck<\/a><\/td><\/tr><\/tbody><\/table>\n","protected":false},"excerpt":{"rendered":"","protected":false},"author":1,"featured_media":0,"parent":0,"menu_order":0,"comment_status":"closed","ping_status":"closed","template":"","meta":[],"_links":{"self":[{"href":"https:\/\/www.web-rr.de\/GHS-Buecherei\/index.php\/wp-json\/wp\/v2\/pages\/4682"}],"collection":[{"href":"https:\/\/www.web-rr.de\/GHS-Buecherei\/index.php\/wp-json\/wp\/v2\/pages"}],"about":[{"href":"https:\/\/www.web-rr.de\/GHS-Buecherei\/index.php\/wp-json\/wp\/v2\/types\/page"}],"author":[{"embeddable":true,"href":"https:\/\/www.web-rr.de\/GHS-Buecherei\/index.php\/wp-json\/wp\/v2\/users\/1"}],"replies":[{"embeddable":true,"href":"https:\/\/www.web-rr.de\/GHS-Buecherei\/index.php\/wp-json\/wp\/v2\/comments?post=4682"}],"version-history":[{"count":0,"href":"https:\/\/www.web-rr.de\/GHS-Buecherei\/index.php\/wp-json\/wp\/v2\/pages\/4682\/revisions"}],"wp:attachment":[{"href":"https:\/\/www.web-rr.de\/GHS-Buecherei\/index.php\/wp-json\/wp\/v2\/media?parent=4682"}],"curies":[{"name":"wp","href":"https:\/\/api.w.org\/{rel}","templated":true}]}}