{"id":4680,"date":"2021-02-23T20:00:00","date_gmt":"2021-02-23T20:00:00","guid":{"rendered":"https:\/\/www.web-rr.de\/GHS-Buecherei\/?page_id=4680"},"modified":"2021-02-22T23:59:59","modified_gmt":"2021-02-22T23:59:59","slug":"p9783788621025","status":"publish","type":"page","link":"https:\/\/www.web-rr.de\/GHS-Buecherei\/index.php\/p9783788621025\/","title":{"rendered":"L\u00e4nder &#8211; Europa 07"},"content":{"rendered":"<table><tbody><tr><td class='rDTitel' colspan='2'>WAS IST WAS Band 126 Deutschland. Land und Leute entdecken<\/td><\/tr><tr><td><span class='rDLabel1'>Status: <\/span><span class='rDText1Gruen'>vorhanden<\/span><\/td><td><span class='rDLabel1'>Antolin: <\/span><span class='rDText1Gruen'>ja, Empfehlung Klasse 5<\/span><\/td><\/tr><tr><td width=50%><img src='https:\/\/www.web-rr.de\/GHS-Buecherei\/wp-content\/uploads\/9783788621025.jpg' alt=''><\/td><td><p class='rDLabel2'>von <span class='rDText2'>Andrea Weller-Essers<\/span><\/p><p class='rDLabel2'>Verlag: <span class='rDText2'>Tessloff Verlag Ragnar Tessloff GmbH & Co. KG,  2017,  9.95 \u20ac<\/span><\/p><p class='rDLabel2'>B\u00fccherei-Barcode: <span class='rDText2'>9783788621025<\/span><\/p><p class='rDLabel2'>In der B\u00fccherei erfasst am: <span class='rDText2'>21.10.2019<\/span><\/p><p class='rDLabel2'>Stichw\u00f6rter: <span class='rDText2'>Wattenmeer, Berlin, Schiller, Goethe, Kant, Demokratie<\/span><\/p><p class='rDLabel2'>Lesealter ca. <span class='rDText2'>9<\/span><span class='rDLabel2'> Jahre<\/span><\/p><p class='rDLabel2'>Das Buch wurde <span class='rDText2'>1<\/span><span class='rDLabel2'> mal gelesen.<\/span><\/p><\/td><\/tr><tr><td colspan='2'><p class='rDLabel1'>Inhalt:<\/p><span class='rDText2'>Was macht Deutschland, das bev\u00f6lkerungsreichste Land der EU, aus? Das Wattenmeer mit seinen tierischen Bewohnern im Norden geh\u00f6rt ebenso zum UNESCO-Weltnaturerbe wie die alten Buchenw\u00e4lder in Mecklenburg-Vorpommern oder Hessen. In den Alpen sind Luchse und Murmeltiere zu Hause und nicht nur in Sachsen streifen wieder W\u00f6lfe durch die W\u00e4lder. Schiller, Goethe, Kant und Co. pr\u00e4gten Deutschlands Ruf als Land der Dichter und Denker. Heute sind Cornelia Funke oder Dirk Nowitzki Weltstars. Seit ihrer Gr\u00fcndung im Jahr 1949 ist die Bundesrepublik eine \"Demokratie\" und Partner f\u00fcr die L\u00e4nder der EU und viele andere Staaten. Wer regiert Deutschland? Wer macht die Gesetze? Bundeskanzler, Bundestag und Bundesrat - welche Aufgaben haben sie? Und welche Rolle spielte und spielt die Migration? An der Seite einer Reisejournalistin geht WAS IST WAS auf Exkursion. Es entsteht das Puzzle eines Landes im Wandel mit jeder Menge Anregungen zum Weiterlesen und -forschen f\u00fcr interessierte Leser ab 8 Jahren.<\/span><\/td><\/tr><tr><td colspan='2'><a href='#' onclick='history.back(); return false'>Zur\u00fcck<\/a><\/td><\/tr><\/tbody><\/table>\n","protected":false},"excerpt":{"rendered":"","protected":false},"author":1,"featured_media":0,"parent":0,"menu_order":0,"comment_status":"closed","ping_status":"closed","template":"","meta":[],"_links":{"self":[{"href":"https:\/\/www.web-rr.de\/GHS-Buecherei\/index.php\/wp-json\/wp\/v2\/pages\/4680"}],"collection":[{"href":"https:\/\/www.web-rr.de\/GHS-Buecherei\/index.php\/wp-json\/wp\/v2\/pages"}],"about":[{"href":"https:\/\/www.web-rr.de\/GHS-Buecherei\/index.php\/wp-json\/wp\/v2\/types\/page"}],"author":[{"embeddable":true,"href":"https:\/\/www.web-rr.de\/GHS-Buecherei\/index.php\/wp-json\/wp\/v2\/users\/1"}],"replies":[{"embeddable":true,"href":"https:\/\/www.web-rr.de\/GHS-Buecherei\/index.php\/wp-json\/wp\/v2\/comments?post=4680"}],"version-history":[{"count":0,"href":"https:\/\/www.web-rr.de\/GHS-Buecherei\/index.php\/wp-json\/wp\/v2\/pages\/4680\/revisions"}],"wp:attachment":[{"href":"https:\/\/www.web-rr.de\/GHS-Buecherei\/index.php\/wp-json\/wp\/v2\/media?parent=4680"}],"curies":[{"name":"wp","href":"https:\/\/api.w.org\/{rel}","templated":true}]}}