{"id":4669,"date":"2021-02-23T20:00:00","date_gmt":"2021-02-23T20:00:00","guid":{"rendered":"https:\/\/www.web-rr.de\/GHS-Buecherei\/?page_id=4669"},"modified":"2021-02-22T23:59:59","modified_gmt":"2021-02-22T23:59:59","slug":"p9783831028108","status":"publish","type":"page","link":"https:\/\/www.web-rr.de\/GHS-Buecherei\/index.php\/p9783831028108\/","title":{"rendered":"L\u00e4nder &#8211; Allg. 20"},"content":{"rendered":"<table><tbody><tr><td class='rDTitel' colspan='2'>Kinder Weltatlas: L\u00e4nder - Menschen - Tiere<\/td><\/tr><tr><td><span class='rDLabel1'>Status: <\/span><span class='rDText1Gruen'>vorhanden<\/span><\/td><td><span class='rDLabel1'>Antolin: <\/span><span class='rDText1Gruen'>ja, Empfehlung Klasse 4<\/span><\/td><\/tr><tr><td width=50%><img src='https:\/\/www.web-rr.de\/GHS-Buecherei\/wp-content\/uploads\/9783831028108.jpg' alt=''><\/td><td><p class='rDLabel2'>von <span class='rDText2'>Anita Ganeri, Chris Oxlande<\/span><\/p><p class='rDLabel2'>Verlag: <span class='rDText2'>Dorling Kindersley,  2015,  14.95 \u20ac<\/span><\/p><p class='rDLabel2'>B\u00fccherei-Barcode: <span class='rDText2'>9783831028108<\/span><\/p><p class='rDLabel2'>In der B\u00fccherei erfasst am: <span class='rDText2'>29.10.2018<\/span><\/p><p class='rDLabel2'>Stichw\u00f6rter: <span class='rDText2'>Malaysia, Himalaya, Antarktis, Afrika, Entdeckungsreise<\/span><\/p><p class='rDLabel2'>Lesealter ca. <span class='rDText2'>8<\/span><span class='rDLabel2'> Jahre<\/span><\/p><p class='rDLabel2'>Das Buch wurde <span class='rDText2'>3<\/span><span class='rDLabel2'> mal gelesen.<\/span><\/p><\/td><\/tr><tr><td colspan='2'><p class='rDLabel1'>Inhalt:<\/p><span class='rDText2'>Welche Tiere leben in Malaysia? Wo steht das Kolosseum? Und welches Land hat die gr\u00f6\u00dfte W\u00fcste? Der \u201eKinder-Weltatlas\u201c bietet nicht nur die passenden Antworten auf Fragen wie diese, sondern nimmt die Leser mit auf eine spannende Reise rund um die Welt.Die bunten, detailreichen Karten veranschaulichen die Vielfalt dieser Erde sowie die Besonderheiten der einzelnen L\u00e4nder und Regionen \u2013 von Afrikas Steppen \u00fcber die Gebirgsketten des Himalayas bis hin zur eisigen Antarktis. Doch dieser Atlas ist mehr als nur ein reines Nachschlagewerk, denn die interaktiven Elemente laden zum Mitmachen und R\u00e4tseln ein. Quizfragen, Basteltipps und Experimente sorgen daf\u00fcr, dass das Gelesene l\u00e4nger im Ged\u00e4chtnis bleibt.Der Inhalt gliedert sich nach Kontinenten und die gro\u00dfformatigen Karten zeigen die Sehensw\u00fcrdigkeiten, einheimischen Tiere und regionalen Produkte anderer L\u00e4nder. So werden spannende Informationen rund um Natur, Kultur, Alltagsleben und Traditionen aller L\u00e4nder anschaulich vertieft. Kurze, verst\u00e4ndliche Texte, zahlreiche Fotografien und die Erl\u00e4uterungen der Fachw\u00f6rter im Glossar beantworten dabei viele Fragen und zeigen andere Lebensr\u00e4ume. Es ist eine Entdeckungsreise, auf der man einiges erlebt.<\/span><\/td><\/tr><tr><td colspan='2'><a href='#' onclick='history.back(); return false'>Zur\u00fcck<\/a><\/td><\/tr><\/tbody><\/table>\n","protected":false},"excerpt":{"rendered":"","protected":false},"author":1,"featured_media":0,"parent":0,"menu_order":0,"comment_status":"closed","ping_status":"closed","template":"","meta":[],"_links":{"self":[{"href":"https:\/\/www.web-rr.de\/GHS-Buecherei\/index.php\/wp-json\/wp\/v2\/pages\/4669"}],"collection":[{"href":"https:\/\/www.web-rr.de\/GHS-Buecherei\/index.php\/wp-json\/wp\/v2\/pages"}],"about":[{"href":"https:\/\/www.web-rr.de\/GHS-Buecherei\/index.php\/wp-json\/wp\/v2\/types\/page"}],"author":[{"embeddable":true,"href":"https:\/\/www.web-rr.de\/GHS-Buecherei\/index.php\/wp-json\/wp\/v2\/users\/1"}],"replies":[{"embeddable":true,"href":"https:\/\/www.web-rr.de\/GHS-Buecherei\/index.php\/wp-json\/wp\/v2\/comments?post=4669"}],"version-history":[{"count":0,"href":"https:\/\/www.web-rr.de\/GHS-Buecherei\/index.php\/wp-json\/wp\/v2\/pages\/4669\/revisions"}],"wp:attachment":[{"href":"https:\/\/www.web-rr.de\/GHS-Buecherei\/index.php\/wp-json\/wp\/v2\/media?parent=4669"}],"curies":[{"name":"wp","href":"https:\/\/api.w.org\/{rel}","templated":true}]}}