{"id":4659,"date":"2021-02-23T20:00:00","date_gmt":"2021-02-23T20:00:00","guid":{"rendered":"https:\/\/www.web-rr.de\/GHS-Buecherei\/?page_id=4659"},"modified":"2021-02-22T23:59:59","modified_gmt":"2021-02-22T23:59:59","slug":"p9783836953528","status":"publish","type":"page","link":"https:\/\/www.web-rr.de\/GHS-Buecherei\/index.php\/p9783836953528\/","title":{"rendered":"L\u00e4nder &#8211; Allg. 10"},"content":{"rendered":"<table><tbody><tr><td class='rDTitel' colspan='2'>Wo geht's lang?: Karten erkl\u00e4ren die Welt<\/td><\/tr><tr><td><span class='rDLabel1'>Status: <\/span><span class='rDText1Gruen'>vorhanden<\/span><\/td><td><span class='rDLabel1'>Antolin: <\/span><span class='rDText1Gruen'>ja, Empfehlung Klasse 5<\/span><\/td><\/tr><tr><td width=50%><img src='https:\/\/www.web-rr.de\/GHS-Buecherei\/wp-content\/uploads\/9783836953528.jpg' alt=''><\/td><td><p class='rDLabel2'>von <span class='rDText2'>Heekyoung Kim<\/span><\/p><p class='rDLabel2'>Verlag: <span class='rDText2'>Gerstenberg Verlag,  2011,  12.95 \u20ac<\/span><\/p><p class='rDLabel2'>B\u00fccherei-Barcode: <span class='rDText2'>9783836953528<\/span><\/p><p class='rDLabel2'>In der B\u00fccherei erfasst am: <span class='rDText2'>01.05.2017<\/span><\/p><p class='rDLabel2'>Stichw\u00f6rter: <span class='rDText2'><\/span><\/p><p class='rDLabel2'>Lesealter ca. <span class='rDText2'>9<\/span><span class='rDLabel2'> Jahre<\/span><\/p><p class='rDLabel2'>Das Buch wurde <span class='rDText2'>0<\/span><span class='rDLabel2'> mal gelesen.<\/span><\/p><\/td><\/tr><tr><td colspan='2'><p class='rDLabel1'>Inhalt:<\/p><span class='rDText2'>Noch bevor es Buchstaben gab, haben Menschen Karten angefertigt, um ihre Umwelt abzubilden. Doch nicht immer haben sie sich die Erde so vorgestellt, wie wir sie heute sehen! Dieses einzigartige Sach-Bilderbuch widmet sich den Karten und ihrer faszinierenden Geschichte: von den Stockkarten der Marshall-Inseln, bei denen Muscheln die Lage einzelner Inseln bezeichnen, \u00fcber den in Marmor gemei\u00dfelten Stadtplan des antiken Rom, Sternkarten und U-Bahn-Pl\u00e4ne heutiger Gro\u00dfst\u00e4dte bis hin zur genetischen\u00bbKarte\u00ab eines jeden Menschen, der DNA. All diese Karten dienen dazu, sich ein ''Bild von der Welt'' zu machen und seinen Weg in dieser Welt zu finden. Das Buch entstand in Zusammenarbeit der koreanischen Autorin Heekyoung Kim mit der polnischen Illustratorin Krystyna Lipka-Sztarballo. Der einfache, poetische Text und die kunstvollen Illustrationen laden ein zu einer Entdeckungsreise der ganz besonderen Art. Mit ausf\u00fchrlichen Informationen zu den einzelnen Karten im Anhang!<\/span><\/td><\/tr><tr><td colspan='2'><a href='#' onclick='history.back(); return false'>Zur\u00fcck<\/a><\/td><\/tr><\/tbody><\/table>\n","protected":false},"excerpt":{"rendered":"","protected":false},"author":1,"featured_media":0,"parent":0,"menu_order":0,"comment_status":"closed","ping_status":"closed","template":"","meta":[],"_links":{"self":[{"href":"https:\/\/www.web-rr.de\/GHS-Buecherei\/index.php\/wp-json\/wp\/v2\/pages\/4659"}],"collection":[{"href":"https:\/\/www.web-rr.de\/GHS-Buecherei\/index.php\/wp-json\/wp\/v2\/pages"}],"about":[{"href":"https:\/\/www.web-rr.de\/GHS-Buecherei\/index.php\/wp-json\/wp\/v2\/types\/page"}],"author":[{"embeddable":true,"href":"https:\/\/www.web-rr.de\/GHS-Buecherei\/index.php\/wp-json\/wp\/v2\/users\/1"}],"replies":[{"embeddable":true,"href":"https:\/\/www.web-rr.de\/GHS-Buecherei\/index.php\/wp-json\/wp\/v2\/comments?post=4659"}],"version-history":[{"count":0,"href":"https:\/\/www.web-rr.de\/GHS-Buecherei\/index.php\/wp-json\/wp\/v2\/pages\/4659\/revisions"}],"wp:attachment":[{"href":"https:\/\/www.web-rr.de\/GHS-Buecherei\/index.php\/wp-json\/wp\/v2\/media?parent=4659"}],"curies":[{"name":"wp","href":"https:\/\/api.w.org\/{rel}","templated":true}]}}