{"id":4656,"date":"2021-02-23T20:00:00","date_gmt":"2021-02-23T20:00:00","guid":{"rendered":"https:\/\/www.web-rr.de\/GHS-Buecherei\/?page_id=4656"},"modified":"2021-02-22T23:59:59","modified_gmt":"2021-02-22T23:59:59","slug":"p9783593381589","status":"publish","type":"page","link":"https:\/\/www.web-rr.de\/GHS-Buecherei\/index.php\/p9783593381589\/","title":{"rendered":"L\u00e4nder &#8211; Allg. 07"},"content":{"rendered":"<table><tbody><tr><td class='rDTitel' colspan='2'>Ich w\u00e4re gern ein Huhn: Was Kinder aus aller Welt erleben und sich ertr\u00e4umen<\/td><\/tr><tr><td><span class='rDLabel1'>Status: <\/span><span class='rDText1Gruen'>vorhanden<\/span><\/td><td><span class='rDLabel1'>Antolin: <\/span><span class='rDText1Rot'>Quiz nicht vorhanden.<\/span><\/td><\/tr><tr><td width=50%><img src='https:\/\/www.web-rr.de\/GHS-Buecherei\/wp-content\/uploads\/9783593381589.jpg' alt=''><\/td><td><p class='rDLabel2'>von <span class='rDText2'>Beatrix Schnippenkoetter<\/span><\/p><p class='rDLabel2'>Verlag: <span class='rDText2'>Campus Verlag,  2006,  14.90 \u20ac<\/span><\/p><p class='rDLabel2'>B\u00fccherei-Barcode: <span class='rDText2'>9783593381589<\/span><\/p><p class='rDLabel2'>In der B\u00fccherei erfasst am: <span class='rDText2'>01.04.2014<\/span><\/p><p class='rDLabel2'>Stichw\u00f6rter: <span class='rDText2'>fremde L\u00e4nder, ferne L\u00e4nder, Asien Amerika<\/span><\/p><p class='rDLabel2'>Lesealter ca. <span class='rDText2'>-<\/span><span class='rDLabel2'> Jahre<\/span><\/p><p class='rDLabel2'>Das Buch wurde <span class='rDText2'>2<\/span><span class='rDLabel2'> mal gelesen.<\/span><\/p><\/td><\/tr><tr><td colspan='2'><p class='rDLabel1'>Inhalt:<\/p><span class='rDText2'>Wenn du ein Tier sein k\u00f6nntest, welches w\u00e4re das? \u00bbIch w\u00e4re gern ein Huhn. H\u00fchner haben gutes Fleisch, das man essen kann.\u00ab Awa, 9, aus Mali \u00bbEine Kuh, weil meine Familie eine Kuh gut gebrauchen k\u00f6nnte.\u00ab Noe Isai, 12, aus Honduras Was w\u00fcrdest du gerne an dir \u00e4ndern?\u00bbIch w\u00e4re gerne weniger sch\u00fcchtern.\u00ab Valtteri, 10, aus Finnland\u00bbIch habe ein Bein verloren. Das h\u00e4tte ich gerne wieder.\u00ab Emmanuel, 12, aus AngolaWovor f\u00fcrchtest du dich? \u00bbNicht mehr Rugby spielen zu k\u00f6nnen.\u00ab Jake, 11, aus Neuseeland \u00bbVor Krieg.\u00ab Nvard, 13, aus ArmenienWenn du einen Safe h\u00e4ttest, was w\u00fcrdest du aufbewahren? \u00bbMeine Katze, weil ich sie sehr mag. Aber ich w\u00fcrde ein Loch in den Safe machen, damit sie atmen kann.\u00ab Tomas, 7, aus Argentinien \u00bbMeine Schwester, die k\u00f6nnte ich da gut einsperren.\u00ab Till, 10, aus S\u00fcdafrika<\/span><\/td><\/tr><tr><td colspan='2'><a href='#' onclick='history.back(); return false'>Zur\u00fcck<\/a><\/td><\/tr><\/tbody><\/table>\n","protected":false},"excerpt":{"rendered":"","protected":false},"author":1,"featured_media":0,"parent":0,"menu_order":0,"comment_status":"closed","ping_status":"closed","template":"","meta":[],"_links":{"self":[{"href":"https:\/\/www.web-rr.de\/GHS-Buecherei\/index.php\/wp-json\/wp\/v2\/pages\/4656"}],"collection":[{"href":"https:\/\/www.web-rr.de\/GHS-Buecherei\/index.php\/wp-json\/wp\/v2\/pages"}],"about":[{"href":"https:\/\/www.web-rr.de\/GHS-Buecherei\/index.php\/wp-json\/wp\/v2\/types\/page"}],"author":[{"embeddable":true,"href":"https:\/\/www.web-rr.de\/GHS-Buecherei\/index.php\/wp-json\/wp\/v2\/users\/1"}],"replies":[{"embeddable":true,"href":"https:\/\/www.web-rr.de\/GHS-Buecherei\/index.php\/wp-json\/wp\/v2\/comments?post=4656"}],"version-history":[{"count":0,"href":"https:\/\/www.web-rr.de\/GHS-Buecherei\/index.php\/wp-json\/wp\/v2\/pages\/4656\/revisions"}],"wp:attachment":[{"href":"https:\/\/www.web-rr.de\/GHS-Buecherei\/index.php\/wp-json\/wp\/v2\/media?parent=4656"}],"curies":[{"name":"wp","href":"https:\/\/api.w.org\/{rel}","templated":true}]}}