{"id":4638,"date":"2021-02-23T20:00:00","date_gmt":"2021-02-23T20:00:00","guid":{"rendered":"https:\/\/www.web-rr.de\/GHS-Buecherei\/?page_id=4638"},"modified":"2021-02-22T23:59:59","modified_gmt":"2021-02-22T23:59:59","slug":"p9783895652608","status":"publish","type":"page","link":"https:\/\/www.web-rr.de\/GHS-Buecherei\/index.php\/p9783895652608\/","title":{"rendered":"Kunst 13"},"content":{"rendered":"<table><tbody><tr><td class='rDTitel' colspan='2'>Sommerschnee und Wurstmaschine: Sehr moderne Kunst aus aller Welt<\/td><\/tr><tr><td><span class='rDLabel1'>Status: <\/span><span class='rDText1Gruen'>vorhanden<\/span><\/td><td><span class='rDLabel1'>Antolin: <\/span><span class='rDText1Rot'>Quiz nicht vorhanden.<\/span><\/td><\/tr><tr><td width=50%><img src='https:\/\/www.web-rr.de\/GHS-Buecherei\/wp-content\/uploads\/9783895652608.jpg' alt=''><\/td><td><p class='rDLabel2'>von <span class='rDText2'>Sebastian Cichocki<\/span><\/p><p class='rDLabel2'>Verlag: <span class='rDText2'>Moritz Verlag,  2013,  19.95 \u20ac<\/span><\/p><p class='rDLabel2'>B\u00fccherei-Barcode: <span class='rDText2'>9783895652608<\/span><\/p><p class='rDLabel2'>In der B\u00fccherei erfasst am: <span class='rDText2'>30.10.2018<\/span><\/p><p class='rDLabel2'>Stichw\u00f6rter: <span class='rDText2'>Klasse 4, Moderne Kunst, Beuys, Christo, Jeanne-Claude, Fischli &amp; Weiss, John Cage, Ai Weiwei<\/span><\/p><p class='rDLabel2'>Lesealter ca. <span class='rDText2'>-<\/span><span class='rDLabel2'> Jahre<\/span><\/p><p class='rDLabel2'>Das Buch wurde <span class='rDText2'>0<\/span><span class='rDLabel2'> mal gelesen.<\/span><\/p><\/td><\/tr><tr><td colspan='2'><p class='rDLabel1'>Inhalt:<\/p><span class='rDText2'>51 Arbeiten von K\u00fcnstlern aus der ganzen Welt: Marcel Duchamp bis Ai Weiwei liefern Beispiele aus allen Richtungen der modernen Kunst, an denen Kinder sich selbst mit der Frage auseinander setzen k\u00f6nnen, ob und warum etwas Kunst ist.Die verr\u00fccktesten Sachen k\u00f6nnen Kunst sein: ein zers\u00e4gtes Haus, ein blauer Klebestreifen, Gedichte auf Steinen, eine Filzdecke und ein Kojote, Schnee aus Papierschnipseln oder eingepackte Inseln. Das Buch zeigt einundf\u00fcnfzig Arbeiten der letzten 95 Jahre von K\u00fcnstlern aus der ganzen Welt, darunter Joseph Beuys, Christo und Jeanne-Claude, Fischli & Weiss, John Cage und Ai Weiwei. Hinter jeder einzelnen steckt eine besondere Idee, ein Experiment, eine verr\u00fcckte Geschichte, ein Abenteuer. Sie regen die Fantasie an und \u00f6ffnen uns die Augen f\u00fcr Dinge, die wir vorher nicht wahrgenommen haben.Die Beispiele aus allen Kunstrichtungen geben Kindern die M\u00f6glichkeit, sich mit moderner Kunst zu besch\u00e4ftigen. Es wird erkl\u00e4rt, wer der K\u00fcnstler ist, wie das Kunstwerk hei\u00dft, wann es entstanden ist und welche Idee dahinter steckt. Ein kleines Lexikon erkl\u00e4rt die wichtigsten Begriffe der modernen Kunst<\/span><\/td><\/tr><tr><td colspan='2'><a href='#' onclick='history.back(); return false'>Zur\u00fcck<\/a><\/td><\/tr><\/tbody><\/table>\n","protected":false},"excerpt":{"rendered":"","protected":false},"author":1,"featured_media":0,"parent":0,"menu_order":0,"comment_status":"closed","ping_status":"closed","template":"","meta":[],"_links":{"self":[{"href":"https:\/\/www.web-rr.de\/GHS-Buecherei\/index.php\/wp-json\/wp\/v2\/pages\/4638"}],"collection":[{"href":"https:\/\/www.web-rr.de\/GHS-Buecherei\/index.php\/wp-json\/wp\/v2\/pages"}],"about":[{"href":"https:\/\/www.web-rr.de\/GHS-Buecherei\/index.php\/wp-json\/wp\/v2\/types\/page"}],"author":[{"embeddable":true,"href":"https:\/\/www.web-rr.de\/GHS-Buecherei\/index.php\/wp-json\/wp\/v2\/users\/1"}],"replies":[{"embeddable":true,"href":"https:\/\/www.web-rr.de\/GHS-Buecherei\/index.php\/wp-json\/wp\/v2\/comments?post=4638"}],"version-history":[{"count":0,"href":"https:\/\/www.web-rr.de\/GHS-Buecherei\/index.php\/wp-json\/wp\/v2\/pages\/4638\/revisions"}],"wp:attachment":[{"href":"https:\/\/www.web-rr.de\/GHS-Buecherei\/index.php\/wp-json\/wp\/v2\/media?parent=4638"}],"curies":[{"name":"wp","href":"https:\/\/api.w.org\/{rel}","templated":true}]}}