{"id":4590,"date":"2021-02-23T20:00:00","date_gmt":"2021-02-23T20:00:00","guid":{"rendered":"https:\/\/www.web-rr.de\/GHS-Buecherei\/?page_id=4590"},"modified":"2021-02-22T23:59:59","modified_gmt":"2021-02-22T23:59:59","slug":"p9783794161157","status":"publish","type":"page","link":"https:\/\/www.web-rr.de\/GHS-Buecherei\/index.php\/p9783794161157\/","title":{"rendered":"Kl-Verschiedene 47"},"content":{"rendered":"<table><tbody><tr><td class='rDTitel' colspan='2'>Die Rote Zora<\/td><\/tr><tr><td><span class='rDLabel1'>Status: <\/span><span class='rDText1Gruen'>vorhanden<\/span><\/td><td><span class='rDLabel1'>Antolin: <\/span><span class='rDText1Rot'>Quiz nicht vorhanden.<\/span><\/td><\/tr><tr><td width=50%><img src='https:\/\/www.web-rr.de\/GHS-Buecherei\/wp-content\/uploads\/9783794161157.jpg' alt=''><\/td><td><p class='rDLabel2'>von <span class='rDText2'>Kurt Held<\/span><\/p><p class='rDLabel2'>Verlag: <span class='rDText2'>FISCHER Sauerl\u00e4nder,  2007,  9.00 \u20ac<\/span><\/p><p class='rDLabel2'>B\u00fccherei-Barcode: <span class='rDText2'>9783794161157<\/span><\/p><p class='rDLabel2'>In der B\u00fccherei erfasst am: <span class='rDText2'>30.10.2018<\/span><\/p><p class='rDLabel2'>Stichw\u00f6rter: <span class='rDText2'>Entbehrung, Verfolgung, Abenteuer<\/span><\/p><p class='rDLabel2'>Lesealter ca. <span class='rDText2'>-<\/span><span class='rDLabel2'> Jahre<\/span><\/p><p class='rDLabel2'>Das Buch wurde <span class='rDText2'>1<\/span><span class='rDLabel2'> mal gelesen.<\/span><\/p><\/td><\/tr><tr><td colspan='2'><p class='rDLabel1'>Inhalt:<\/p><span class='rDText2'>Eine Stadt am Adriatischen Meer ist Schauplatz dieses Romans, der zu den Klassikern der Jugendliteratur z\u00e4hlt. Branco, der Sohn eines fahrenden Geigers und einer Tabakarbeiterin, verliert seine Mutter. Er hat kein Zuhause mehr. Bald verd\u00e4chtigt man ihn des Diebstahls und sperrt ihn ein. Doch Zora, das M\u00e4dchen mit den roten Haaren, befreit ihn und er wird in die Bande junger Uskoken aufgenommen, die in der alten Burg hausen. Nicht Romantik, sondern Hunger und Not haben sie zusammengetrieben. Sie k\u00e4mpfen ums t\u00e4gliche Brot, gegen Entbehrung und Verfolgung. So ernst die Lage der Kinder oft ist, so herrlich sind die Einf\u00e4lle, mit denen sie ihren Widersachern begegnen, und umso selbstloser wird ihre Kameradschaft. M\u00f6gen die Erwachsenen sich von ihnen abwenden: Sie finden aneinander Halt und ein eigenes Ehrgef\u00fchl bewahrt sie vor Schlechtem. Ihre wilden Streiche bringen jedoch die B\u00fcrgerschaft gegen sie auf und es droht das Gef\u00e4ngnis ... Das Buch erschien erstmalig 1941 im Verlag Sauerl\u00e4nder und erz\u00e4hlt die Geschichte einer Gruppe von Waisenkindern, die sich unter ihrer Anf\u00fchrerin, der Roten Zora, im Kroatien der drei\u00dfiger Jahre durchschl\u00e4gt. Der Kinderbuchklassiker schildert die N\u00f6te obdachloser Kinder, wie sie noch heute akut sind.<\/span><\/td><\/tr><tr><td colspan='2'><a href='#' onclick='history.back(); return false'>Zur\u00fcck<\/a><\/td><\/tr><\/tbody><\/table>\n","protected":false},"excerpt":{"rendered":"","protected":false},"author":1,"featured_media":0,"parent":0,"menu_order":0,"comment_status":"closed","ping_status":"closed","template":"","meta":[],"_links":{"self":[{"href":"https:\/\/www.web-rr.de\/GHS-Buecherei\/index.php\/wp-json\/wp\/v2\/pages\/4590"}],"collection":[{"href":"https:\/\/www.web-rr.de\/GHS-Buecherei\/index.php\/wp-json\/wp\/v2\/pages"}],"about":[{"href":"https:\/\/www.web-rr.de\/GHS-Buecherei\/index.php\/wp-json\/wp\/v2\/types\/page"}],"author":[{"embeddable":true,"href":"https:\/\/www.web-rr.de\/GHS-Buecherei\/index.php\/wp-json\/wp\/v2\/users\/1"}],"replies":[{"embeddable":true,"href":"https:\/\/www.web-rr.de\/GHS-Buecherei\/index.php\/wp-json\/wp\/v2\/comments?post=4590"}],"version-history":[{"count":0,"href":"https:\/\/www.web-rr.de\/GHS-Buecherei\/index.php\/wp-json\/wp\/v2\/pages\/4590\/revisions"}],"wp:attachment":[{"href":"https:\/\/www.web-rr.de\/GHS-Buecherei\/index.php\/wp-json\/wp\/v2\/media?parent=4590"}],"curies":[{"name":"wp","href":"https:\/\/api.w.org\/{rel}","templated":true}]}}