{"id":4570,"date":"2021-02-23T20:00:00","date_gmt":"2021-02-23T20:00:00","guid":{"rendered":"https:\/\/www.web-rr.de\/GHS-Buecherei\/?page_id=4570"},"modified":"2021-02-22T23:59:59","modified_gmt":"2021-02-22T23:59:59","slug":"p9783981094312","status":"publish","type":"page","link":"https:\/\/www.web-rr.de\/GHS-Buecherei\/index.php\/p9783981094312\/","title":{"rendered":"Kl-Verschiedene 28"},"content":{"rendered":"<table><tbody><tr><td class='rDTitel' colspan='2'>Die Abenteuer des Gottfried Primero: Isabella und der Zauberer<\/td><\/tr><tr><td><span class='rDLabel1'>Status: <\/span><span class='rDText1Gruen'>vorhanden<\/span><\/td><td><span class='rDLabel1'>Antolin: <\/span><span class='rDText1Gruen'>ja, Empfehlung Klasse 4<\/span><\/td><\/tr><tr><td width=50%><img src='https:\/\/www.web-rr.de\/GHS-Buecherei\/wp-content\/uploads\/9783981094312.jpg' alt=''><\/td><td><p class='rDLabel2'>von <span class='rDText2'>Tina Lizius<\/span><\/p><p class='rDLabel2'>Verlag: <span class='rDText2'>Primero,  2006,  14.90 \u20ac<\/span><\/p><p class='rDLabel2'>B\u00fccherei-Barcode: <span class='rDText2'>9783981094312<\/span><\/p><p class='rDLabel2'>In der B\u00fccherei erfasst am: <span class='rDText2'>01.04.2014<\/span><\/p><p class='rDLabel2'>Stichw\u00f6rter: <span class='rDText2'>Humor, Zauberer, M\u00e4dchen<\/span><\/p><p class='rDLabel2'>Lesealter ca. <span class='rDText2'>8<\/span><span class='rDLabel2'> Jahre<\/span><\/p><p class='rDLabel2'>Das Buch wurde <span class='rDText2'>0<\/span><span class='rDLabel2'> mal gelesen.<\/span><\/p><\/td><\/tr><tr><td colspan='2'><p class='rDLabel1'>Inhalt:<\/p><span class='rDText2'>Isabella ist mit ihren zehn Jahren ein ganz und gar au\u00dfergew\u00f6hnliches M\u00e4dchen. Sie hat nicht nur die gr\u00f6\u00dften und rundesten blauen Augen, die man sich nur vorstellen kann, sondern auch eine wundersch\u00f6ne Stimme. Sie ist ein Kinderstar und tritt als S\u00e4ngerin in der Fernsehshow \u201eDer gro\u00dfe Zauberer\u201c auf. Doch pl\u00f6tzlich kann sie nicht mehr singen. Warum wei\u00df keiner so genau. Weder der gro\u00dfe Zauberer Rene\u00b4, noch Isabella oder ihre verzweifelte Mutter. Selbst ein Kinderpsychologe ist ratlos.Jetzt k\u00f6nnen nur noch Gottfried und Gustav weiterhelfen! Gottfried ist ein kleiner, dicker Stoffrabe, der viel zu faul zum Fliegen ist und deswegen einen extra starken Turbod\u00fcsenmotor hat. Gustav ist ein kleiner Stoffelch mit einer violetten Fliegerbrille und der kuscheligsten Samtschnauze der Welt. Damit Isabella wieder singen kann, m\u00fcssen die drei waghalsig fliegen, eine verzauberte Flamingodame retten und zuletzt auch noch hinter das Geheimnis des b\u00f6sen Zauberers Ren\u00e9 kommen.Am Ende lernt Isabella wieder zu lachen und zu singen, - und als allerwichtigstes - wie man einem Raben am besten die F\u00fc\u00dfe kitzelt und einem kleinen Elch die Biograsstulle schmiert. Hohoho!Humorvolle Unterhaltung f\u00fcr Kinder!<\/span><\/td><\/tr><tr><td colspan='2'><a href='#' onclick='history.back(); return false'>Zur\u00fcck<\/a><\/td><\/tr><\/tbody><\/table>\n","protected":false},"excerpt":{"rendered":"","protected":false},"author":1,"featured_media":0,"parent":0,"menu_order":0,"comment_status":"closed","ping_status":"closed","template":"","meta":[],"_links":{"self":[{"href":"https:\/\/www.web-rr.de\/GHS-Buecherei\/index.php\/wp-json\/wp\/v2\/pages\/4570"}],"collection":[{"href":"https:\/\/www.web-rr.de\/GHS-Buecherei\/index.php\/wp-json\/wp\/v2\/pages"}],"about":[{"href":"https:\/\/www.web-rr.de\/GHS-Buecherei\/index.php\/wp-json\/wp\/v2\/types\/page"}],"author":[{"embeddable":true,"href":"https:\/\/www.web-rr.de\/GHS-Buecherei\/index.php\/wp-json\/wp\/v2\/users\/1"}],"replies":[{"embeddable":true,"href":"https:\/\/www.web-rr.de\/GHS-Buecherei\/index.php\/wp-json\/wp\/v2\/comments?post=4570"}],"version-history":[{"count":0,"href":"https:\/\/www.web-rr.de\/GHS-Buecherei\/index.php\/wp-json\/wp\/v2\/pages\/4570\/revisions"}],"wp:attachment":[{"href":"https:\/\/www.web-rr.de\/GHS-Buecherei\/index.php\/wp-json\/wp\/v2\/media?parent=4570"}],"curies":[{"name":"wp","href":"https:\/\/api.w.org\/{rel}","templated":true}]}}