{"id":4565,"date":"2021-02-23T20:00:00","date_gmt":"2021-02-23T20:00:00","guid":{"rendered":"https:\/\/www.web-rr.de\/GHS-Buecherei\/?page_id=4565"},"modified":"2021-02-22T23:59:59","modified_gmt":"2021-02-22T23:59:59","slug":"p9783551355355","status":"publish","type":"page","link":"https:\/\/www.web-rr.de\/GHS-Buecherei\/index.php\/p9783551355355\/","title":{"rendered":"Kl-Verschiedene 24"},"content":{"rendered":"<table><tbody><tr><td class='rDTitel' colspan='2'>Der Leuchtturm auf den Hummerklippen<\/td><\/tr><tr><td><span class='rDLabel1'>Status: <\/span><span class='rDText1Gruen'>vorhanden<\/span><\/td><td><span class='rDLabel1'>Antolin: <\/span><span class='rDText1Gruen'>ja, Empfehlung Klasse 4<\/span><\/td><\/tr><tr><td width=50%><img src='https:\/\/www.web-rr.de\/GHS-Buecherei\/wp-content\/uploads\/9783551355355.jpg' alt=''><\/td><td><p class='rDLabel2'>von <span class='rDText2'>James Kr\u00fcss<\/span><\/p><p class='rDLabel2'>Verlag: <span class='rDText2'>Carlsen Verlag GmbH,  2006,  6.95 \u20ac<\/span><\/p><p class='rDLabel2'>B\u00fccherei-Barcode: <span class='rDText2'>9783551355355<\/span><\/p><p class='rDLabel2'>In der B\u00fccherei erfasst am: <span class='rDText2'>01.04.2013<\/span><\/p><p class='rDLabel2'>Stichw\u00f6rter: <span class='rDText2'>M\u00f6wen, Nordsee, Freunde, V\u00f6gel<\/span><\/p><p class='rDLabel2'>Lesealter ca. <span class='rDText2'>8<\/span><span class='rDLabel2'> Jahre<\/span><\/p><p class='rDLabel2'>Das Buch wurde <span class='rDText2'>1<\/span><span class='rDLabel2'> mal gelesen.<\/span><\/p><\/td><\/tr><tr><td colspan='2'><p class='rDLabel1'>Inhalt:<\/p><span class='rDText2'>Alle M\u00f6wen hei\u00dfen Emma. Das ist allgemein bekannt. Es gibt nur eine Ausnahme, n\u00e4mlich die M\u00f6we, die in dieser Geschichte vorkommt. Sie tr\u00e4gt einen anderen Namen. Sie hei\u00dft Alexandra. Diese M\u00f6we wohnt zusammen mit drei Freundinnen auf einer kleinen Sandbank in der Nordsee. Niemals kommt ein Mensch hierher und den V\u00f6geln ist es recht. Denn M\u00f6wen haben kein Verlangen nach Menschen. Aber Alexandra bildet auch hierin eine Ausnahme: Sie hat einen Menschen zum Freund, einen alten Mann, der W\u00e4chter auf einem Leuchtturm ist ...  Johann der Leuchtturmw\u00e4chter und seine Freundin, die M\u00f6we Alexandra, lieben es, Geschichten zu erz\u00e4hlen: lustige, traurige, wundersame und manchmal auch lehrreiche. Und das machen sie so gut, dass die dicke Wolke das Regnen l\u00e4sst und der \u00fcbellaunige Wassermann seinen gemeinen Plan vergisst. Und weil das so ist, schaffen es Tante Julie und der Poltergeist Hans im Netz doch noch, mit ihrem kleinen Ruderboot wohlbehalten auf den Hummerklippen zu landen<\/span><\/td><\/tr><tr><td colspan='2'><a href='#' onclick='history.back(); return false'>Zur\u00fcck<\/a><\/td><\/tr><\/tbody><\/table>\n","protected":false},"excerpt":{"rendered":"","protected":false},"author":1,"featured_media":0,"parent":0,"menu_order":0,"comment_status":"closed","ping_status":"closed","template":"","meta":[],"_links":{"self":[{"href":"https:\/\/www.web-rr.de\/GHS-Buecherei\/index.php\/wp-json\/wp\/v2\/pages\/4565"}],"collection":[{"href":"https:\/\/www.web-rr.de\/GHS-Buecherei\/index.php\/wp-json\/wp\/v2\/pages"}],"about":[{"href":"https:\/\/www.web-rr.de\/GHS-Buecherei\/index.php\/wp-json\/wp\/v2\/types\/page"}],"author":[{"embeddable":true,"href":"https:\/\/www.web-rr.de\/GHS-Buecherei\/index.php\/wp-json\/wp\/v2\/users\/1"}],"replies":[{"embeddable":true,"href":"https:\/\/www.web-rr.de\/GHS-Buecherei\/index.php\/wp-json\/wp\/v2\/comments?post=4565"}],"version-history":[{"count":0,"href":"https:\/\/www.web-rr.de\/GHS-Buecherei\/index.php\/wp-json\/wp\/v2\/pages\/4565\/revisions"}],"wp:attachment":[{"href":"https:\/\/www.web-rr.de\/GHS-Buecherei\/index.php\/wp-json\/wp\/v2\/media?parent=4565"}],"curies":[{"name":"wp","href":"https:\/\/api.w.org\/{rel}","templated":true}]}}