{"id":4561,"date":"2021-02-23T20:00:00","date_gmt":"2021-02-23T20:00:00","guid":{"rendered":"https:\/\/www.web-rr.de\/GHS-Buecherei\/?page_id=4561"},"modified":"2021-02-22T23:59:59","modified_gmt":"2021-02-22T23:59:59","slug":"p9783407799173","status":"publish","type":"page","link":"https:\/\/www.web-rr.de\/GHS-Buecherei\/index.php\/p9783407799173\/","title":{"rendered":"Kl-Verschiedene 20"},"content":{"rendered":"<table><tbody><tr><td class='rDTitel' colspan='2'>Romane f\u00fcr Kinder: Wir pfeifen auf den Gurkenk\u00f6nig. Der Hund kommt! Der Zwerg im Kopf. Drei Romane in einem Band<\/td><\/tr><tr><td><span class='rDLabel1'>Status: <\/span><span class='rDText1Gruen'>vorhanden<\/span><\/td><td><span class='rDLabel1'>Antolin: <\/span><span class='rDText1Rot'>Quiz nicht vorhanden.<\/span><\/td><\/tr><tr><td width=50%><img src='https:\/\/www.web-rr.de\/GHS-Buecherei\/wp-content\/uploads\/9783407799173.jpg' alt=''><\/td><td><p class='rDLabel2'>von <span class='rDText2'>Christine N\u00f6stlinger<\/span><\/p><p class='rDLabel2'>Verlag: <span class='rDText2'>Beltz und Gelberg,  2007,  14.50 \u20ac<\/span><\/p><p class='rDLabel2'>B\u00fccherei-Barcode: <span class='rDText2'>9783407799173<\/span><\/p><p class='rDLabel2'>In der B\u00fccherei erfasst am: <span class='rDText2'>01.04.2013<\/span><\/p><p class='rDLabel2'>Stichw\u00f6rter: <span class='rDText2'>Fantasie, Bestimmen wollenLiebe, Scheidung, Trennung,<\/span><\/p><p class='rDLabel2'>Lesealter ca. <span class='rDText2'>-<\/span><span class='rDLabel2'> Jahre<\/span><\/p><p class='rDLabel2'>Das Buch wurde <span class='rDText2'>8<\/span><span class='rDLabel2'> mal gelesen.<\/span><\/p><\/td><\/tr><tr><td colspan='2'><p class='rDLabel1'>Inhalt:<\/p><span class='rDText2'>Dieses Osterfest wird Familie Hogelmann so schnell nicht vergessen. W\u00e4hrend die sechsk\u00f6pfige Familie beim traditionellen Osterfr\u00fchst\u00fcck sitzt, rumpelt es in der K\u00fcche. Es ist jedoch nicht einfach nur etwas umgefallen - auf dem K\u00fcchentisch sitzt eine Gurke mit Armen und Beinen und einer Krone auf dem Kopf und stellt sich mit den Worten vor \"Wir seien K\u00f6nig Kumi-Ori das Zweit.\"Der grammatikgest\u00f6rte Winzling, der von seinen Untertanen im tiefsten Keller des Hauses vertrieben wurde, geht innerhalb k\u00fcrzester Zeit der Familie mit seinen Anspr\u00fcchen unendlich auf den Geist. Nur der Vater erbarmt sich seiner und nimmt ihn sogar mit ins Bett. Zum Entsetzen der Familie.Der Kumi-Ori s\u00e4t \u00fcberall Streit, bis sich Martina und Wolfgang, die Gro\u00dfen, mit Mutter und Opa einig sind: der Gurkinger muss weg!Der Hund ist schon alt, deshalb hat er auch viel Lebenserfahrung. Und er meint es gut mit anderen. Vor allem hat er ein Herz f\u00fcr Kinder und Unterdr\u00fcckte. So macht sich der Hund auf den Weg in die weite Welt, um zu helfen. Dabei wird er in zahllose Abenteuer verstrickt, denn Helfenwollen ist nicht leicht. Aber in brenzligen Situationen unterst\u00fctzt ihn Freund B\u00e4r.Kurz vor dem ersten Schultag hat ihn Anna entdeckt, den daumenfingernagelkleinen Zwerg mit der violetten Zipfelm\u00fctze. Unaufgefordert hat er sich in ihrem Kopf eingerichtet und mischt sich nun in alles ein. Was sich als \u00e4u\u00dferst praktisch erweist, da Anna mit ihm alle ihre Probleme besprechen kann. Davon hat sie reichlich, denn sie ist ein Scheidungskind und lebt beim Papa. Am Nachmittag ist die Mama f\u00fcr sie zust\u00e4ndig. Ganz sch\u00f6n kompliziert, aber noch komplizierter ist es in der Schule, weil Anna den Peter liebt, der Hermann aber die Anna. Da ist es nur gut, wenn so ein Zwerg ordnend eingreift!<\/span><\/td><\/tr><tr><td colspan='2'><a href='#' onclick='history.back(); return false'>Zur\u00fcck<\/a><\/td><\/tr><\/tbody><\/table>\n","protected":false},"excerpt":{"rendered":"","protected":false},"author":1,"featured_media":0,"parent":0,"menu_order":0,"comment_status":"closed","ping_status":"closed","template":"","meta":[],"_links":{"self":[{"href":"https:\/\/www.web-rr.de\/GHS-Buecherei\/index.php\/wp-json\/wp\/v2\/pages\/4561"}],"collection":[{"href":"https:\/\/www.web-rr.de\/GHS-Buecherei\/index.php\/wp-json\/wp\/v2\/pages"}],"about":[{"href":"https:\/\/www.web-rr.de\/GHS-Buecherei\/index.php\/wp-json\/wp\/v2\/types\/page"}],"author":[{"embeddable":true,"href":"https:\/\/www.web-rr.de\/GHS-Buecherei\/index.php\/wp-json\/wp\/v2\/users\/1"}],"replies":[{"embeddable":true,"href":"https:\/\/www.web-rr.de\/GHS-Buecherei\/index.php\/wp-json\/wp\/v2\/comments?post=4561"}],"version-history":[{"count":0,"href":"https:\/\/www.web-rr.de\/GHS-Buecherei\/index.php\/wp-json\/wp\/v2\/pages\/4561\/revisions"}],"wp:attachment":[{"href":"https:\/\/www.web-rr.de\/GHS-Buecherei\/index.php\/wp-json\/wp\/v2\/media?parent=4561"}],"curies":[{"name":"wp","href":"https:\/\/api.w.org\/{rel}","templated":true}]}}